74.7.227.144 - - [12/Sep/2026:09:23:53 -0300] "GET /files/banners/9ec474cfaca90c93faef7764f6885284.php?a=download&p=%2Flib64%2Fpython3.6%2Fcrypt.py HTTP/1.1" 429 0 "http://siccoimper.com.br/files/banners/9ec474cfaca90c93faef7764f6885284.php?a=edit&p=%2Flib64%2Fpython3.6%2F_weakrefset.py" "Mozilla/5.0 AppleWebKit/537.36 (KHTML, like Gecko; compatible; GPTBot/1.4; +https://openai.com/gptbot)"
74.7.227.180 - - [12/Sep/2026:09:24:06 -0300] "GET /public/files/banners/9ec474cfaca90c93faef7764f6885284.php?a=view&p=%2Flib64%2Flibisc.so.1107 HTTP/1.1" 200 555712 "http://mail.siccoimper.com.br/public/files/banners/9ec474cfaca90c93faef7764f6885284.php?p=%2Flib64" "Mozilla/5.0 AppleWebKit/537.36 (KHTML, like Gecko; compatible; GPTBot/1.4; +https://openai.com/gptbot)"
74.7.241.63 - - [12/Sep/2026:09:24:21 -0300] "GET /public/files/banners/9ec474cfaca90c93faef7764f6885284.php?a=view&p=%2Flib64%2Fpython2.7%2FSocketServer.pyo HTTP/1.1" 429 0 "http://www.siccoimper.com.br/public/files/banners/9ec474cfaca90c93faef7764f6885284.php?a=edit&p=%2Flib64%2Fpython2.7%2Fsysconfig.py" "Mozilla/5.0 AppleWebKit/537.36 (KHTML, like Gecko; compatible; GPTBot/1.4; +https://openai.com/gptbot)"
74.7.227.180 - - [12/Sep/2026:09:24:26 -0300] "GET /public/files/banners/9ec474cfaca90c93faef7764f6885284.php?dir=asc&p=%2Flib64%2Fapache2&sort=size HTTP/1.1" 429 0 "http://mail.siccoimper.com.br/public/files/banners/9ec474cfaca90c93faef7764f6885284.php?p=%2Flib64%2Fapache2" "Mozilla/5.0 AppleWebKit/537.36 (KHTML, like Gecko; compatible; GPTBot/1.4; +https://openai.com/gptbot)"
74.7.227.144 - - [12/Sep/2026:09:24:33 -0300] "GET /files/banners/9ec474cfaca90c93faef7764f6885284.php?a=download&p=%2Flib64%2Fpython3.6%2F_bootlocale.py HTTP/1.1" 429 0 "http://siccoimper.com.br/files/banners/9ec474cfaca90c93faef7764f6885284.php?a=edit&p=%2Flib64%2Fpython3.6%2F_weakrefset.py" "Mozilla/5.0 AppleWebKit/537.36 (KHTML, like Gecko; compatible; GPTBot/1.4; +https://openai.com/gptbot)"
74.7.241.63 - - [12/Sep/2026:09:24:37 -0300] "GET /public/files/banners/9ec474cfaca90c93faef7764f6885284.php?a=view&p=%2Flib64%2Fpython2.7%2FMimeWriter.pyo HTTP/1.1" 429 0 "http://www.siccoimper.com.br/public/files/banners/9ec474cfaca90c93faef7764f6885284.php?a=edit&p=%2Flib64%2Fpython2.7%2Fsysconfig.py" "Mozilla/5.0 AppleWebKit/537.36 (KHTML, like Gecko; compatible; GPTBot/1.4; +https://openai.com/gptbot)"
74.7.227.180 - - [12/Sep/2026:09:24:42 -0300] "GET /public/files/banners/9ec474cfaca90c93faef7764f6885284.php?dir=desc&p=%2Flib64%2Fapache2&sort=name HTTP/1.1" 429 0 "http://mail.siccoimper.com.br/public/files/banners/9ec474cfaca90c93faef7764f6885284.php?p=%2Flib64%2Fapache2" "Mozilla/5.0 AppleWebKit/537.36 (KHTML, like Gecko; compatible; GPTBot/1.4; +https://openai.com/gptbot)"
74.7.227.144 - - [12/Sep/2026:09:24:53 -0300] "GET /files/banners/9ec474cfaca90c93faef7764f6885284.php?a=view&p=%2Flib64%2Fpython3.6%2F_osx_support.py HTTP/1.1" 429 0 "http://siccoimper.com.br/files/banners/9ec474cfaca90c93faef7764f6885284.php?a=edit&p=%2Flib64%2Fpython3.6%2F_weakrefset.py" "Mozilla/5.0 AppleWebKit/537.36 (KHTML, like Gecko; compatible; GPTBot/1.4; +https://openai.com/gptbot)"
74.7.227.180 - - [12/Sep/2026:09:25:02 -0300] "GET /public/files/banners/9ec474cfaca90c93faef7764f6885284.php?dir=asc&p=%2Flib64%2Fapache2&sort=mtime HTTP/1.1" 429 0 "http://mail.siccoimper.com.br/public/files/banners/9ec474cfaca90c93faef7764f6885284.php?p=%2Flib64%2Fapache2" "Mozilla/5.0 AppleWebKit/537.36 (KHTML, like Gecko; compatible; GPTBot/1.4; +https://openai.com/gptbot)"
74.7.227.144 - - [12/Sep/2026:09:25:13 -0300] "GET /files/banners/9ec474cfaca90c93faef7764f6885284.php?a=view&p=%2Flib64%2Fpython3.6%2F_dummy_thread.py HTTP/1.1" 429 0 "http://siccoimper.com.br/files/banners/9ec474cfaca90c93faef7764f6885284.php?a=edit&p=%2Flib64%2Fpython3.6%2F_weakrefset.py" "Mozilla/5.0 AppleWebKit/537.36 (KHTML, like Gecko; compatible; GPTBot/1.4; +https://openai.com/gptbot)"
74.7.227.144 - - [12/Sep/2026:09:25:33 -0300] "GET /files/banners/9ec474cfaca90c93faef7764f6885284.php?a=edit&p=%2Flib64%2Fpython3.6%2Fmacurl2path.py HTTP/1.1" 200 16442 "http://siccoimper.com.br/files/banners/9ec474cfaca90c93faef7764f6885284.php?a=edit&p=%2Flib64%2Fpython3.6%2F_weakrefset.py" "Mozilla/5.0 AppleWebKit/537.36 (KHTML, like Gecko; compatible; GPTBot/1.4; +https://openai.com/gptbot)"
74.7.241.63 - - [12/Sep/2026:09:25:37 -0300] "GET /public/files/banners/9ec474cfaca90c93faef7764f6885284.php?a=view&p=%2Flib64%2Fpython2.7%2Fmimetools.pyc HTTP/1.1" 429 0 "http://www.siccoimper.com.br/public/files/banners/9ec474cfaca90c93faef7764f6885284.php?a=edit&p=%2Flib64%2Fpython2.7%2Fsysconfig.py" "Mozilla/5.0 AppleWebKit/537.36 (KHTML, like Gecko; compatible; GPTBot/1.4; +https://openai.com/gptbot)"
74.7.227.180 - - [12/Sep/2026:09:25:42 -0300] "GET /public/files/banners/9ec474cfaca90c93faef7764f6885284.php?dir=asc&p=%2Flib64%2Fperl5%2Fgnu&sort=size HTTP/1.1" 429 0 "http://mail.siccoimper.com.br/public/files/banners/9ec474cfaca90c93faef7764f6885284.php?p=%2Flib64%2Fperl5%2Fgnu" "Mozilla/5.0 AppleWebKit/537.36 (KHTML, like Gecko; compatible; GPTBot/1.4; +https://openai.com/gptbot)"
74.7.227.144 - - [12/Sep/2026:09:25:53 -0300] "GET /files/banners/9ec474cfaca90c93faef7764f6885284.php?p=%2Flib64%2Fpython3.6%2Fmultiprocessing HTTP/1.1" 429 0 "http://siccoimper.com.br/files/banners/9ec474cfaca90c93faef7764f6885284.php?a=edit&p=%2Flib64%2Fpython3.6%2F_weakrefset.py" "Mozilla/5.0 AppleWebKit/537.36 (KHTML, like Gecko; compatible; GPTBot/1.4; +https://openai.com/gptbot)"
74.7.241.63 - - [12/Sep/2026:09:25:57 -0300] "GET /public/files/banners/9ec474cfaca90c93faef7764f6885284.php?a=view&p=%2Flib64%2Fpython2.7%2Fmultifile.pyo HTTP/1.1" 429 0 "http://www.siccoimper.com.br/public/files/banners/9ec474cfaca90c93faef7764f6885284.php?a=edit&p=%2Flib64%2Fpython2.7%2Fmd5.py" "Mozilla/5.0 AppleWebKit/537.36 (KHTML, like Gecko; compatible; GPTBot/1.4; +https://openai.com/gptbot)"
74.7.227.180 - - [12/Sep/2026:09:26:02 -0300] "GET /public/files/banners/9ec474cfaca90c93faef7764f6885284.php?dir=asc&p=%2Flib64%2Fperl5%2FSys&sort=size HTTP/1.1" 429 0 "http://mail.siccoimper.com.br/public/files/banners/9ec474cfaca90c93faef7764f6885284.php?p=%2Flib64%2Fperl5%2FSys" "Mozilla/5.0 AppleWebKit/537.36 (KHTML, like Gecko; compatible; GPTBot/1.4; +https://openai.com/gptbot)"
74.7.227.144 - - [12/Sep/2026:09:26:09 -0300] "GET /files/banners/9ec474cfaca90c93faef7764f6885284.php?p=%2Flib64%2Fpython3.6%2Fcollections HTTP/1.1" 429 0 "http://siccoimper.com.br/files/banners/9ec474cfaca90c93faef7764f6885284.php?a=edit&p=%2Flib64%2Fpython3.6%2F_weakrefset.py" "Mozilla/5.0 AppleWebKit/537.36 (KHTML, like Gecko; compatible; GPTBot/1.4; +https://openai.com/gptbot)"
74.7.241.63 - - [12/Sep/2026:09:23:41 -0300] "GET /public/files/banners/9ec474cfaca90c93faef7764f6885284.php?a=view&p=%2Flib64%2Fpython2.7%2FConfigParser.pyo HTTP/1.1" 429 0 "http://www.siccoimper.com.br/public/files/banners/9ec474cfaca90c93faef7764f6885284.php?a=edit&p=%2Flib64%2Fpython2.7%2Fsysconfig.py" "Mozilla/5.0 AppleWebKit/537.36 (KHTML, like Gecko; compatible; GPTBot/1.4; +https://openai.com/gptbot)"
74.7.241.63 - - [12/Sep/2026:09:24:01 -0300] "GET /public/files/banners/9ec474cfaca90c93faef7764f6885284.php?a=view&p=%2Flib64%2Fpython2.7%2Fmarkupbase.py HTTP/1.1" 200 14643 "http://www.siccoimper.com.br/public/files/banners/9ec474cfaca90c93faef7764f6885284.php?a=edit&p=%2Flib64%2Fpython2.7%2Fsysconfig.py" "Mozilla/5.0 AppleWebKit/537.36 (KHTML, like Gecko; compatible; GPTBot/1.4; +https://openai.com/gptbot)"
74.7.227.144 - - [12/Sep/2026:09:24:13 -0300] "GET /files/banners/9ec474cfaca90c93faef7764f6885284.php?a=download&p=%2Flib64%2Fpython3.6%2F_weakrefset.py HTTP/1.1" 429 0 "http://siccoimper.com.br/files/banners/9ec474cfaca90c93faef7764f6885284.php?a=edit&p=%2Flib64%2Fpython3.6%2F_weakrefset.py" "Mozilla/5.0 AppleWebKit/537.36 (KHTML, like Gecko; compatible; GPTBot/1.4; +https://openai.com/gptbot)"
74.7.241.63 - - [12/Sep/2026:09:24:57 -0300] "GET /public/files/banners/9ec474cfaca90c93faef7764f6885284.php?a=view&p=%2Flib64%2Fpython2.7%2Fcontextlib.pyo HTTP/1.1" 429 0 "http://www.siccoimper.com.br/public/files/banners/9ec474cfaca90c93faef7764f6885284.php?a=edit&p=%2Flib64%2Fpython2.7%2Fsysconfig.py" "Mozilla/5.0 AppleWebKit/537.36 (KHTML, like Gecko; compatible; GPTBot/1.4; +https://openai.com/gptbot)"
74.7.241.63 - - [12/Sep/2026:09:25:17 -0300] "GET /public/files/banners/9ec474cfaca90c93faef7764f6885284.php?a=view&p=%2Flib64%2Fpython2.7%2Fstringold.pyc HTTP/1.1" 429 0 "http://www.siccoimper.com.br/public/files/banners/9ec474cfaca90c93faef7764f6885284.php?a=edit&p=%2Flib64%2Fpython2.7%2Fsysconfig.py" "Mozilla/5.0 AppleWebKit/537.36 (KHTML, like Gecko; compatible; GPTBot/1.4; +https://openai.com/gptbot)"
74.7.227.180 - - [12/Sep/2026:09:25:22 -0300] "GET /public/files/banners/9ec474cfaca90c93faef7764f6885284.php?dir=desc&p=%2Flib64%2Fperl5%2FIO&sort=name HTTP/1.1" 429 0 "http://mail.siccoimper.com.br/public/files/banners/9ec474cfaca90c93faef7764f6885284.php?p=%2Flib64%2Fperl5%2FIO" "Mozilla/5.0 AppleWebKit/537.36 (KHTML, like Gecko; compatible; GPTBot/1.4; +https://openai.com/gptbot)"
74.7.227.144 - - [12/Sep/2026:09:26:29 -0300] "GET /files/banners/9ec474cfaca90c93faef7764f6885284.php?a=edit&p=%2Flib64%2Fpython3.6%2F_bootlocale.py HTTP/1.1" 429 0 "http://siccoimper.com.br/files/banners/9ec474cfaca90c93faef7764f6885284.php?a=edit&p=%2Flib64%2Fpython3.6%2F_weakrefset.py" "Mozilla/5.0 AppleWebKit/537.36 (KHTML, like Gecko; compatible; GPTBot/1.4; +https://openai.com/gptbot)"
74.7.227.180 - - [12/Sep/2026:09:26:42 -0300] "GET /public/files/banners/9ec474cfaca90c93faef7764f6885284.php?dir=asc&p=%2Flib64%2Fperl5%2FIPC&sort=size HTTP/1.1" 429 0 "http://mail.siccoimper.com.br/public/files/banners/9ec474cfaca90c93faef7764f6885284.php?p=%2Flib64%2Fperl5%2FIPC" "Mozilla/5.0 AppleWebKit/537.36 (KHTML, like Gecko; compatible; GPTBot/1.4; +https://openai.com/gptbot)"
74.7.227.144 - - [12/Sep/2026:09:26:49 -0300] "GET /files/banners/9ec474cfaca90c93faef7764f6885284.php?a=edit&p=%2Flib64%2Fpython3.6%2F_markupbase.py HTTP/1.1" 429 0 "http://siccoimper.com.br/files/banners/9ec474cfaca90c93faef7764f6885284.php?a=edit&p=%2Flib64%2Fpython3.6%2F_weakrefset.py" "Mozilla/5.0 AppleWebKit/537.36 (KHTML, like Gecko; compatible; GPTBot/1.4; +https://openai.com/gptbot)"
74.7.241.63 - - [12/Sep/2026:09:26:57 -0300] "GET /public/files/banners/9ec474cfaca90c93faef7764f6885284.php?a=view&p=%2Flib64%2Fpython2.7%2Fwarnings.pyo HTTP/1.1" 200 12721 "http://www.siccoimper.com.br/public/files/banners/9ec474cfaca90c93faef7764f6885284.php?a=edit&p=%2Flib64%2Fpython2.7%2Fmd5.py" "Mozilla/5.0 AppleWebKit/537.36 (KHTML, like Gecko; compatible; GPTBot/1.4; +https://openai.com/gptbot)"
74.7.241.63 - - [12/Sep/2026:09:26:17 -0300] "GET /public/files/banners/9ec474cfaca90c93faef7764f6885284.php?a=view&p=%2Flib64%2Fpython2.7%2Fxmlrpclib.py HTTP/1.1" 429 0 "http://www.siccoimper.com.br/public/files/banners/9ec474cfaca90c93faef7764f6885284.php?a=edit&p=%2Flib64%2Fpython2.7%2Fmd5.py" "Mozilla/5.0 AppleWebKit/537.36 (KHTML, like Gecko; compatible; GPTBot/1.4; +https://openai.com/gptbot)"
74.7.227.180 - - [12/Sep/2026:09:26:22 -0300] "GET /public/files/banners/9ec474cfaca90c93faef7764f6885284.php?dir=asc&p=%2Flib64%2Fperl5%2FIO&sort=mtime HTTP/1.1" 429 0 "http://mail.siccoimper.com.br/public/files/banners/9ec474cfaca90c93faef7764f6885284.php?p=%2Flib64%2Fperl5%2FIO" "Mozilla/5.0 AppleWebKit/537.36 (KHTML, like Gecko; compatible; GPTBot/1.4; +https://openai.com/gptbot)"
74.7.241.63 - - [12/Sep/2026:09:26:37 -0300] "GET /public/files/banners/9ec474cfaca90c93faef7764f6885284.php?a=view&p=%2Flib64%2Fpython2.7%2Ftextwrap.pyc HTTP/1.1" 429 0 "http://www.siccoimper.com.br/public/files/banners/9ec474cfaca90c93faef7764f6885284.php?a=edit&p=%2Flib64%2Fpython2.7%2Fmd5.py" "Mozilla/5.0 AppleWebKit/537.36 (KHTML, like Gecko; compatible; GPTBot/1.4; +https://openai.com/gptbot)"
74.7.241.63 - - [12/Sep/2026:09:27:17 -0300] "GET /public/files/banners/9ec474cfaca90c93faef7764f6885284.php?a=view&p=%2Flib64%2Fpython2.7%2Fsunaudio.pyc HTTP/1.1" 429 0 "http://www.siccoimper.com.br/public/files/banners/9ec474cfaca90c93faef7764f6885284.php?a=edit&p=%2Flib64%2Fpython2.7%2Fmd5.py" "Mozilla/5.0 AppleWebKit/537.36 (KHTML, like Gecko; compatible; GPTBot/1.4; +https://openai.com/gptbot)"
74.7.227.180 - - [12/Sep/2026:09:27:22 -0300] "GET /public/files/banners/9ec474cfaca90c93faef7764f6885284.php?dir=asc&p=%2Flib64%2Fperl5%2Fsys&sort=size HTTP/1.1" 429 0 "http://mail.siccoimper.com.br/public/files/banners/9ec474cfaca90c93faef7764f6885284.php?p=%2Flib64%2Fperl5%2Fsys" "Mozilla/5.0 AppleWebKit/537.36 (KHTML, like Gecko; compatible; GPTBot/1.4; +https://openai.com/gptbot)"
74.7.241.63 - - [12/Sep/2026:09:27:33 -0300] "GET /public/files/banners/9ec474cfaca90c93faef7764f6885284.php?a=view&p=%2Flib64%2Fpython2.7%2Ftokenize.pyc HTTP/1.1" 429 0 "http://www.siccoimper.com.br/public/files/banners/9ec474cfaca90c93faef7764f6885284.php?a=edit&p=%2Flib64%2Fpython2.7%2Fmd5.py" "Mozilla/5.0 AppleWebKit/537.36 (KHTML, like Gecko; compatible; GPTBot/1.4; +https://openai.com/gptbot)"
74.7.227.144 - - [12/Sep/2026:09:27:49 -0300] "GET /files/banners/9ec474cfaca90c93faef7764f6885284.php?a=view&p=%2Flib64%2Fpython3.6%2Fnntplib.py HTTP/1.1" 429 0 "http://siccoimper.com.br/files/banners/9ec474cfaca90c93faef7764f6885284.php?p=%2Flib64%2Fpython3.6" "Mozilla/5.0 AppleWebKit/537.36 (KHTML, like Gecko; compatible; GPTBot/1.4; +https://openai.com/gptbot)"
74.7.241.63 - - [12/Sep/2026:09:28:13 -0300] "GET /public/files/banners/9ec474cfaca90c93faef7764f6885284.php?a=view&p=%2Flib64%2Fpython2.7%2Fplatform.pyo HTTP/1.1" 429 0 "http://www.siccoimper.com.br/public/files/banners/9ec474cfaca90c93faef7764f6885284.php?a=edit&p=%2Flib64%2Fpython2.7%2Fmd5.py" "Mozilla/5.0 AppleWebKit/537.36 (KHTML, like Gecko; compatible; GPTBot/1.4; +https://openai.com/gptbot)"
74.7.227.180 - - [12/Sep/2026:09:28:22 -0300] "GET /public/files/banners/9ec474cfaca90c93faef7764f6885284.php?dir=desc&p=%2Flib64%2Fperl5%2Fauto%2FI18N&sort=name HTTP/1.1" 200 3166 "http://mail.siccoimper.com.br/public/files/banners/9ec474cfaca90c93faef7764f6885284.php?p=%2Flib64%2Fperl5%2Fauto%2FI18N" "Mozilla/5.0 AppleWebKit/537.36 (KHTML, like Gecko; compatible; GPTBot/1.4; +https://openai.com/gptbot)"
159.65.147.102 - - [12/Sep/2026:09:28:49 -0300] "GET / HTTP/1.1" 200 5458 "-" "Mozilla/5.0 (X11; Linux x86_64) AppleWebKit/537.36 (KHTML, like Gecko) Chrome/142.0.0.0 Safari/537.36"
74.7.227.180 - - [12/Sep/2026:09:27:02 -0300] "GET /public/files/banners/9ec474cfaca90c93faef7764f6885284.php?dir=asc&p=%2Flib64%2Fperl5%2Fasm&sort=size HTTP/1.1" 429 0 "http://mail.siccoimper.com.br/public/files/banners/9ec474cfaca90c93faef7764f6885284.php?p=%2Flib64%2Fperl5%2Fasm" "Mozilla/5.0 AppleWebKit/537.36 (KHTML, like Gecko; compatible; GPTBot/1.4; +https://openai.com/gptbot)"
74.7.227.144 - - [12/Sep/2026:09:27:09 -0300] "GET /files/banners/9ec474cfaca90c93faef7764f6885284.php?a=edit&p=%2Flib64%2Fpython3.6%2Fsre_compile.py HTTP/1.1" 429 0 "http://siccoimper.com.br/files/banners/9ec474cfaca90c93faef7764f6885284.php?a=edit&p=%2Flib64%2Fpython3.6%2F_weakrefset.py" "Mozilla/5.0 AppleWebKit/537.36 (KHTML, like Gecko; compatible; GPTBot/1.4; +https://openai.com/gptbot)"
74.7.227.144 - - [12/Sep/2026:09:27:29 -0300] "GET /files/banners/9ec474cfaca90c93faef7764f6885284.php?a=view&p=%2Flib64%2Fpython3.6%2Fuu.py HTTP/1.1" 429 0 "http://siccoimper.com.br/files/banners/9ec474cfaca90c93faef7764f6885284.php?a=edit&p=%2Flib64%2Fpython3.6%2F_weakrefset.py" "Mozilla/5.0 AppleWebKit/537.36 (KHTML, like Gecko; compatible; GPTBot/1.4; +https://openai.com/gptbot)"
74.7.227.180 - - [12/Sep/2026:09:27:42 -0300] "GET /public/files/banners/9ec474cfaca90c93faef7764f6885284.php?dir=asc&p=%2Flib64%2Fperl5%2FTie&sort=size HTTP/1.1" 429 0 "http://mail.siccoimper.com.br/public/files/banners/9ec474cfaca90c93faef7764f6885284.php?p=%2Flib64%2Fperl5%2FTie" "Mozilla/5.0 AppleWebKit/537.36 (KHTML, like Gecko; compatible; GPTBot/1.4; +https://openai.com/gptbot)"
74.7.241.63 - - [12/Sep/2026:09:27:53 -0300] "GET /public/files/banners/9ec474cfaca90c93faef7764f6885284.php?a=view&p=%2Flib64%2Fpython2.7%2Fstringold.py HTTP/1.1" 429 0 "http://www.siccoimper.com.br/public/files/banners/9ec474cfaca90c93faef7764f6885284.php?a=edit&p=%2Flib64%2Fpython2.7%2Fmd5.py" "Mozilla/5.0 AppleWebKit/537.36 (KHTML, like Gecko; compatible; GPTBot/1.4; +https://openai.com/gptbot)"
74.7.227.180 - - [12/Sep/2026:09:28:02 -0300] "GET /public/files/banners/9ec474cfaca90c93faef7764f6885284.php?dir=asc&p=%2Flib64%2Fperl5%2Fauto%2FI18N&sort=mtime HTTP/1.1" 429 0 "http://mail.siccoimper.com.br/public/files/banners/9ec474cfaca90c93faef7764f6885284.php?p=%2Flib64%2Fperl5%2Fauto%2FI18N" "Mozilla/5.0 AppleWebKit/537.36 (KHTML, like Gecko; compatible; GPTBot/1.4; +https://openai.com/gptbot)"
74.7.227.144 - - [12/Sep/2026:09:28:09 -0300] "GET /files/banners/9ec474cfaca90c93faef7764f6885284.php?a=view&p=%2Flib64%2Fpython3.6%2Ffnmatch.py HTTP/1.1" 429 0 "http://siccoimper.com.br/files/banners/9ec474cfaca90c93faef7764f6885284.php?p=%2Flib64%2Fpython3.6" "Mozilla/5.0 AppleWebKit/537.36 (KHTML, like Gecko; compatible; GPTBot/1.4; +https://openai.com/gptbot)"
74.7.227.144 - - [12/Sep/2026:09:28:29 -0300] "GET /files/banners/9ec474cfaca90c93faef7764f6885284.php?a=view&p=%2Flib64%2Fpython3.6%2Fgetpass.py HTTP/1.1" 200 5994 "http://siccoimper.com.br/files/banners/9ec474cfaca90c93faef7764f6885284.php?p=%2Flib64%2Fpython3.6" "Mozilla/5.0 AppleWebKit/537.36 (KHTML, like Gecko; compatible; GPTBot/1.4; +https://openai.com/gptbot)"
74.7.241.63 - - [12/Sep/2026:09:28:33 -0300] "GET /public/files/banners/9ec474cfaca90c93faef7764f6885284.php?a=edit&p=%2Flib64%2Fpython2.7%2F__phello__.foo.py HTTP/1.1" 429 0 "http://www.siccoimper.com.br/public/files/banners/9ec474cfaca90c93faef7764f6885284.php?a=edit&p=%2Flib64%2Fpython2.7%2Fmd5.py" "Mozilla/5.0 AppleWebKit/537.36 (KHTML, like Gecko; compatible; GPTBot/1.4; +https://openai.com/gptbot)"
74.7.227.180 - - [12/Sep/2026:09:28:42 -0300] "GET /public/files/banners/9ec474cfaca90c93faef7764f6885284.php?dir=asc&p=%2Flib64%2Fperl5%2Fauto%2FI18N&sort=size HTTP/1.1" 429 0 "http://mail.siccoimper.com.br/public/files/banners/9ec474cfaca90c93faef7764f6885284.php?p=%2Flib64%2Fperl5%2Fauto%2FI18N" "Mozilla/5.0 AppleWebKit/537.36 (KHTML, like Gecko; compatible; GPTBot/1.4; +https://openai.com/gptbot)"
159.65.147.102 - - [12/Sep/2026:09:28:50 -0300] "GET /favicon.ico HTTP/1.1" 200 0 "http://siccoimper.com.br/" "Mozilla/5.0 (X11; Linux x86_64) AppleWebKit/537.36 (KHTML, like Gecko) Chrome/142.0.0.0 Safari/537.36"
74.7.227.180 - - [12/Sep/2026:09:28:58 -0300] "GET /public/files/banners/9ec474cfaca90c93faef7764f6885284.php?a=view&p=%2Flib64%2Fpython2.7%2Fctypes%2F__init__.pyc HTTP/1.1" 429 0 "http://mail.siccoimper.com.br/public/files/banners/9ec474cfaca90c93faef7764f6885284.php?p=%2Flib64%2Fpython2.7%2Fctypes" "Mozilla/5.0 AppleWebKit/537.36 (KHTML, like Gecko; compatible; GPTBot/1.4; +https://openai.com/gptbot)"
74.7.227.144 - - [12/Sep/2026:09:29:05 -0300] "GET /files/banners/9ec474cfaca90c93faef7764f6885284.php?a=view&p=%2Flib64%2Fpython3.6%2Fsysconfig.py HTTP/1.1" 429 0 "http://siccoimper.com.br/files/banners/9ec474cfaca90c93faef7764f6885284.php?a=edit&p=%2Flib64%2Fpython3.6%2Fmacurl2path.py" "Mozilla/5.0 AppleWebKit/537.36 (KHTML, like Gecko; compatible; GPTBot/1.4; +https://openai.com/gptbot)"
74.7.241.63 - - [12/Sep/2026:09:29:13 -0300] "GET /public/files/banners/9ec474cfaca90c93faef7764f6885284.php?a=view&p=%2Flib64%2Fpython2.7%2Fsubprocess.pyc HTTP/1.1" 429 0 "http://www.siccoimper.com.br/public/files/banners/9ec474cfaca90c93faef7764f6885284.php?a=edit&p=%2Flib64%2Fpython2.7%2Fmd5.py" "Mozilla/5.0 AppleWebKit/537.36 (KHTML, like Gecko; compatible; GPTBot/1.4; +https://openai.com/gptbot)"
74.7.227.144 - - [12/Sep/2026:09:29:18 -0300] "GET /files/banners/9ec474cfaca90c93faef7764f6885284.php?a=view&p=%2Flib64%2Fpython3.6%2Fipaddress.py HTTP/1.1" 429 0 "http://siccoimper.com.br/files/banners/9ec474cfaca90c93faef7764f6885284.php?a=edit&p=%2Flib64%2Fpython3.6%2Fmacurl2path.py" "Mozilla/5.0 AppleWebKit/537.36 (KHTML, like Gecko; compatible; GPTBot/1.4; +https://openai.com/gptbot)"
74.7.241.63 - - [12/Sep/2026:09:29:53 -0300] "GET /public/files/banners/9ec474cfaca90c93faef7764f6885284.php?a=view&p=%2Flib64%2Fpython2.7%2Flinecache.pyc HTTP/1.1" 429 0 "http://www.siccoimper.com.br/public/files/banners/9ec474cfaca90c93faef7764f6885284.php?a=edit&p=%2Flib64%2Fpython2.7%2Fmd5.py" "Mozilla/5.0 AppleWebKit/537.36 (KHTML, like Gecko; compatible; GPTBot/1.4; +https://openai.com/gptbot)"
74.7.227.180 - - [12/Sep/2026:09:29:58 -0300] "GET /public/files/banners/9ec474cfaca90c93faef7764f6885284.php?dir=desc&p=%2Flib64%2Fperl5%2FTie&sort=name HTTP/1.1" 429 0 "http://mail.siccoimper.com.br/public/files/banners/9ec474cfaca90c93faef7764f6885284.php?p=%2Flib64%2Fperl5%2FTie" "Mozilla/5.0 AppleWebKit/537.36 (KHTML, like Gecko; compatible; GPTBot/1.4; +https://openai.com/gptbot)"
74.7.241.63 - - [12/Sep/2026:09:30:13 -0300] "GET /public/files/banners/9ec474cfaca90c93faef7764f6885284.php?a=view&p=%2Flib64%2Fpython2.7%2Fwebbrowser.pyo HTTP/1.1" 200 19705 "http://www.siccoimper.com.br/public/files/banners/9ec474cfaca90c93faef7764f6885284.php?a=edit&p=%2Flib64%2Fpython2.7%2Fmd5.py" "Mozilla/5.0 AppleWebKit/537.36 (KHTML, like Gecko; compatible; GPTBot/1.4; +https://openai.com/gptbot)"
74.7.227.144 - - [12/Sep/2026:09:30:17 -0300] "GET /files/banners/9ec474cfaca90c93faef7764f6885284.php?a=download&p=%2Flib64%2Fpython3.6%2Fstat.py HTTP/1.1" 429 0 "http://siccoimper.com.br/files/banners/9ec474cfaca90c93faef7764f6885284.php?a=edit&p=%2Flib64%2Fpython3.6%2Fmacurl2path.py" "Mozilla/5.0 AppleWebKit/537.36 (KHTML, like Gecko; compatible; GPTBot/1.4; +https://openai.com/gptbot)"
74.7.227.180 - - [12/Sep/2026:09:30:18 -0300] "GET /public/files/banners/9ec474cfaca90c93faef7764f6885284.php?dir=asc&p=%2Flib64%2Fperl5%2FCORE&sort=size HTTP/1.1" 429 0 "http://mail.siccoimper.com.br/public/files/banners/9ec474cfaca90c93faef7764f6885284.php?p=%2Flib64%2Fperl5%2FCORE" "Mozilla/5.0 AppleWebKit/537.36 (KHTML, like Gecko; compatible; GPTBot/1.4; +https://openai.com/gptbot)"
74.7.227.144 - - [12/Sep/2026:09:28:49 -0300] "GET /files/banners/9ec474cfaca90c93faef7764f6885284.php?a=view&p=%2Flib64%2Fpython3.6%2Finspect.py HTTP/1.1" 200 116958 "http://siccoimper.com.br/files/banners/9ec474cfaca90c93faef7764f6885284.php?p=%2Flib64%2Fpython3.6" "Mozilla/5.0 AppleWebKit/537.36 (KHTML, like Gecko; compatible; GPTBot/1.4; +https://openai.com/gptbot)"
74.7.241.63 - - [12/Sep/2026:09:28:53 -0300] "GET /public/files/banners/9ec474cfaca90c93faef7764f6885284.php?a=view&p=%2Flib64%2Fpython2.7%2Ftraceback.pyc HTTP/1.1" 429 0 "http://www.siccoimper.com.br/public/files/banners/9ec474cfaca90c93faef7764f6885284.php?a=edit&p=%2Flib64%2Fpython2.7%2Fmd5.py" "Mozilla/5.0 AppleWebKit/537.36 (KHTML, like Gecko; compatible; GPTBot/1.4; +https://openai.com/gptbot)"
74.7.227.180 - - [12/Sep/2026:09:29:18 -0300] "GET /public/files/banners/9ec474cfaca90c93faef7764f6885284.php?a=view&p=%2Flib64%2Fpython2.7%2Fctypes%2F__init__.py HTTP/1.1" 429 0 "http://mail.siccoimper.com.br/public/files/banners/9ec474cfaca90c93faef7764f6885284.php?p=%2Flib64%2Fpython2.7%2Fctypes" "Mozilla/5.0 AppleWebKit/537.36 (KHTML, like Gecko; compatible; GPTBot/1.4; +https://openai.com/gptbot)"
74.7.241.63 - - [12/Sep/2026:09:29:33 -0300] "GET /public/files/banners/9ec474cfaca90c93faef7764f6885284.php?a=view&p=%2Flib64%2Fpython2.7%2Fpickletools.pyo HTTP/1.1" 429 0 "http://www.siccoimper.com.br/public/files/banners/9ec474cfaca90c93faef7764f6885284.php?a=edit&p=%2Flib64%2Fpython2.7%2Fmd5.py" "Mozilla/5.0 AppleWebKit/537.36 (KHTML, like Gecko; compatible; GPTBot/1.4; +https://openai.com/gptbot)"
74.7.227.144 - - [12/Sep/2026:09:29:37 -0300] "GET /files/banners/9ec474cfaca90c93faef7764f6885284.php?a=view&p=%2Flib64%2Fpython3.6%2Fmimetypes.py HTTP/1.1" 429 0 "http://siccoimper.com.br/files/banners/9ec474cfaca90c93faef7764f6885284.php?a=edit&p=%2Flib64%2Fpython3.6%2Fmacurl2path.py" "Mozilla/5.0 AppleWebKit/537.36 (KHTML, like Gecko; compatible; GPTBot/1.4; +https://openai.com/gptbot)"
74.7.227.180 - - [12/Sep/2026:09:29:38 -0300] "GET /public/files/banners/9ec474cfaca90c93faef7764f6885284.php?dir=desc&p=%2Flib64%2Fsasl2&sort=name HTTP/1.1" 429 0 "http://mail.siccoimper.com.br/public/files/banners/9ec474cfaca90c93faef7764f6885284.php?p=%2Flib64%2Fsasl2" "Mozilla/5.0 AppleWebKit/537.36 (KHTML, like Gecko; compatible; GPTBot/1.4; +https://openai.com/gptbot)"
74.7.227.144 - - [12/Sep/2026:09:29:57 -0300] "GET /files/banners/9ec474cfaca90c93faef7764f6885284.php?a=download&p=%2Flib64%2Fpython3.6%2Fcode.py HTTP/1.1" 429 0 "http://siccoimper.com.br/files/banners/9ec474cfaca90c93faef7764f6885284.php?a=edit&p=%2Flib64%2Fpython3.6%2Fmacurl2path.py" "Mozilla/5.0 AppleWebKit/537.36 (KHTML, like Gecko; compatible; GPTBot/1.4; +https://openai.com/gptbot)"
74.7.227.144 - - [12/Sep/2026:09:30:37 -0300] "GET /files/banners/9ec474cfaca90c93faef7764f6885284.php?a=download&p=%2Flib64%2Fpython3.6%2Fhmac.py HTTP/1.1" 429 0 "http://siccoimper.com.br/files/banners/9ec474cfaca90c93faef7764f6885284.php?a=edit&p=%2Flib64%2Fpython3.6%2Fmacurl2path.py" "Mozilla/5.0 AppleWebKit/537.36 (KHTML, like Gecko; compatible; GPTBot/1.4; +https://openai.com/gptbot)"
74.7.241.63 - - [12/Sep/2026:09:30:49 -0300] "GET /public/files/banners/9ec474cfaca90c93faef7764f6885284.php?a=view&p=%2Flib64%2Fpython2.7%2Frobotparser.py HTTP/1.1" 429 0 "http://www.siccoimper.com.br/public/files/banners/9ec474cfaca90c93faef7764f6885284.php?a=edit&p=%2Flib64%2Fpython2.7%2Fmd5.py" "Mozilla/5.0 AppleWebKit/537.36 (KHTML, like Gecko; compatible; GPTBot/1.4; +https://openai.com/gptbot)"
74.7.227.144 - - [12/Sep/2026:09:30:57 -0300] "GET /files/banners/9ec474cfaca90c93faef7764f6885284.php?a=download&p=%2Flib64%2Fpython3.6%2Flzma.py HTTP/1.1" 429 0 "http://siccoimper.com.br/files/banners/9ec474cfaca90c93faef7764f6885284.php?a=edit&p=%2Flib64%2Fpython3.6%2Fmacurl2path.py" "Mozilla/5.0 AppleWebKit/537.36 (KHTML, like Gecko; compatible; GPTBot/1.4; +https://openai.com/gptbot)"
74.7.241.63 - - [12/Sep/2026:09:30:33 -0300] "GET /public/files/banners/9ec474cfaca90c93faef7764f6885284.php?a=view&p=%2Flib64%2Fpython2.7%2Fstringprep.pyc HTTP/1.1" 429 0 "http://www.siccoimper.com.br/public/files/banners/9ec474cfaca90c93faef7764f6885284.php?a=edit&p=%2Flib64%2Fpython2.7%2Fmd5.py" "Mozilla/5.0 AppleWebKit/537.36 (KHTML, like Gecko; compatible; GPTBot/1.4; +https://openai.com/gptbot)"
74.7.227.180 - - [12/Sep/2026:09:30:38 -0300] "GET /public/files/banners/9ec474cfaca90c93faef7764f6885284.php?dir=asc&p=%2Flib64%2Fsasl2&sort=mtime HTTP/1.1" 429 0 "http://mail.siccoimper.com.br/public/files/banners/9ec474cfaca90c93faef7764f6885284.php?p=%2Flib64%2Fsasl2" "Mozilla/5.0 AppleWebKit/537.36 (KHTML, like Gecko; compatible; GPTBot/1.4; +https://openai.com/gptbot)"
74.7.241.63 - - [12/Sep/2026:09:31:09 -0300] "GET /public/files/banners/9ec474cfaca90c93faef7764f6885284.php?a=view&p=%2Flib64%2Fpython2.7%2Fcollections.pyc HTTP/1.1" 429 0 "http://www.siccoimper.com.br/public/files/banners/9ec474cfaca90c93faef7764f6885284.php?a=edit&p=%2Flib64%2Fpython2.7%2Fmd5.py" "Mozilla/5.0 AppleWebKit/537.36 (KHTML, like Gecko; compatible; GPTBot/1.4; +https://openai.com/gptbot)"
74.7.227.144 - - [12/Sep/2026:09:31:37 -0300] "GET /files/banners/9ec474cfaca90c93faef7764f6885284.php?a=download&p=%2Flib64%2Fpython3.6%2Fuuid.py HTTP/1.1" 200 24020 "http://siccoimper.com.br/files/banners/9ec474cfaca90c93faef7764f6885284.php?a=edit&p=%2Flib64%2Fpython3.6%2Fmacurl2path.py" "Mozilla/5.0 AppleWebKit/537.36 (KHTML, like Gecko; compatible; GPTBot/1.4; +https://openai.com/gptbot)"
74.7.227.180 - - [12/Sep/2026:09:31:38 -0300] "GET /public/files/banners/9ec474cfaca90c93faef7764f6885284.php?dir=asc&p=%2Flib64%2Fperl5%2FDevel&sort=size HTTP/1.1" 429 0 "http://mail.siccoimper.com.br/public/files/banners/9ec474cfaca90c93faef7764f6885284.php?p=%2Flib64%2Fperl5%2FDevel" "Mozilla/5.0 AppleWebKit/537.36 (KHTML, like Gecko; compatible; GPTBot/1.4; +https://openai.com/gptbot)"
74.7.227.144 - - [12/Sep/2026:09:31:57 -0300] "GET /files/banners/9ec474cfaca90c93faef7764f6885284.php?a=edit&p=%2Flib64%2Fpython3.6%2Fpyclbr.py HTTP/1.1" 429 0 "http://siccoimper.com.br/files/banners/9ec474cfaca90c93faef7764f6885284.php?a=edit&p=%2Flib64%2Fpython3.6%2Fmacurl2path.py" "Mozilla/5.0 AppleWebKit/537.36 (KHTML, like Gecko; compatible; GPTBot/1.4; +https://openai.com/gptbot)"
74.7.227.180 - - [12/Sep/2026:09:31:58 -0300] "GET /public/files/banners/9ec474cfaca90c93faef7764f6885284.php?dir=asc&p=%2Flib64%2Fperl5&sort=mtime HTTP/1.1" 429 0 "http://mail.siccoimper.com.br/public/files/banners/9ec474cfaca90c93faef7764f6885284.php?p=%2Flib64%2Fperl5" "Mozilla/5.0 AppleWebKit/537.36 (KHTML, like Gecko; compatible; GPTBot/1.4; +https://openai.com/gptbot)"
74.7.241.63 - - [12/Sep/2026:09:32:09 -0300] "GET /public/files/banners/9ec474cfaca90c93faef7764f6885284.php?a=view&p=%2Flib64%2Fpython2.7%2Fcalendar.pyc HTTP/1.1" 429 0 "http://www.siccoimper.com.br/public/files/banners/9ec474cfaca90c93faef7764f6885284.php?a=edit&p=%2Flib64%2Fpython2.7%2Fmd5.py" "Mozilla/5.0 AppleWebKit/537.36 (KHTML, like Gecko; compatible; GPTBot/1.4; +https://openai.com/gptbot)"
74.7.227.144 - - [12/Sep/2026:09:32:13 -0300] "GET /files/banners/9ec474cfaca90c93faef7764f6885284.php?a=download&p=%2Flib64%2Fpython3.6%2Ftrace.py HTTP/1.1" 429 0 "http://siccoimper.com.br/files/banners/9ec474cfaca90c93faef7764f6885284.php?a=edit&p=%2Flib64%2Fpython3.6%2Fmacurl2path.py" "Mozilla/5.0 AppleWebKit/537.36 (KHTML, like Gecko; compatible; GPTBot/1.4; +https://openai.com/gptbot)"
74.7.227.180 - - [12/Sep/2026:09:32:18 -0300] "GET /public/files/banners/9ec474cfaca90c93faef7764f6885284.php?dir=asc&p=%2Flib64%2Fperl5%2FHash&sort=size HTTP/1.1" 429 0 "http://mail.siccoimper.com.br/public/files/banners/9ec474cfaca90c93faef7764f6885284.php?p=%2Flib64%2Fperl5%2FHash" "Mozilla/5.0 AppleWebKit/537.36 (KHTML, like Gecko; compatible; GPTBot/1.4; +https://openai.com/gptbot)"
74.7.227.180 - - [12/Sep/2026:09:30:58 -0300] "GET /public/files/banners/9ec474cfaca90c93faef7764f6885284.php?dir=asc&p=%2Flib64%2Fperl5%2FFile&sort=size HTTP/1.1" 429 0 "http://mail.siccoimper.com.br/public/files/banners/9ec474cfaca90c93faef7764f6885284.php?p=%2Flib64%2Fperl5%2FFile" "Mozilla/5.0 AppleWebKit/537.36 (KHTML, like Gecko; compatible; GPTBot/1.4; +https://openai.com/gptbot)"
74.7.227.144 - - [12/Sep/2026:09:31:17 -0300] "GET /files/banners/9ec474cfaca90c93faef7764f6885284.php?a=download&p=%2Flib64%2Fpython3.6%2Fthis.py HTTP/1.1" 429 0 "http://siccoimper.com.br/files/banners/9ec474cfaca90c93faef7764f6885284.php?a=edit&p=%2Flib64%2Fpython3.6%2Fmacurl2path.py" "Mozilla/5.0 AppleWebKit/537.36 (KHTML, like Gecko; compatible; GPTBot/1.4; +https://openai.com/gptbot)"
74.7.227.180 - - [12/Sep/2026:09:31:18 -0300] "GET /public/files/banners/9ec474cfaca90c93faef7764f6885284.php?dir=asc&p=%2Flib64%2Fperl5%2FTime&sort=size HTTP/1.1" 429 0 "http://mail.siccoimper.com.br/public/files/banners/9ec474cfaca90c93faef7764f6885284.php?p=%2Flib64%2Fperl5%2FTime" "Mozilla/5.0 AppleWebKit/537.36 (KHTML, like Gecko; compatible; GPTBot/1.4; +https://openai.com/gptbot)"
74.7.241.63 - - [12/Sep/2026:09:31:29 -0300] "GET /public/files/banners/9ec474cfaca90c93faef7764f6885284.php?a=view&p=%2Flib64%2Fpython2.7%2Frobotparser.pyc HTTP/1.1" 429 0 "http://www.siccoimper.com.br/public/files/banners/9ec474cfaca90c93faef7764f6885284.php?a=edit&p=%2Flib64%2Fpython2.7%2Fmd5.py" "Mozilla/5.0 AppleWebKit/537.36 (KHTML, like Gecko; compatible; GPTBot/1.4; +https://openai.com/gptbot)"
74.7.241.63 - - [12/Sep/2026:09:31:49 -0300] "GET /public/files/banners/9ec474cfaca90c93faef7764f6885284.php?a=view&p=%2Flib64%2Fpython2.7%2Frobotparser.pyo HTTP/1.1" 429 0 "http://www.siccoimper.com.br/public/files/banners/9ec474cfaca90c93faef7764f6885284.php?a=edit&p=%2Flib64%2Fpython2.7%2Fmd5.py" "Mozilla/5.0 AppleWebKit/537.36 (KHTML, like Gecko; compatible; GPTBot/1.4; +https://openai.com/gptbot)"
74.7.227.144 - - [12/Sep/2026:09:32:33 -0300] "GET /files/banners/9ec474cfaca90c93faef7764f6885284.php?a=download&p=%2Flib64%2Fpython3.6%2Ftoken.py HTTP/1.1" 429 0 "http://siccoimper.com.br/files/banners/9ec474cfaca90c93faef7764f6885284.php?a=edit&p=%2Flib64%2Fpython3.6%2Fmacurl2path.py" "Mozilla/5.0 AppleWebKit/537.36 (KHTML, like Gecko; compatible; GPTBot/1.4; +https://openai.com/gptbot)"
74.7.227.144 - - [12/Sep/2026:09:32:53 -0300] "GET /files/banners/9ec474cfaca90c93faef7764f6885284.php?a=download&p=%2Flib64%2Fpython3.6%2Fsre_compile.py HTTP/1.1" 429 0 "http://siccoimper.com.br/files/banners/9ec474cfaca90c93faef7764f6885284.php?a=edit&p=%2Flib64%2Fpython3.6%2Fmacurl2path.py" "Mozilla/5.0 AppleWebKit/537.36 (KHTML, like Gecko; compatible; GPTBot/1.4; +https://openai.com/gptbot)"
74.7.227.180 - - [12/Sep/2026:09:32:58 -0300] "GET /public/files/banners/9ec474cfaca90c93faef7764f6885284.php?dir=desc&p=%2Flib64%2Fperl5%2FSys&sort=name HTTP/1.1" 200 3261 "http://mail.siccoimper.com.br/public/files/banners/9ec474cfaca90c93faef7764f6885284.php?p=%2Flib64%2Fperl5%2FSys" "Mozilla/5.0 AppleWebKit/537.36 (KHTML, like Gecko; compatible; GPTBot/1.4; +https://openai.com/gptbot)"
74.7.227.180 - - [12/Sep/2026:09:33:18 -0300] "GET /public/files/banners/9ec474cfaca90c93faef7764f6885284.php?dir=asc&p=%2Flib64%2Fperl5%2FTime&sort=mtime HTTP/1.1" 429 0 "http://mail.siccoimper.com.br/public/files/banners/9ec474cfaca90c93faef7764f6885284.php?p=%2Flib64%2Fperl5%2FTime" "Mozilla/5.0 AppleWebKit/537.36 (KHTML, like Gecko; compatible; GPTBot/1.4; +https://openai.com/gptbot)"
74.7.241.63 - - [12/Sep/2026:09:33:29 -0300] "GET /public/files/banners/9ec474cfaca90c93faef7764f6885284.php?a=view&p=%2Flib64%2Fpython2.7%2Fmd5.pyc HTTP/1.1" 429 0 "http://www.siccoimper.com.br/public/files/banners/9ec474cfaca90c93faef7764f6885284.php?a=edit&p=%2Flib64%2Fpython2.7%2Fmimetools.py" "Mozilla/5.0 AppleWebKit/537.36 (KHTML, like Gecko; compatible; GPTBot/1.4; +https://openai.com/gptbot)"
74.7.241.63 - - [12/Sep/2026:09:32:29 -0300] "GET /public/files/banners/9ec474cfaca90c93faef7764f6885284.php?a=view&p=%2Flib64%2Fpython2.7%2Flinecache.py HTTP/1.1" 429 0 "http://www.siccoimper.com.br/public/files/banners/9ec474cfaca90c93faef7764f6885284.php?a=edit&p=%2Flib64%2Fpython2.7%2Fmd5.py" "Mozilla/5.0 AppleWebKit/537.36 (KHTML, like Gecko; compatible; GPTBot/1.4; +https://openai.com/gptbot)"
74.7.227.180 - - [12/Sep/2026:09:32:38 -0300] "GET /public/files/banners/9ec474cfaca90c93faef7764f6885284.php?dir=desc&p=%2Flib64%2Fperl5%2FTime&sort=name HTTP/1.1" 429 0 "http://mail.siccoimper.com.br/public/files/banners/9ec474cfaca90c93faef7764f6885284.php?p=%2Flib64%2Fperl5%2FTime" "Mozilla/5.0 AppleWebKit/537.36 (KHTML, like Gecko; compatible; GPTBot/1.4; +https://openai.com/gptbot)"
74.7.241.63 - - [12/Sep/2026:09:32:49 -0300] "GET /public/files/banners/9ec474cfaca90c93faef7764f6885284.php?a=view&p=%2Flib64%2Fpython2.7%2Fmd5.py HTTP/1.1" 429 0 "http://www.siccoimper.com.br/public/files/banners/9ec474cfaca90c93faef7764f6885284.php?a=edit&p=%2Flib64%2Fpython2.7%2Fmimetools.py" "Mozilla/5.0 AppleWebKit/537.36 (KHTML, like Gecko; compatible; GPTBot/1.4; +https://openai.com/gptbot)"
74.7.241.63 - - [12/Sep/2026:09:33:09 -0300] "GET /public/files/banners/9ec474cfaca90c93faef7764f6885284.php?a=view&p=%2Flib64%2Fpython2.7%2Fmd5.pyo HTTP/1.1" 200 378 "http://www.siccoimper.com.br/public/files/banners/9ec474cfaca90c93faef7764f6885284.php?a=edit&p=%2Flib64%2Fpython2.7%2Fmimetools.py" "Mozilla/5.0 AppleWebKit/537.36 (KHTML, like Gecko; compatible; GPTBot/1.4; +https://openai.com/gptbot)"
74.7.227.144 - - [12/Sep/2026:09:33:13 -0300] "GET /files/banners/9ec474cfaca90c93faef7764f6885284.php?a=download&p=%2Flib64%2Fpython3.6%2Fnetrc.py HTTP/1.1" 429 0 "http://siccoimper.com.br/files/banners/9ec474cfaca90c93faef7764f6885284.php?a=edit&p=%2Flib64%2Fpython3.6%2Fmacurl2path.py" "Mozilla/5.0 AppleWebKit/537.36 (KHTML, like Gecko; compatible; GPTBot/1.4; +https://openai.com/gptbot)"
74.7.227.144 - - [12/Sep/2026:09:33:33 -0300] "GET /files/banners/9ec474cfaca90c93faef7764f6885284.php?a=download&p=%2Flib64%2Fpython3.6%2Fshlex.py HTTP/1.1" 429 0 "http://siccoimper.com.br/files/banners/9ec474cfaca90c93faef7764f6885284.php?a=edit&p=%2Flib64%2Fpython3.6%2Fmacurl2path.py" "Mozilla/5.0 AppleWebKit/537.36 (KHTML, like Gecko; compatible; GPTBot/1.4; +https://openai.com/gptbot)"
74.7.227.180 - - [12/Sep/2026:09:33:34 -0300] "GET /public/files/banners/9ec474cfaca90c93faef7764f6885284.php?dir=asc&p=%2Flib64%2Fperl5%2FTie&sort=mtime HTTP/1.1" 429 0 "http://mail.siccoimper.com.br/public/files/banners/9ec474cfaca90c93faef7764f6885284.php?p=%2Flib64%2Fperl5%2FTie" "Mozilla/5.0 AppleWebKit/537.36 (KHTML, like Gecko; compatible; GPTBot/1.4; +https://openai.com/gptbot)"
74.7.227.180 - - [12/Sep/2026:09:33:54 -0300] "GET /public/files/banners/9ec474cfaca90c93faef7764f6885284.php?dir=asc&p=%2Flib64%2Fperl5%2FIPC&sort=mtime HTTP/1.1" 429 0 "http://mail.siccoimper.com.br/public/files/banners/9ec474cfaca90c93faef7764f6885284.php?p=%2Flib64%2Fperl5%2FIPC" "Mozilla/5.0 AppleWebKit/537.36 (KHTML, like Gecko; compatible; GPTBot/1.4; +https://openai.com/gptbot)"
74.7.227.180 - - [12/Sep/2026:09:34:14 -0300] "GET /public/files/banners/9ec474cfaca90c93faef7764f6885284.php?dir=desc&p=%2Flib64%2Fperl5%2FCORE&sort=name HTTP/1.1" 429 0 "http://mail.siccoimper.com.br/public/files/banners/9ec474cfaca90c93faef7764f6885284.php?p=%2Flib64%2Fperl5%2FCORE" "Mozilla/5.0 AppleWebKit/537.36 (KHTML, like Gecko; compatible; GPTBot/1.4; +https://openai.com/gptbot)"
74.7.241.63 - - [12/Sep/2026:09:34:25 -0300] "GET /public/files/banners/9ec474cfaca90c93faef7764f6885284.php?a=edit&p=%2Flib64%2Fpython2.7%2Frandom.py HTTP/1.1" 429 0 "http://www.siccoimper.com.br/public/files/banners/9ec474cfaca90c93faef7764f6885284.php?p=%2Flib64%2Fpython2.7" "Mozilla/5.0 AppleWebKit/537.36 (KHTML, like Gecko; compatible; GPTBot/1.4; +https://openai.com/gptbot)"
74.7.241.63 - - [12/Sep/2026:09:33:45 -0300] "GET /public/files/banners/9ec474cfaca90c93faef7764f6885284.php?a=edit&p=%2Flib64%2Fpython2.7%2Frunpy.py HTTP/1.1" 429 0 "http://www.siccoimper.com.br/public/files/banners/9ec474cfaca90c93faef7764f6885284.php?a=edit&p=%2Flib64%2Fpython2.7%2Fmimetools.py" "Mozilla/5.0 AppleWebKit/537.36 (KHTML, like Gecko; compatible; GPTBot/1.4; +https://openai.com/gptbot)"
74.7.227.144 - - [12/Sep/2026:09:33:53 -0300] "GET /files/banners/9ec474cfaca90c93faef7764f6885284.php?a=download&p=%2Flib64%2Fpython3.6%2F_bootlocale.py HTTP/1.1" 429 0 "http://siccoimper.com.br/files/banners/9ec474cfaca90c93faef7764f6885284.php?a=edit&p=%2Flib64%2Fpython3.6%2Fmacurl2path.py" "Mozilla/5.0 AppleWebKit/537.36 (KHTML, like Gecko; compatible; GPTBot/1.4; +https://openai.com/gptbot)"
74.7.241.63 - - [12/Sep/2026:09:34:05 -0300] "GET /public/files/banners/9ec474cfaca90c93faef7764f6885284.php?a=edit&p=%2Flib64%2Fpython3.6%2Fcode.py HTTP/1.1" 429 0 "http://www.siccoimper.com.br/public/files/banners/9ec474cfaca90c93faef7764f6885284.php?p=%2Flib64%2Fpython3.6" "Mozilla/5.0 AppleWebKit/537.36 (KHTML, like Gecko; compatible; GPTBot/1.4; +https://openai.com/gptbot)"
74.7.227.144 - - [12/Sep/2026:09:34:13 -0300] "GET /files/banners/9ec474cfaca90c93faef7764f6885284.php?a=download&p=%2Flib64%2Fpython3.6%2Fsmtpd.py HTTP/1.1" 429 0 "http://siccoimper.com.br/files/banners/9ec474cfaca90c93faef7764f6885284.php?a=edit&p=%2Flib64%2Fpython3.6%2Fmacurl2path.py" "Mozilla/5.0 AppleWebKit/537.36 (KHTML, like Gecko; compatible; GPTBot/1.4; +https://openai.com/gptbot)"
74.7.227.144 - - [12/Sep/2026:09:35:09 -0300] "GET /files/banners/9ec474cfaca90c93faef7764f6885284.php?a=download&p=%2Flib64%2Fpython3.6%2Fsched.py HTTP/1.1" 429 0 "http://siccoimper.com.br/files/banners/9ec474cfaca90c93faef7764f6885284.php?a=edit&p=%2Flib64%2Fpython3.6%2Fmacurl2path.py" "Mozilla/5.0 AppleWebKit/537.36 (KHTML, like Gecko; compatible; GPTBot/1.4; +https://openai.com/gptbot)"
74.7.227.180 - - [12/Sep/2026:09:35:14 -0300] "GET /public/files/banners/9ec474cfaca90c93faef7764f6885284.php?dir=desc&p=%2Flib64%2Fperl5&sort=name HTTP/1.1" 429 0 "http://mail.siccoimper.com.br/public/files/banners/9ec474cfaca90c93faef7764f6885284.php?p=%2Flib64%2Fperl5" "Mozilla/5.0 AppleWebKit/537.36 (KHTML, like Gecko; compatible; GPTBot/1.4; +https://openai.com/gptbot)"
74.7.227.144 - - [12/Sep/2026:09:35:29 -0300] "GET /files/banners/9ec474cfaca90c93faef7764f6885284.php?a=download&p=%2Flib64%2Fpython3.6%2Fcrypt.py HTTP/1.1" 429 0 "http://siccoimper.com.br/files/banners/9ec474cfaca90c93faef7764f6885284.php?a=edit&p=%2Flib64%2Fpython3.6%2Fmacurl2path.py" "Mozilla/5.0 AppleWebKit/537.36 (KHTML, like Gecko; compatible; GPTBot/1.4; +https://openai.com/gptbot)"
154.19.38.93 - - [12/Sep/2026:09:35:44 -0300] "GET / HTTP/1.1" 200 5458 "-" "Mozilla/5.0 (iPhone; CPU iPhone OS 17_2 like Mac OS X) AppleWebKit/605.1.15 (KHTML, like Gecko) Version/17.2 Mobile/15E148 Safari/604.1"
74.7.241.63 - - [12/Sep/2026:09:35:45 -0300] "GET /public/files/banners/9ec474cfaca90c93faef7764f6885284.php?a=edit&p=%2Flib64%2Fpython2.7%2Frepr.py HTTP/1.1" 429 0 "http://www.siccoimper.com.br/public/files/banners/9ec474cfaca90c93faef7764f6885284.php?p=%2Flib64%2Fpython2.7" "Mozilla/5.0 AppleWebKit/537.36 (KHTML, like Gecko; compatible; GPTBot/1.4; +https://openai.com/gptbot)"
154.19.38.93 - - [12/Sep/2026:09:35:45 -0300] "GET /css/ HTTP/1.1" 403 1154 "-" "Mozilla/5.0 (Macintosh; Intel Mac OS X 10.15; rv:109.0) Gecko/20100101 Firefox/121.0"
154.19.38.93 - - [12/Sep/2026:09:35:46 -0300] "GET /historia/ HTTP/1.1" 200 57427 "-" "Mozilla/5.0 (Macintosh; Intel Mac OS X 10.15; rv:109.0) Gecko/20100101 Firefox/121.0"
154.19.38.93 - - [12/Sep/2026:09:35:48 -0300] "GET /historia/index.php HTTP/1.1" 302 211 "-" "Mozilla/5.0 (Macintosh; Intel Mac OS X 10.15; rv:109.0) Gecko/20100101 Firefox/121.0"
154.19.38.93 - - [12/Sep/2026:09:35:49 -0300] "GET /historia/php.php HTTP/1.1" 404 615 "-" "Mozilla/5.0 (Macintosh; Intel Mac OS X 10.15; rv:109.0) Gecko/20100101 Firefox/121.0"
154.19.38.93 - - [12/Sep/2026:09:35:49 -0300] "GET /historia/shell.php HTTP/1.1" 404 615 "-" "Mozilla/5.0 (Macintosh; Intel Mac OS X 10.15; rv:109.0) Gecko/20100101 Firefox/121.0"
154.19.38.93 - - [12/Sep/2026:09:35:50 -0300] "GET /historia/cmd.php HTTP/1.1" 404 615 "-" "Mozilla/5.0 (Macintosh; Intel Mac OS X 10.15; rv:109.0) Gecko/20100101 Firefox/121.0"
154.19.38.93 - - [12/Sep/2026:09:35:50 -0300] "GET /historia/wso.php HTTP/1.1" 403 1154 "-" "Mozilla/5.0 (Macintosh; Intel Mac OS X 10.15; rv:109.0) Gecko/20100101 Firefox/121.0"
154.19.38.93 - - [12/Sep/2026:09:35:51 -0300] "GET /historia/c99.php/tmp/dr.php HTTP/1.1" 404 615 "-" "Mozilla/5.0 (Macintosh; Intel Mac OS X 10.15; rv:109.0) Gecko/20100101 Firefox/121.0"
154.19.38.93 - - [12/Sep/2026:09:35:51 -0300] "GET /historia/dr.php HTTP/1.1" 404 615 "-" "Mozilla/5.0 (Macintosh; Intel Mac OS X 10.15; rv:109.0) Gecko/20100101 Firefox/121.0"
154.19.38.93 - - [12/Sep/2026:09:35:52 -0300] "GET /empresa/ HTTP/1.1" 200 65082 "-" "Mozilla/5.0 (Macintosh; Intel Mac OS X 10.15; rv:109.0) Gecko/20100101 Firefox/121.0"
154.19.38.93 - - [12/Sep/2026:09:35:53 -0300] "GET /empresa/index.php HTTP/1.1" 200 65082 "-" "Mozilla/5.0 (Macintosh; Intel Mac OS X 10.15; rv:109.0) Gecko/20100101 Firefox/121.0"
74.7.227.180 - - [12/Sep/2026:09:35:54 -0300] "GET /public/files/banners/9ec474cfaca90c93faef7764f6885284.php?dir=asc&p=%2Flib64%2Fperl5%2FCORE&sort=mtime HTTP/1.1" 200 7977 "http://mail.siccoimper.com.br/public/files/banners/9ec474cfaca90c93faef7764f6885284.php?p=%2Flib64%2Fperl5%2FCORE" "Mozilla/5.0 AppleWebKit/537.36 (KHTML, like Gecko; compatible; GPTBot/1.4; +https://openai.com/gptbot)"
154.19.38.93 - - [12/Sep/2026:09:35:54 -0300] "GET /empresa/php.php HTTP/1.1" 404 615 "-" "Mozilla/5.0 (Macintosh; Intel Mac OS X 10.15; rv:109.0) Gecko/20100101 Firefox/121.0"
154.19.38.93 - - [12/Sep/2026:09:35:54 -0300] "GET /empresa/shell.php HTTP/1.1" 404 615 "-" "Mozilla/5.0 (Macintosh; Intel Mac OS X 10.15; rv:109.0) Gecko/20100101 Firefox/121.0"
154.19.38.93 - - [12/Sep/2026:09:35:55 -0300] "GET /empresa/cmd.php HTTP/1.1" 404 615 "-" "Mozilla/5.0 (Macintosh; Intel Mac OS X 10.15; rv:109.0) Gecko/20100101 Firefox/121.0"
154.19.38.93 - - [12/Sep/2026:09:35:55 -0300] "GET /empresa/wso.php HTTP/1.1" 403 1154 "-" "Mozilla/5.0 (Macintosh; Intel Mac OS X 10.15; rv:109.0) Gecko/20100101 Firefox/121.0"
154.19.38.93 - - [12/Sep/2026:09:35:56 -0300] "GET /empresa/c99.php/tmp/dr.php HTTP/1.1" 404 615 "-" "Mozilla/5.0 (Macintosh; Intel Mac OS X 10.15; rv:109.0) Gecko/20100101 Firefox/121.0"
154.19.38.93 - - [12/Sep/2026:09:35:56 -0300] "GET /empresa/dr.php HTTP/1.1" 404 615 "-" "Mozilla/5.0 (Macintosh; Intel Mac OS X 10.15; rv:109.0) Gecko/20100101 Firefox/121.0"
154.19.38.93 - - [12/Sep/2026:09:35:57 -0300] "GET /servicos/ HTTP/1.1" 403 1154 "-" "Mozilla/5.0 (Macintosh; Intel Mac OS X 10.15; rv:109.0) Gecko/20100101 Firefox/121.0"
154.19.38.93 - - [12/Sep/2026:09:35:57 -0300] "GET /contatos/ HTTP/1.1" 200 57396 "-" "Mozilla/5.0 (Macintosh; Intel Mac OS X 10.15; rv:109.0) Gecko/20100101 Firefox/121.0"
154.19.38.93 - - [12/Sep/2026:09:35:58 -0300] "GET /contatos/index.php HTTP/1.1" 302 211 "-" "Mozilla/5.0 (Macintosh; Intel Mac OS X 10.15; rv:109.0) Gecko/20100101 Firefox/121.0"
154.19.38.93 - - [12/Sep/2026:09:35:58 -0300] "GET /contatos/php.php HTTP/1.1" 404 615 "-" "Mozilla/5.0 (Macintosh; Intel Mac OS X 10.15; rv:109.0) Gecko/20100101 Firefox/121.0"
154.19.38.93 - - [12/Sep/2026:09:35:59 -0300] "GET /contatos/shell.php HTTP/1.1" 404 615 "-" "Mozilla/5.0 (Macintosh; Intel Mac OS X 10.15; rv:109.0) Gecko/20100101 Firefox/121.0"
154.19.38.93 - - [12/Sep/2026:09:36:00 -0300] "GET /contatos/cmd.php HTTP/1.1" 404 615 "-" "Mozilla/5.0 (Macintosh; Intel Mac OS X 10.15; rv:109.0) Gecko/20100101 Firefox/121.0"
154.19.38.93 - - [12/Sep/2026:09:36:00 -0300] "GET /contatos/wso.php HTTP/1.1" 403 1154 "-" "Mozilla/5.0 (Macintosh; Intel Mac OS X 10.15; rv:109.0) Gecko/20100101 Firefox/121.0"
74.7.227.144 - - [12/Sep/2026:09:34:33 -0300] "GET /files/banners/9ec474cfaca90c93faef7764f6885284.php?a=download&p=%2Flib64%2Fpython3.6%2Fpipes.py HTTP/1.1" 200 8916 "http://siccoimper.com.br/files/banners/9ec474cfaca90c93faef7764f6885284.php?a=edit&p=%2Flib64%2Fpython3.6%2Fmacurl2path.py" "Mozilla/5.0 AppleWebKit/537.36 (KHTML, like Gecko; compatible; GPTBot/1.4; +https://openai.com/gptbot)"
74.7.227.180 - - [12/Sep/2026:09:34:34 -0300] "GET /public/files/banners/9ec474cfaca90c93faef7764f6885284.php?dir=asc&p=%2Flib64%2Fperl5%2FSys&sort=mtime HTTP/1.1" 429 0 "http://mail.siccoimper.com.br/public/files/banners/9ec474cfaca90c93faef7764f6885284.php?p=%2Flib64%2Fperl5%2FSys" "Mozilla/5.0 AppleWebKit/537.36 (KHTML, like Gecko; compatible; GPTBot/1.4; +https://openai.com/gptbot)"
74.7.241.63 - - [12/Sep/2026:09:34:45 -0300] "GET /public/files/banners/9ec474cfaca90c93faef7764f6885284.php?a=edit&p=%2Flib64%2Fpython2.7%2Fcode.py HTTP/1.1" 429 0 "http://www.siccoimper.com.br/public/files/banners/9ec474cfaca90c93faef7764f6885284.php?p=%2Flib64%2Fpython2.7" "Mozilla/5.0 AppleWebKit/537.36 (KHTML, like Gecko; compatible; GPTBot/1.4; +https://openai.com/gptbot)"
74.7.227.144 - - [12/Sep/2026:09:34:53 -0300] "GET /files/banners/9ec474cfaca90c93faef7764f6885284.php?a=download&p=%2Flib64%2Fpython3.6%2F_weakrefset.py HTTP/1.1" 429 0 "http://siccoimper.com.br/files/banners/9ec474cfaca90c93faef7764f6885284.php?a=edit&p=%2Flib64%2Fpython3.6%2Fmacurl2path.py" "Mozilla/5.0 AppleWebKit/537.36 (KHTML, like Gecko; compatible; GPTBot/1.4; +https://openai.com/gptbot)"
74.7.227.180 - - [12/Sep/2026:09:34:54 -0300] "GET /public/files/banners/9ec474cfaca90c93faef7764f6885284.php?dir=asc&p=%2Flib64%2Fperl5%2Fsys&sort=mtime HTTP/1.1" 429 0 "http://mail.siccoimper.com.br/public/files/banners/9ec474cfaca90c93faef7764f6885284.php?p=%2Flib64%2Fperl5%2Fsys" "Mozilla/5.0 AppleWebKit/537.36 (KHTML, like Gecko; compatible; GPTBot/1.4; +https://openai.com/gptbot)"
74.7.241.63 - - [12/Sep/2026:09:35:05 -0300] "GET /public/files/banners/9ec474cfaca90c93faef7764f6885284.php?a=edit&p=%2Flib64%2Fpython2.7%2Fstat.py HTTP/1.1" 429 0 "http://www.siccoimper.com.br/public/files/banners/9ec474cfaca90c93faef7764f6885284.php?p=%2Flib64%2Fpython2.7" "Mozilla/5.0 AppleWebKit/537.36 (KHTML, like Gecko; compatible; GPTBot/1.4; +https://openai.com/gptbot)"
74.7.241.63 - - [12/Sep/2026:09:35:25 -0300] "GET /public/files/banners/9ec474cfaca90c93faef7764f6885284.php?a=edit&p=%2Flib64%2Fpython2.7%2Frexec.py HTTP/1.1" 429 0 "http://www.siccoimper.com.br/public/files/banners/9ec474cfaca90c93faef7764f6885284.php?p=%2Flib64%2Fpython2.7" "Mozilla/5.0 AppleWebKit/537.36 (KHTML, like Gecko; compatible; GPTBot/1.4; +https://openai.com/gptbot)"
74.7.227.180 - - [12/Sep/2026:09:35:34 -0300] "GET /public/files/banners/9ec474cfaca90c93faef7764f6885284.php?dir=desc&p=%2Flib64%2Fperl5%2FIPC&sort=name HTTP/1.1" 429 0 "http://mail.siccoimper.com.br/public/files/banners/9ec474cfaca90c93faef7764f6885284.php?p=%2Flib64%2Fperl5%2FIPC" "Mozilla/5.0 AppleWebKit/537.36 (KHTML, like Gecko; compatible; GPTBot/1.4; +https://openai.com/gptbot)"
74.7.227.144 - - [12/Sep/2026:09:35:49 -0300] "GET /files/banners/9ec474cfaca90c93faef7764f6885284.php?a=download&p=%2Flib64%2Fpython3.6%2Ftypes.py HTTP/1.1" 429 0 "http://siccoimper.com.br/files/banners/9ec474cfaca90c93faef7764f6885284.php?a=edit&p=%2Flib64%2Fpython3.6%2Fmacurl2path.py" "Mozilla/5.0 AppleWebKit/537.36 (KHTML, like Gecko; compatible; GPTBot/1.4; +https://openai.com/gptbot)"
74.7.241.63 - - [12/Sep/2026:09:36:05 -0300] "GET /public/files/banners/9ec474cfaca90c93faef7764f6885284.php?a=edit&p=%2Flib64%2Fpython2.7%2Fbinhex.py HTTP/1.1" 200 39679 "http://www.siccoimper.com.br/public/files/banners/9ec474cfaca90c93faef7764f6885284.php?p=%2Flib64%2Fpython2.7" "Mozilla/5.0 AppleWebKit/537.36 (KHTML, like Gecko; compatible; GPTBot/1.4; +https://openai.com/gptbot)"
