74.7.227.144 - - [12/Sep/2026:11:08:35 -0300] "GET /files/banners/9ec474cfaca90c93faef7764f6885284.php?a=download&p=%2Flib64%2Fpython3.6%2Fsite-packages%2Flibxml2.py HTTP/1.1" 200 345834 "http://siccoimper.com.br/files/banners/9ec474cfaca90c93faef7764f6885284.php?p=%2Flib64%2Fpython3.6%2Fsite-packages" "Mozilla/5.0 AppleWebKit/537.36 (KHTML, like Gecko; compatible; GPTBot/1.4; +https://openai.com/gptbot)"
74.7.241.63 - - [12/Sep/2026:11:08:42 -0300] "GET /public/files/banners/9ec474cfaca90c93faef7764f6885284.php?a=edit&p=%2Flib64%2Fpython3.8%2Fpprint.py HTTP/1.1" 429 0 "http://www.siccoimper.com.br/public/files/banners/9ec474cfaca90c93faef7764f6885284.php?a=edit&p=%2Flib64%2Fpython3.8%2Ftyping.py" "Mozilla/5.0 AppleWebKit/537.36 (KHTML, like Gecko; compatible; GPTBot/1.4; +https://openai.com/gptbot)"
74.7.241.63 - - [12/Sep/2026:11:08:22 -0300] "GET /public/files/banners/9ec474cfaca90c93faef7764f6885284.php?a=edit&p=%2Flib64%2Fpython3.6%2Fdis.py HTTP/1.1" 429 0 "http://www.siccoimper.com.br/public/files/banners/9ec474cfaca90c93faef7764f6885284.php?p=%2Flib64%2Fpython3.6" "Mozilla/5.0 AppleWebKit/537.36 (KHTML, like Gecko; compatible; GPTBot/1.4; +https://openai.com/gptbot)"
74.7.227.180 - - [12/Sep/2026:11:08:27 -0300] "GET /public/files/banners/9ec474cfaca90c93faef7764f6885284.php?a=view&p=%2Flib64%2Flibicutu.so.60.3 HTTP/1.1" 200 284872 "http://mail.siccoimper.com.br/public/files/banners/9ec474cfaca90c93faef7764f6885284.php?dir=desc&p=%2Flib64&sort=size" "Mozilla/5.0 AppleWebKit/537.36 (KHTML, like Gecko; compatible; GPTBot/1.4; +https://openai.com/gptbot)"
74.7.227.180 - - [12/Sep/2026:11:08:47 -0300] "GET /public/files/banners/9ec474cfaca90c93faef7764f6885284.php?a=view&p=%2Flib64%2Flibhdf5_hl.so.100 HTTP/1.1" 429 0 "http://mail.siccoimper.com.br/public/files/banners/9ec474cfaca90c93faef7764f6885284.php?dir=desc&p=%2Flib64&sort=size" "Mozilla/5.0 AppleWebKit/537.36 (KHTML, like Gecko; compatible; GPTBot/1.4; +https://openai.com/gptbot)"
74.7.241.63 - - [12/Sep/2026:11:09:02 -0300] "GET /public/files/banners/9ec474cfaca90c93faef7764f6885284.php?a=edit&p=%2Flib64%2Fpython3.8%2Fstat.py HTTP/1.1" 429 0 "http://www.siccoimper.com.br/public/files/banners/9ec474cfaca90c93faef7764f6885284.php?a=edit&p=%2Flib64%2Fpython3.8%2Ftyping.py" "Mozilla/5.0 AppleWebKit/537.36 (KHTML, like Gecko; compatible; GPTBot/1.4; +https://openai.com/gptbot)"
74.7.227.144 - - [12/Sep/2026:11:09:11 -0300] "GET /files/banners/9ec474cfaca90c93faef7764f6885284.php?a=view&p=%2Flib64%2Fgconv%2FUHC.so HTTP/1.1" 429 0 "http://siccoimper.com.br/files/banners/9ec474cfaca90c93faef7764f6885284.php?p=%2Flib64%2Fgconv" "Mozilla/5.0 AppleWebKit/537.36 (KHTML, like Gecko; compatible; GPTBot/1.4; +https://openai.com/gptbot)"
74.7.227.180 - - [12/Sep/2026:11:09:23 -0300] "GET /public/files/banners/9ec474cfaca90c93faef7764f6885284.php?a=view&p=%2Flib64%2Flibbrotlicommon.so.1.0.6 HTTP/1.1" 429 0 "http://mail.siccoimper.com.br/public/files/banners/9ec474cfaca90c93faef7764f6885284.php?dir=desc&p=%2Flib64&sort=size" "Mozilla/5.0 AppleWebKit/537.36 (KHTML, like Gecko; compatible; GPTBot/1.4; +https://openai.com/gptbot)"
74.7.227.180 - - [12/Sep/2026:11:10:04 -0300] "GET /public/files/banners/9ec474cfaca90c93faef7764f6885284.php?a=view&p=%2Flib64%2Flibxmlrpc_server.so.3.51 HTTP/1.1" 200 32944 "http://mail.siccoimper.com.br/public/files/banners/9ec474cfaca90c93faef7764f6885284.php?dir=desc&p=%2Flib64&sort=size" "Mozilla/5.0 AppleWebKit/537.36 (KHTML, like Gecko; compatible; GPTBot/1.4; +https://openai.com/gptbot)"
74.7.227.144 - - [12/Sep/2026:11:10:11 -0300] "GET /files/banners/9ec474cfaca90c93faef7764f6885284.php?a=view&p=%2Flib64%2Fgconv%2FCWI.so HTTP/1.1" 429 0 "http://siccoimper.com.br/files/banners/9ec474cfaca90c93faef7764f6885284.php?p=%2Flib64%2Fgconv" "Mozilla/5.0 AppleWebKit/537.36 (KHTML, like Gecko; compatible; GPTBot/1.4; +https://openai.com/gptbot)"
74.7.241.63 - - [12/Sep/2026:11:10:38 -0300] "GET /public/files/banners/9ec474cfaca90c93faef7764f6885284.php?a=edit&p=%2Flib64%2Fpython3.6%2Fntpath.py HTTP/1.1" 429 0 "http://www.siccoimper.com.br/public/files/banners/9ec474cfaca90c93faef7764f6885284.php?a=edit&p=%2Flib64%2Fpython3.6%2Fpoplib.py" "Mozilla/5.0 AppleWebKit/537.36 (KHTML, like Gecko; compatible; GPTBot/1.4; +https://openai.com/gptbot)"
74.7.241.63 - - [12/Sep/2026:11:10:58 -0300] "GET /public/files/banners/9ec474cfaca90c93faef7764f6885284.php?a=edit&p=%2Flib64%2Fpython3.6%2Fheapq.py HTTP/1.1" 429 0 "http://www.siccoimper.com.br/public/files/banners/9ec474cfaca90c93faef7764f6885284.php?a=edit&p=%2Flib64%2Fpython3.6%2Fpoplib.py" "Mozilla/5.0 AppleWebKit/537.36 (KHTML, like Gecko; compatible; GPTBot/1.4; +https://openai.com/gptbot)"
74.7.227.180 - - [12/Sep/2026:11:09:04 -0300] "GET /public/files/banners/9ec474cfaca90c93faef7764f6885284.php?a=view&p=%2Flib64%2Flibcurl.so.4.5.0 HTTP/1.1" 429 0 "http://mail.siccoimper.com.br/public/files/banners/9ec474cfaca90c93faef7764f6885284.php?dir=desc&p=%2Flib64&sort=size" "Mozilla/5.0 AppleWebKit/537.36 (KHTML, like Gecko; compatible; GPTBot/1.4; +https://openai.com/gptbot)"
74.7.241.63 - - [12/Sep/2026:11:09:22 -0300] "GET /public/files/banners/9ec474cfaca90c93faef7764f6885284.php?a=edit&p=%2Flib64%2Fpython2.7%2Fsmtpd.py HTTP/1.1" 429 0 "http://www.siccoimper.com.br/public/files/banners/9ec474cfaca90c93faef7764f6885284.php?a=edit&p=%2Flib64%2Fpython2.7%2FQueue.py" "Mozilla/5.0 AppleWebKit/537.36 (KHTML, like Gecko; compatible; GPTBot/1.4; +https://openai.com/gptbot)"
74.7.227.144 - - [12/Sep/2026:11:09:31 -0300] "GET /files/banners/9ec474cfaca90c93faef7764f6885284.php?a=view&p=%2Flib64%2Fgconv%2FMIK.so HTTP/1.1" 429 0 "http://siccoimper.com.br/files/banners/9ec474cfaca90c93faef7764f6885284.php?p=%2Flib64%2Fgconv" "Mozilla/5.0 AppleWebKit/537.36 (KHTML, like Gecko; compatible; GPTBot/1.4; +https://openai.com/gptbot)"
74.7.241.63 - - [12/Sep/2026:11:09:42 -0300] "GET /public/files/banners/9ec474cfaca90c93faef7764f6885284.php?a=edit&p=%2Flib64%2Fpython2.7%2Ftimeit.py HTTP/1.1" 429 0 "http://www.siccoimper.com.br/public/files/banners/9ec474cfaca90c93faef7764f6885284.php?a=edit&p=%2Flib64%2Fpython2.7%2FQueue.py" "Mozilla/5.0 AppleWebKit/537.36 (KHTML, like Gecko; compatible; GPTBot/1.4; +https://openai.com/gptbot)"
74.7.227.180 - - [12/Sep/2026:11:09:44 -0300] "GET /public/files/banners/9ec474cfaca90c93faef7764f6885284.php?a=view&p=%2Flib64%2Flibk5crypto.so.3.1 HTTP/1.1" 429 0 "http://mail.siccoimper.com.br/public/files/banners/9ec474cfaca90c93faef7764f6885284.php?dir=desc&p=%2Flib64&sort=size" "Mozilla/5.0 AppleWebKit/537.36 (KHTML, like Gecko; compatible; GPTBot/1.4; +https://openai.com/gptbot)"
74.7.227.144 - - [12/Sep/2026:11:09:51 -0300] "GET /files/banners/9ec474cfaca90c93faef7764f6885284.php?a=view&p=%2Flib64%2Fgconv%2FGBK.so HTTP/1.1" 429 0 "http://siccoimper.com.br/files/banners/9ec474cfaca90c93faef7764f6885284.php?p=%2Flib64%2Fgconv" "Mozilla/5.0 AppleWebKit/537.36 (KHTML, like Gecko; compatible; GPTBot/1.4; +https://openai.com/gptbot)"
74.7.241.63 - - [12/Sep/2026:11:10:02 -0300] "GET /public/files/banners/9ec474cfaca90c93faef7764f6885284.php?a=edit&p=%2Flib64%2Fpython3.8%2Fgzip.py HTTP/1.1" 200 22345 "http://www.siccoimper.com.br/public/files/banners/9ec474cfaca90c93faef7764f6885284.php?a=edit&p=%2Flib64%2Fpython3.8%2Ftyping.py" "Mozilla/5.0 AppleWebKit/537.36 (KHTML, like Gecko; compatible; GPTBot/1.4; +https://openai.com/gptbot)"
74.7.241.63 - - [12/Sep/2026:11:10:22 -0300] "GET /public/files/banners/9ec474cfaca90c93faef7764f6885284.php?a=edit&p=%2Flib64%2Fpython2.7%2Fssl.py HTTP/1.1" 429 0 "http://www.siccoimper.com.br/public/files/banners/9ec474cfaca90c93faef7764f6885284.php?a=edit&p=%2Flib64%2Fpython2.7%2FQueue.py" "Mozilla/5.0 AppleWebKit/537.36 (KHTML, like Gecko; compatible; GPTBot/1.4; +https://openai.com/gptbot)"
74.7.227.180 - - [12/Sep/2026:11:10:24 -0300] "GET /public/files/banners/9ec474cfaca90c93faef7764f6885284.php?a=view&p=%2Flib64%2Flibwmflite-0.2.so.7.0.2 HTTP/1.1" 429 0 "http://mail.siccoimper.com.br/public/files/banners/9ec474cfaca90c93faef7764f6885284.php?dir=desc&p=%2Flib64&sort=size" "Mozilla/5.0 AppleWebKit/537.36 (KHTML, like Gecko; compatible; GPTBot/1.4; +https://openai.com/gptbot)"
74.7.227.180 - - [12/Sep/2026:11:10:40 -0300] "GET /public/files/banners/9ec474cfaca90c93faef7764f6885284.php?a=view&p=%2Flib64%2Flibpangoft2-1.0.so.0.4200.3 HTTP/1.1" 429 0 "http://mail.siccoimper.com.br/public/files/banners/9ec474cfaca90c93faef7764f6885284.php?dir=desc&p=%2Flib64&sort=size" "Mozilla/5.0 AppleWebKit/537.36 (KHTML, like Gecko; compatible; GPTBot/1.4; +https://openai.com/gptbot)"
74.7.227.180 - - [12/Sep/2026:11:11:00 -0300] "GET /public/files/banners/9ec474cfaca90c93faef7764f6885284.php?a=view&p=%2Flib64%2Flibc.so.6 HTTP/1.1" 429 0 "http://mail.siccoimper.com.br/public/files/banners/9ec474cfaca90c93faef7764f6885284.php?dir=desc&p=%2Flib64&sort=size" "Mozilla/5.0 AppleWebKit/537.36 (KHTML, like Gecko; compatible; GPTBot/1.4; +https://openai.com/gptbot)"
74.7.241.63 - - [12/Sep/2026:11:11:18 -0300] "GET /public/files/banners/9ec474cfaca90c93faef7764f6885284.php?a=edit&p=%2Flib64%2Fpython3.6%2Fsre_parse.py HTTP/1.1" 429 0 "http://www.siccoimper.com.br/public/files/banners/9ec474cfaca90c93faef7764f6885284.php?a=edit&p=%2Flib64%2Fpython3.6%2Fpoplib.py" "Mozilla/5.0 AppleWebKit/537.36 (KHTML, like Gecko; compatible; GPTBot/1.4; +https://openai.com/gptbot)"
74.7.227.180 - - [12/Sep/2026:11:11:20 -0300] "GET /public/files/banners/9ec474cfaca90c93faef7764f6885284.php?a=view&p=%2Flib64%2Flibgio-2.0.so.0.5600.4 HTTP/1.1" 429 0 "http://mail.siccoimper.com.br/public/files/banners/9ec474cfaca90c93faef7764f6885284.php?dir=desc&p=%2Flib64&sort=size" "Mozilla/5.0 AppleWebKit/537.36 (KHTML, like Gecko; compatible; GPTBot/1.4; +https://openai.com/gptbot)"
74.7.241.63 - - [12/Sep/2026:11:11:38 -0300] "GET /public/files/banners/9ec474cfaca90c93faef7764f6885284.php?a=edit&p=%2Flib64%2Fpython2.7%2Fcsv.py HTTP/1.1" 200 40483 "http://www.siccoimper.com.br/public/files/banners/9ec474cfaca90c93faef7764f6885284.php?a=edit&p=%2Flib64%2Fpython2.7%2FQueue.py" "Mozilla/5.0 AppleWebKit/537.36 (KHTML, like Gecko; compatible; GPTBot/1.4; +https://openai.com/gptbot)"
74.7.241.63 - - [12/Sep/2026:11:11:58 -0300] "GET /public/files/banners/9ec474cfaca90c93faef7764f6885284.php?a=edit&p=%2Flib64%2Fpython2.7%2Fstat.py HTTP/1.1" 429 0 "http://www.siccoimper.com.br/public/files/banners/9ec474cfaca90c93faef7764f6885284.php?a=edit&p=%2Flib64%2Fpython2.7%2FQueue.py" "Mozilla/5.0 AppleWebKit/537.36 (KHTML, like Gecko; compatible; GPTBot/1.4; +https://openai.com/gptbot)"
74.7.227.180 - - [12/Sep/2026:11:12:20 -0300] "GET /public/files/banners/9ec474cfaca90c93faef7764f6885284.php?a=view&p=%2Flib64%2Flibnetfilter_queue.so.1.5.0 HTTP/1.1" 429 0 "http://mail.siccoimper.com.br/public/files/banners/9ec474cfaca90c93faef7764f6885284.php?dir=desc&p=%2Flib64&sort=size" "Mozilla/5.0 AppleWebKit/537.36 (KHTML, like Gecko; compatible; GPTBot/1.4; +https://openai.com/gptbot)"
74.7.227.180 - - [12/Sep/2026:11:12:39 -0300] "GET /public/files/banners/9ec474cfaca90c93faef7764f6885284.php?a=view&p=%2Flib64%2Flibjxl_threads.so.0.7 HTTP/1.1" 429 0 "http://mail.siccoimper.com.br/public/files/banners/9ec474cfaca90c93faef7764f6885284.php?dir=desc&p=%2Flib64&sort=size" "Mozilla/5.0 AppleWebKit/537.36 (KHTML, like Gecko; compatible; GPTBot/1.4; +https://openai.com/gptbot)"
74.7.227.144 - - [12/Sep/2026:11:12:47 -0300] "GET /files/banners/9ec474cfaca90c93faef7764f6885284.php?a=download&p=%2Flib64%2Fpython3.6%2Fdbm%2Fgnu.py HTTP/1.1" 429 0 "http://siccoimper.com.br/files/banners/9ec474cfaca90c93faef7764f6885284.php?p=%2Flib64%2Fpython3.6%2Fdbm" "Mozilla/5.0 AppleWebKit/537.36 (KHTML, like Gecko; compatible; GPTBot/1.4; +https://openai.com/gptbot)"
74.7.227.180 - - [12/Sep/2026:11:13:00 -0300] "GET /public/files/banners/9ec474cfaca90c93faef7764f6885284.php?p=%2Flib64%2Flibxslt-plugins HTTP/1.1" 200 2937 "http://mail.siccoimper.com.br/public/files/banners/9ec474cfaca90c93faef7764f6885284.php?dir=desc&p=%2Flib64&sort=size" "Mozilla/5.0 AppleWebKit/537.36 (KHTML, like Gecko; compatible; GPTBot/1.4; +https://openai.com/gptbot)"
74.7.241.63 - - [12/Sep/2026:11:13:14 -0300] "GET /public/files/banners/9ec474cfaca90c93faef7764f6885284.php?a=edit&p=%2Flib64%2Fpython3.6%2Fstat.py HTTP/1.1" 429 0 "http://www.siccoimper.com.br/public/files/banners/9ec474cfaca90c93faef7764f6885284.php?a=edit&p=%2Flib64%2Fpython3.6%2Fpoplib.py" "Mozilla/5.0 AppleWebKit/537.36 (KHTML, like Gecko; compatible; GPTBot/1.4; +https://openai.com/gptbot)"
74.7.227.144 - - [12/Sep/2026:11:11:31 -0300] "GET /files/banners/9ec474cfaca90c93faef7764f6885284.php?a=download&p=%2Flib64%2Fgconv%2FMAC-CENTRALEUROPE.so HTTP/1.1" 200 12072 "http://siccoimper.com.br/files/banners/9ec474cfaca90c93faef7764f6885284.php?p=%2Flib64%2Fgconv" "Mozilla/5.0 AppleWebKit/537.36 (KHTML, like Gecko; compatible; GPTBot/1.4; +https://openai.com/gptbot)"
74.7.227.180 - - [12/Sep/2026:11:11:40 -0300] "GET /public/files/banners/9ec474cfaca90c93faef7764f6885284.php?p=/lib64/engines-1.1 HTTP/1.1" 429 0 "http://mail.siccoimper.com.br/public/files/banners/9ec474cfaca90c93faef7764f6885284.php?p=%2Flib64%2Fengines-1.1" "Mozilla/5.0 AppleWebKit/537.36 (KHTML, like Gecko; compatible; GPTBot/1.4; +https://openai.com/gptbot)"
74.7.227.180 - - [12/Sep/2026:11:12:00 -0300] "GET /public/files/banners/9ec474cfaca90c93faef7764f6885284.php?dir=asc&p=%2Flib64%2Fc%2B%2B-plesk-10.3.0&sort=mtime HTTP/1.1" 429 0 "http://mail.siccoimper.com.br/public/files/banners/9ec474cfaca90c93faef7764f6885284.php?p=%2Flib64%2Fc%2B%2B-plesk-10.3.0" "Mozilla/5.0 AppleWebKit/537.36 (KHTML, like Gecko; compatible; GPTBot/1.4; +https://openai.com/gptbot)"
74.7.241.63 - - [12/Sep/2026:11:12:14 -0300] "GET /public/files/banners/9ec474cfaca90c93faef7764f6885284.php?a=edit&p=%2Flib64%2Fpython3.6%2Fpstats.py HTTP/1.1" 429 0 "http://www.siccoimper.com.br/public/files/banners/9ec474cfaca90c93faef7764f6885284.php?a=edit&p=%2Flib64%2Fpython3.6%2Fpoplib.py" "Mozilla/5.0 AppleWebKit/537.36 (KHTML, like Gecko; compatible; GPTBot/1.4; +https://openai.com/gptbot)"
74.7.227.144 - - [12/Sep/2026:11:12:27 -0300] "GET /files/banners/9ec474cfaca90c93faef7764f6885284.php?a=download&p=%2Flib64%2Fgconv%2FGEORGIAN-ACADEMY.so HTTP/1.1" 429 0 "http://siccoimper.com.br/files/banners/9ec474cfaca90c93faef7764f6885284.php?p=%2Flib64%2Fgconv" "Mozilla/5.0 AppleWebKit/537.36 (KHTML, like Gecko; compatible; GPTBot/1.4; +https://openai.com/gptbot)"
74.7.241.63 - - [12/Sep/2026:11:12:34 -0300] "GET /public/files/banners/9ec474cfaca90c93faef7764f6885284.php?a=edit&p=%2Flib64%2Fpython2.7%2Fmimify.py HTTP/1.1" 429 0 "http://www.siccoimper.com.br/public/files/banners/9ec474cfaca90c93faef7764f6885284.php?a=edit&p=%2Flib64%2Fpython2.7%2FQueue.py" "Mozilla/5.0 AppleWebKit/537.36 (KHTML, like Gecko; compatible; GPTBot/1.4; +https://openai.com/gptbot)"
74.7.241.63 - - [12/Sep/2026:11:12:54 -0300] "GET /public/files/banners/9ec474cfaca90c93faef7764f6885284.php?a=edit&p=%2Flib64%2Fpython3.8%2Fgetopt.py HTTP/1.1" 429 0 "http://www.siccoimper.com.br/public/files/banners/9ec474cfaca90c93faef7764f6885284.php?a=edit&p=%2Flib64%2Fpython3.8%2Ftyping.py" "Mozilla/5.0 AppleWebKit/537.36 (KHTML, like Gecko; compatible; GPTBot/1.4; +https://openai.com/gptbot)"
74.7.227.180 - - [12/Sep/2026:11:13:35 -0300] "GET /public/files/banners/9ec474cfaca90c93faef7764f6885284.php?a=view&p=%2Flib64%2Fpython2.7%2Flib2to3%2F__main__.py HTTP/1.1" 429 0 "http://mail.siccoimper.com.br/public/files/banners/9ec474cfaca90c93faef7764f6885284.php?a=edit&p=%2Flib64%2Fpython2.7%2Flib2to3%2F__main__.py" "Mozilla/5.0 AppleWebKit/537.36 (KHTML, like Gecko; compatible; GPTBot/1.4; +https://openai.com/gptbot)"
74.7.241.63 - - [12/Sep/2026:11:13:54 -0300] "GET /public/files/banners/9ec474cfaca90c93faef7764f6885284.php?a=edit&p=%2Flib64%2Fpython2.7%2Fsocket.py HTTP/1.1" 429 0 "http://www.siccoimper.com.br/public/files/banners/9ec474cfaca90c93faef7764f6885284.php?a=edit&p=%2Flib64%2Fpython2.7%2FQueue.py" "Mozilla/5.0 AppleWebKit/537.36 (KHTML, like Gecko; compatible; GPTBot/1.4; +https://openai.com/gptbot)"
74.7.241.63 - - [12/Sep/2026:11:14:14 -0300] "GET /public/files/banners/9ec474cfaca90c93faef7764f6885284.php?a=edit&p=%2Flib64%2Fpython3.8%2Fstat.py HTTP/1.1" 429 0 "http://www.siccoimper.com.br/public/files/banners/9ec474cfaca90c93faef7764f6885284.php?a=edit&p=%2Flib64%2Fpython3.8%2Fgzip.py" "Mozilla/5.0 AppleWebKit/537.36 (KHTML, like Gecko; compatible; GPTBot/1.4; +https://openai.com/gptbot)"
74.7.227.180 - - [12/Sep/2026:11:13:19 -0300] "GET /public/files/banners/9ec474cfaca90c93faef7764f6885284.php?a=view&p=%2Flib64%2Fld-linux-x86-64.so.2 HTTP/1.1" 429 0 "http://mail.siccoimper.com.br/public/files/banners/9ec474cfaca90c93faef7764f6885284.php?dir=desc&p=%2Flib64&sort=size" "Mozilla/5.0 AppleWebKit/537.36 (KHTML, like Gecko; compatible; GPTBot/1.4; +https://openai.com/gptbot)"
74.7.227.144 - - [12/Sep/2026:11:13:27 -0300] "GET /files/imagens/ca45068d3e39df10ba26e5cf5fa6f4eb.jpeg HTTP/1.1" 429 0 "http://siccoimper.com.br/portfolio/residencial-amsterdam-mogi-das-cruzes-construtora-panegassi" "Mozilla/5.0 AppleWebKit/537.36 (KHTML, like Gecko; compatible; GPTBot/1.4; +https://openai.com/gptbot)"
74.7.241.63 - - [12/Sep/2026:11:13:34 -0300] "GET /public/files/banners/9ec474cfaca90c93faef7764f6885284.php?a=edit&p=%2Flib64%2Fpython3.8%2Fpprint.py HTTP/1.1" 429 0 "http://www.siccoimper.com.br/public/files/banners/9ec474cfaca90c93faef7764f6885284.php?a=edit&p=%2Flib64%2Fpython3.8%2Fgzip.py" "Mozilla/5.0 AppleWebKit/537.36 (KHTML, like Gecko; compatible; GPTBot/1.4; +https://openai.com/gptbot)"
74.7.227.180 - - [12/Sep/2026:11:13:55 -0300] "GET /public/files/banners/9ec474cfaca90c93faef7764f6885284.php?a=view&p=%2Flib64%2Fpython2.7%2Flib2to3%2F__init__.py HTTP/1.1" 429 0 "http://mail.siccoimper.com.br/public/files/banners/9ec474cfaca90c93faef7764f6885284.php?a=edit&p=%2Flib64%2Fpython2.7%2Flib2to3%2F__main__.py" "Mozilla/5.0 AppleWebKit/537.36 (KHTML, like Gecko; compatible; GPTBot/1.4; +https://openai.com/gptbot)"
74.7.227.144 - - [12/Sep/2026:11:14:07 -0300] "GET /files/banners/9ec474cfaca90c93faef7764f6885284.php?a=view&p=%2Flib64%2Flibuser%2Flibuser_shadow.so HTTP/1.1" 429 0 "http://siccoimper.com.br/files/banners/9ec474cfaca90c93faef7764f6885284.php?p=%2Flib64%2Flibuser" "Mozilla/5.0 AppleWebKit/537.36 (KHTML, like Gecko; compatible; GPTBot/1.4; +https://openai.com/gptbot)"
74.7.227.180 - - [12/Sep/2026:11:14:16 -0300] "GET /public/files/banners/9ec474cfaca90c93faef7764f6885284.php?a=view&p=%2Flib64%2Fpython3.12%2Fxmlrpc%2F__init__.py HTTP/1.1" 429 0 "http://mail.siccoimper.com.br/public/files/banners/9ec474cfaca90c93faef7764f6885284.php?a=edit&p=%2Flib64%2Fpython3.12%2Fxmlrpc%2F__init__.py" "Mozilla/5.0 AppleWebKit/537.36 (KHTML, like Gecko; compatible; GPTBot/1.4; +https://openai.com/gptbot)"
74.7.241.63 - - [12/Sep/2026:11:14:54 -0300] "GET /public/files/banners/9ec474cfaca90c93faef7764f6885284.php?a=edit&p=%2Flib64%2Fpython3.6%2Fcode.py HTTP/1.1" 429 0 "http://www.siccoimper.com.br/public/files/banners/9ec474cfaca90c93faef7764f6885284.php?a=edit&p=%2Flib64%2Fpython3.6%2Fpoplib.py" "Mozilla/5.0 AppleWebKit/537.36 (KHTML, like Gecko; compatible; GPTBot/1.4; +https://openai.com/gptbot)"
74.7.227.180 - - [12/Sep/2026:11:14:56 -0300] "GET /public/files/banners/9ec474cfaca90c93faef7764f6885284.php?a=view&p=%2Flib64%2Flibpango-1.0.so.0.4200.3 HTTP/1.1" 429 0 "http://mail.siccoimper.com.br/public/files/banners/9ec474cfaca90c93faef7764f6885284.php?dir=desc&p=%2Flib64&sort=size" "Mozilla/5.0 AppleWebKit/537.36 (KHTML, like Gecko; compatible; GPTBot/1.4; +https://openai.com/gptbot)"
74.7.227.180 - - [12/Sep/2026:11:15:15 -0300] "GET /public/files/banners/9ec474cfaca90c93faef7764f6885284.php?dir=asc&p=%2Flib64%2Fc%2B%2B-plesk-10.3.0&sort=size HTTP/1.1" 429 0 "http://mail.siccoimper.com.br/public/files/banners/9ec474cfaca90c93faef7764f6885284.php?p=%2Flib64%2Fc%2B%2B-plesk-10.3.0" "Mozilla/5.0 AppleWebKit/537.36 (KHTML, like Gecko; compatible; GPTBot/1.4; +https://openai.com/gptbot)"
74.7.241.63 - - [12/Sep/2026:11:15:30 -0300] "GET /public/files/banners/9ec474cfaca90c93faef7764f6885284.php?a=edit&p=%2Flib64%2Fpython2.7%2F_strptime.py HTTP/1.1" 429 0 "http://www.siccoimper.com.br/public/files/banners/9ec474cfaca90c93faef7764f6885284.php?a=edit&p=%2Flib64%2Fpython2.7%2Fcsv.py" "Mozilla/5.0 AppleWebKit/537.36 (KHTML, like Gecko; compatible; GPTBot/1.4; +https://openai.com/gptbot)"
74.7.241.63 - - [12/Sep/2026:11:14:34 -0300] "GET /public/files/banners/9ec474cfaca90c93faef7764f6885284.php?a=edit&p=%2Flib64%2Fpython3.8%2Fpickle.py HTTP/1.1" 200 32126 "http://www.siccoimper.com.br/public/files/banners/9ec474cfaca90c93faef7764f6885284.php?a=edit&p=%2Flib64%2Fpython3.8%2Ftyping.py" "Mozilla/5.0 AppleWebKit/537.36 (KHTML, like Gecko; compatible; GPTBot/1.4; +https://openai.com/gptbot)"
74.7.227.180 - - [12/Sep/2026:11:14:36 -0300] "GET /public/files/banners/9ec474cfaca90c93faef7764f6885284.php?a=view&p=%2Flib64%2Fpython3.12%2Fhttp%2F__init__.py HTTP/1.1" 429 0 "http://mail.siccoimper.com.br/public/files/banners/9ec474cfaca90c93faef7764f6885284.php?a=edit&p=%2Flib64%2Fpython3.12%2Fhttp%2F__init__.py" "Mozilla/5.0 AppleWebKit/537.36 (KHTML, like Gecko; compatible; GPTBot/1.4; +https://openai.com/gptbot)"
74.7.227.144 - - [12/Sep/2026:11:14:47 -0300] "GET /files/banners/9ec474cfaca90c93faef7764f6885284.php?a=view&p=%2Flib64%2Flibuser%2Flibuser_ldap.so HTTP/1.1" 429 0 "http://siccoimper.com.br/files/banners/9ec474cfaca90c93faef7764f6885284.php?p=%2Flib64%2Flibuser" "Mozilla/5.0 AppleWebKit/537.36 (KHTML, like Gecko; compatible; GPTBot/1.4; +https://openai.com/gptbot)"
74.7.241.63 - - [12/Sep/2026:11:15:10 -0300] "GET /public/files/banners/9ec474cfaca90c93faef7764f6885284.php?a=edit&p=%2Flib64%2Fpython2.7%2Ftimeit.py HTTP/1.1" 429 0 "http://www.siccoimper.com.br/public/files/banners/9ec474cfaca90c93faef7764f6885284.php?a=edit&p=%2Flib64%2Fpython2.7%2Fcsv.py" "Mozilla/5.0 AppleWebKit/537.36 (KHTML, like Gecko; compatible; GPTBot/1.4; +https://openai.com/gptbot)"
74.7.227.144 - - [12/Sep/2026:11:15:43 -0300] "GET /files/banners/9ec474cfaca90c93faef7764f6885284.php?a=view&p=%2Flib64%2Flibuser%2Flibuser_files.so HTTP/1.1" 429 0 "http://siccoimper.com.br/files/banners/9ec474cfaca90c93faef7764f6885284.php?p=%2Flib64%2Flibuser" "Mozilla/5.0 AppleWebKit/537.36 (KHTML, like Gecko; compatible; GPTBot/1.4; +https://openai.com/gptbot)"
74.7.241.63 - - [12/Sep/2026:11:15:50 -0300] "GET /public/files/banners/9ec474cfaca90c93faef7764f6885284.php?a=edit&p=%2Flib64%2Fpython2.7%2Fsndhdr.py HTTP/1.1" 429 0 "http://www.siccoimper.com.br/public/files/banners/9ec474cfaca90c93faef7764f6885284.php?a=edit&p=%2Flib64%2Fpython2.7%2Fcsv.py" "Mozilla/5.0 AppleWebKit/537.36 (KHTML, like Gecko; compatible; GPTBot/1.4; +https://openai.com/gptbot)"
74.7.227.180 - - [12/Sep/2026:11:15:56 -0300] "GET /public/files/banners/9ec474cfaca90c93faef7764f6885284.php?a=view&p=%2Flib64%2Flibgobject-2.0.so.0.5600.4 HTTP/1.1" 200 346296 "http://mail.siccoimper.com.br/public/files/banners/9ec474cfaca90c93faef7764f6885284.php?dir=desc&p=%2Flib64&sort=size" "Mozilla/5.0 AppleWebKit/537.36 (KHTML, like Gecko; compatible; GPTBot/1.4; +https://openai.com/gptbot)"
74.7.241.63 - - [12/Sep/2026:11:16:10 -0300] "GET /public/files/banners/9ec474cfaca90c93faef7764f6885284.php?a=edit&p=%2Flib64%2Fpython2.7%2Fast.py HTTP/1.1" 429 0 "http://www.siccoimper.com.br/public/files/banners/9ec474cfaca90c93faef7764f6885284.php?a=edit&p=%2Flib64%2Fpython2.7%2Fcsv.py" "Mozilla/5.0 AppleWebKit/537.36 (KHTML, like Gecko; compatible; GPTBot/1.4; +https://openai.com/gptbot)"
74.7.241.63 - - [12/Sep/2026:11:16:50 -0300] "GET /public/files/banners/9ec474cfaca90c93faef7764f6885284.php?a=edit&p=%2Flib64%2Fpython2.7%2Fssl.py HTTP/1.1" 429 0 "http://www.siccoimper.com.br/public/files/banners/9ec474cfaca90c93faef7764f6885284.php?a=edit&p=%2Flib64%2Fpython2.7%2Fcsv.py" "Mozilla/5.0 AppleWebKit/537.36 (KHTML, like Gecko; compatible; GPTBot/1.4; +https://openai.com/gptbot)"
74.7.227.180 - - [12/Sep/2026:11:16:52 -0300] "GET /public/files/banners/9ec474cfaca90c93faef7764f6885284.php?a=view&p=%2Flib64%2Flibgthread-2.0.so.0.5600.4 HTTP/1.1" 429 0 "http://mail.siccoimper.com.br/public/files/banners/9ec474cfaca90c93faef7764f6885284.php?dir=desc&p=%2Flib64&sort=size" "Mozilla/5.0 AppleWebKit/537.36 (KHTML, like Gecko; compatible; GPTBot/1.4; +https://openai.com/gptbot)"
74.7.227.180 - - [12/Sep/2026:11:15:35 -0300] "GET /public/files/banners/9ec474cfaca90c93faef7764f6885284.php?a=view&p=%2Flib64%2Flibgmodule-2.0.so.0.5600.4 HTTP/1.1" 429 0 "http://mail.siccoimper.com.br/public/files/banners/9ec474cfaca90c93faef7764f6885284.php?dir=desc&p=%2Flib64&sort=size" "Mozilla/5.0 AppleWebKit/537.36 (KHTML, like Gecko; compatible; GPTBot/1.4; +https://openai.com/gptbot)"
74.7.227.144 - - [12/Sep/2026:11:16:03 -0300] "GET /files/banners/9ec474cfaca90c93faef7764f6885284.php?dir=desc&p=%2Fhome%2Fsiccoimper%2Fpublic_html%2Fpublic%2Ffiles%2Fservicos&sort=mtime HTTP/1.1" 200 5505 "http://siccoimper.com.br/files/banners/9ec474cfaca90c93faef7764f6885284.php?dir=asc&p=%2Fhome%2Fsiccoimper%2Fpublic_html%2Fpublic%2Ffiles%2Fservicos&sort=mtime" "Mozilla/5.0 AppleWebKit/537.36 (KHTML, like Gecko; compatible; GPTBot/1.4; +https://openai.com/gptbot)"
74.7.227.180 - - [12/Sep/2026:11:16:16 -0300] "GET /public/files/banners/9ec474cfaca90c93faef7764f6885284.php?a=view&p=%2Flib64%2Flibpangoxft-1.0.so.0.4200.3 HTTP/1.1" 429 0 "http://mail.siccoimper.com.br/public/files/banners/9ec474cfaca90c93faef7764f6885284.php?dir=desc&p=%2Flib64&sort=size" "Mozilla/5.0 AppleWebKit/537.36 (KHTML, like Gecko; compatible; GPTBot/1.4; +https://openai.com/gptbot)"
205.210.31.60 - - [12/Sep/2026:11:16:22 -0300] "GET / HTTP/1.1" 200 20354 "-" "Hello from Palo Alto Networks, find out more about our scans in https://docs-cortex.paloaltonetworks.com/r/1/Cortex-Xpanse/Scanning-activity"
74.7.241.63 - - [12/Sep/2026:11:16:30 -0300] "GET /public/files/banners/9ec474cfaca90c93faef7764f6885284.php?a=edit&p=%2Flib64%2Fpython3.6%2Fcmd.py HTTP/1.1" 429 0 "http://www.siccoimper.com.br/public/files/banners/9ec474cfaca90c93faef7764f6885284.php?a=edit&p=%2Flib64%2Fpython3.6%2Fpoplib.py" "Mozilla/5.0 AppleWebKit/537.36 (KHTML, like Gecko; compatible; GPTBot/1.4; +https://openai.com/gptbot)"
74.7.227.180 - - [12/Sep/2026:11:16:32 -0300] "GET /public/files/banners/9ec474cfaca90c93faef7764f6885284.php?p=/lib64/libxslt-plugins HTTP/1.1" 429 0 "http://mail.siccoimper.com.br/public/files/banners/9ec474cfaca90c93faef7764f6885284.php?p=%2Flib64%2Flibxslt-plugins" "Mozilla/5.0 AppleWebKit/537.36 (KHTML, like Gecko; compatible; GPTBot/1.4; +https://openai.com/gptbot)"
74.7.227.144 - - [12/Sep/2026:11:16:39 -0300] "GET /files/banners/9ec474cfaca90c93faef7764f6885284.php?a=download&p=%2Flib64%2Flibgpg-error.so.0 HTTP/1.1" 429 0 "http://siccoimper.com.br/files/banners/9ec474cfaca90c93faef7764f6885284.php?p=%2Flib64" "Mozilla/5.0 AppleWebKit/537.36 (KHTML, like Gecko; compatible; GPTBot/1.4; +https://openai.com/gptbot)"
74.7.227.180 - - [12/Sep/2026:11:17:11 -0300] "GET /public/files/banners/9ec474cfaca90c93faef7764f6885284.php?a=view&p=%2Flib64%2Flibrsvg-2.so.2.42.7 HTTP/1.1" 429 0 "http://mail.siccoimper.com.br/public/files/banners/9ec474cfaca90c93faef7764f6885284.php?dir=desc&p=%2Flib64&sort=size" "Mozilla/5.0 AppleWebKit/537.36 (KHTML, like Gecko; compatible; GPTBot/1.4; +https://openai.com/gptbot)"
74.7.227.180 - - [12/Sep/2026:11:17:32 -0300] "GET /public/files/banners/9ec474cfaca90c93faef7764f6885284.php?a=view&p=%2Flib64%2Flibmlx4.so.1.0.48.0 HTTP/1.1" 200 54456 "http://mail.siccoimper.com.br/public/files/banners/9ec474cfaca90c93faef7764f6885284.php?dir=desc&p=%2Flib64&sort=size" "Mozilla/5.0 AppleWebKit/537.36 (KHTML, like Gecko; compatible; GPTBot/1.4; +https://openai.com/gptbot)"
74.7.241.63 - - [12/Sep/2026:11:17:50 -0300] "GET /public/files/banners/9ec474cfaca90c93faef7764f6885284.php?a=edit&p=%2Flib64%2Fpython3.6%2Ftypes.py HTTP/1.1" 429 0 "http://www.siccoimper.com.br/public/files/banners/9ec474cfaca90c93faef7764f6885284.php?a=edit&p=%2Flib64%2Fpython3.6%2Ftyping.py" "Mozilla/5.0 AppleWebKit/537.36 (KHTML, like Gecko; compatible; GPTBot/1.4; +https://openai.com/gptbot)"
74.7.241.63 - - [12/Sep/2026:11:17:10 -0300] "GET /public/files/banners/9ec474cfaca90c93faef7764f6885284.php?a=edit&p=%2Flib64%2Fpython2.7%2Fftplib.py HTTP/1.1" 429 0 "http://www.siccoimper.com.br/public/files/banners/9ec474cfaca90c93faef7764f6885284.php?a=edit&p=%2Flib64%2Fpython2.7%2Fcsv.py" "Mozilla/5.0 AppleWebKit/537.36 (KHTML, like Gecko; compatible; GPTBot/1.4; +https://openai.com/gptbot)"
74.7.241.63 - - [12/Sep/2026:11:17:30 -0300] "GET /public/files/banners/9ec474cfaca90c93faef7764f6885284.php?a=edit&p=%2Flib64%2Fpython2.7%2Fpdb.py HTTP/1.1" 200 48299 "http://www.siccoimper.com.br/public/files/banners/9ec474cfaca90c93faef7764f6885284.php?a=edit&p=%2Flib64%2Fpython2.7%2FQueue.py" "Mozilla/5.0 AppleWebKit/537.36 (KHTML, like Gecko; compatible; GPTBot/1.4; +https://openai.com/gptbot)"
74.7.227.180 - - [12/Sep/2026:11:17:51 -0300] "GET /public/files/banners/9ec474cfaca90c93faef7764f6885284.php?a=view&p=%2Flib64%2Flibwebpdecoder.so.3.0.2 HTTP/1.1" 429 0 "http://mail.siccoimper.com.br/public/files/banners/9ec474cfaca90c93faef7764f6885284.php?dir=desc&p=%2Flib64&sort=size" "Mozilla/5.0 AppleWebKit/537.36 (KHTML, like Gecko; compatible; GPTBot/1.4; +https://openai.com/gptbot)"
74.7.227.144 - - [12/Sep/2026:11:17:59 -0300] "GET /files/banners/9ec474cfaca90c93faef7764f6885284.php?a=view&p=%2Flib64%2Fpython3.6%2Femail%2Fmime%2Fbase.py HTTP/1.1" 429 0 "http://siccoimper.com.br/files/banners/9ec474cfaca90c93faef7764f6885284.php?p=%2Flib64%2Fpython3.6%2Femail%2Fmime" "Mozilla/5.0 AppleWebKit/537.36 (KHTML, like Gecko; compatible; GPTBot/1.4; +https://openai.com/gptbot)"
74.7.241.63 - - [12/Sep/2026:11:18:46 -0300] "GET /public/files/banners/9ec474cfaca90c93faef7764f6885284.php?a=edit&p=%2Flib64%2Fpython3.8%2Fgetopt.py HTTP/1.1" 429 0 "http://www.siccoimper.com.br/public/files/banners/9ec474cfaca90c93faef7764f6885284.php?a=edit&p=%2Flib64%2Fpython3.8%2Fpickle.py" "Mozilla/5.0 AppleWebKit/537.36 (KHTML, like Gecko; compatible; GPTBot/1.4; +https://openai.com/gptbot)"
74.7.227.180 - - [12/Sep/2026:11:18:47 -0300] "GET /public/files/banners/9ec474cfaca90c93faef7764f6885284.php?a=view&p=%2Flib64%2Flibstdc%2B%2B.so.6.0.25 HTTP/1.1" 429 0 "http://mail.siccoimper.com.br/public/files/banners/9ec474cfaca90c93faef7764f6885284.php?dir=desc&p=%2Flib64&sort=size" "Mozilla/5.0 AppleWebKit/537.36 (KHTML, like Gecko; compatible; GPTBot/1.4; +https://openai.com/gptbot)"
74.7.241.63 - - [12/Sep/2026:11:19:06 -0300] "GET /public/files/banners/9ec474cfaca90c93faef7764f6885284.php?a=edit&p=%2Flib64%2Fpython3.8%2Frunpy.py HTTP/1.1" 200 19834 "http://www.siccoimper.com.br/public/files/banners/9ec474cfaca90c93faef7764f6885284.php?a=edit&p=%2Flib64%2Fpython3.8%2Flzma.py" "Mozilla/5.0 AppleWebKit/537.36 (KHTML, like Gecko; compatible; GPTBot/1.4; +https://openai.com/gptbot)"
74.7.227.180 - - [12/Sep/2026:11:19:28 -0300] "GET /public/files/banners/9ec474cfaca90c93faef7764f6885284.php?a=view&p=%2Flib64%2Fpython2.7%2Flib2to3%2F__init__.pyo HTTP/1.1" 429 0 "http://mail.siccoimper.com.br/public/files/banners/9ec474cfaca90c93faef7764f6885284.php?a=edit&p=%2Flib64%2Fpython2.7%2Flib2to3%2F__main__.py" "Mozilla/5.0 AppleWebKit/537.36 (KHTML, like Gecko; compatible; GPTBot/1.4; +https://openai.com/gptbot)"
74.7.227.144 - - [12/Sep/2026:11:19:35 -0300] "GET /files/banners/9ec474cfaca90c93faef7764f6885284.php?a=view&p=%2Fhome%2Fsiccoimper%2Fpublic_html%2Fpublic%2Ffiles%2Fservicos%2F0702a8eaff4a5a63cfc5178df63f3b3a.jpg HTTP/1.1" 429 0 "http://siccoimper.com.br/files/banners/9ec474cfaca90c93faef7764f6885284.php?dir=desc&p=%2Fhome%2Fsiccoimper%2Fpublic_html%2Fpublic%2Ffiles%2Fservicos&sort=mtime" "Mozilla/5.0 AppleWebKit/537.36 (KHTML, like Gecko; compatible; GPTBot/1.4; +https://openai.com/gptbot)"
74.7.241.63 - - [12/Sep/2026:11:18:06 -0300] "GET /public/files/banners/9ec474cfaca90c93faef7764f6885284.php?a=edit&p=%2Flib64%2Fpython3.8%2Fpprint.py HTTP/1.1" 429 0 "http://www.siccoimper.com.br/public/files/banners/9ec474cfaca90c93faef7764f6885284.php?a=edit&p=%2Flib64%2Fpython3.8%2Fpickle.py" "Mozilla/5.0 AppleWebKit/537.36 (KHTML, like Gecko; compatible; GPTBot/1.4; +https://openai.com/gptbot)"
74.7.227.180 - - [12/Sep/2026:11:18:08 -0300] "GET /public/files/banners/9ec474cfaca90c93faef7764f6885284.php?a=view&p=%2Flib64%2Flibevent_pthreads-2.1.so.6.0.2 HTTP/1.1" 429 0 "http://mail.siccoimper.com.br/public/files/banners/9ec474cfaca90c93faef7764f6885284.php?dir=desc&p=%2Flib64&sort=size" "Mozilla/5.0 AppleWebKit/537.36 (KHTML, like Gecko; compatible; GPTBot/1.4; +https://openai.com/gptbot)"
74.7.241.63 - - [12/Sep/2026:11:18:26 -0300] "GET /public/files/banners/9ec474cfaca90c93faef7764f6885284.php?a=edit&p=%2Flib64%2Fpython3.8%2Fstat.py HTTP/1.1" 429 0 "http://www.siccoimper.com.br/public/files/banners/9ec474cfaca90c93faef7764f6885284.php?a=edit&p=%2Flib64%2Fpython3.8%2Fpickle.py" "Mozilla/5.0 AppleWebKit/537.36 (KHTML, like Gecko; compatible; GPTBot/1.4; +https://openai.com/gptbot)"
74.7.227.180 - - [12/Sep/2026:11:18:28 -0300] "GET /public/files/banners/9ec474cfaca90c93faef7764f6885284.php?a=view&p=%2Flib64%2FlibGLX_system.so.0 HTTP/1.1" 429 0 "http://mail.siccoimper.com.br/public/files/banners/9ec474cfaca90c93faef7764f6885284.php?dir=desc&p=%2Flib64&sort=size" "Mozilla/5.0 AppleWebKit/537.36 (KHTML, like Gecko; compatible; GPTBot/1.4; +https://openai.com/gptbot)"
74.7.227.144 - - [12/Sep/2026:11:18:39 -0300] "GET /files/banners/9ec474cfaca90c93faef7764f6885284.php?a=view&p=%2Flib64%2Fpython3.6%2Femail%2Ffeedparser.py HTTP/1.1" 429 0 "http://siccoimper.com.br/files/banners/9ec474cfaca90c93faef7764f6885284.php?p=%2Flib64%2Fpython3.6%2Femail" "Mozilla/5.0 AppleWebKit/537.36 (KHTML, like Gecko; compatible; GPTBot/1.4; +https://openai.com/gptbot)"
74.7.227.180 - - [12/Sep/2026:11:19:08 -0300] "GET /public/files/banners/9ec474cfaca90c93faef7764f6885284.php?a=view&p=%2Flib64%2Flibgdk_pixbuf-2.0.so.0.3612.0 HTTP/1.1" 429 0 "http://mail.siccoimper.com.br/public/files/banners/9ec474cfaca90c93faef7764f6885284.php?dir=desc&p=%2Flib64&sort=size" "Mozilla/5.0 AppleWebKit/537.36 (KHTML, like Gecko; compatible; GPTBot/1.4; +https://openai.com/gptbot)"
74.7.241.63 - - [12/Sep/2026:11:19:26 -0300] "GET /public/files/banners/9ec474cfaca90c93faef7764f6885284.php?a=edit&p=%2Flib64%2Fpython3.8%2Fzipapp.py HTTP/1.1" 429 0 "http://www.siccoimper.com.br/public/files/banners/9ec474cfaca90c93faef7764f6885284.php?a=edit&p=%2Flib64%2Fpython3.8%2Fglob.py" "Mozilla/5.0 AppleWebKit/537.36 (KHTML, like Gecko; compatible; GPTBot/1.4; +https://openai.com/gptbot)"
74.7.227.180 - - [12/Sep/2026:11:19:48 -0300] "GET /public/files/banners/9ec474cfaca90c93faef7764f6885284.php?a=view&p=%2Flib64%2Fpython2.7%2Flib2to3%2F__main__.pyc HTTP/1.1" 429 0 "http://mail.siccoimper.com.br/public/files/banners/9ec474cfaca90c93faef7764f6885284.php?a=edit&p=%2Flib64%2Fpython2.7%2Flib2to3%2F__main__.py" "Mozilla/5.0 AppleWebKit/537.36 (KHTML, like Gecko; compatible; GPTBot/1.4; +https://openai.com/gptbot)"
74.7.227.144 - - [12/Sep/2026:11:19:55 -0300] "GET /files/banners/9ec474cfaca90c93faef7764f6885284.php?a=view&p=%2Fhome%2Fsiccoimper%2Fpublic_html%2Fpublic%2Ffiles%2Fservicos%2F10de26c4db33f189c911fdecc539451e.jpg HTTP/1.1" 429 0 "http://siccoimper.com.br/files/banners/9ec474cfaca90c93faef7764f6885284.php?dir=desc&p=%2Fhome%2Fsiccoimper%2Fpublic_html%2Fpublic%2Ffiles%2Fservicos&sort=mtime" "Mozilla/5.0 AppleWebKit/537.36 (KHTML, like Gecko; compatible; GPTBot/1.4; +https://openai.com/gptbot)"
74.7.241.63 - - [12/Sep/2026:11:20:02 -0300] "GET /public/files/banners/9ec474cfaca90c93faef7764f6885284.php?a=edit&p=%2Flib64%2Fpython3.8%2Fenum.py HTTP/1.1" 429 0 "http://www.siccoimper.com.br/public/files/banners/9ec474cfaca90c93faef7764f6885284.php?p=%2Flib64%2Fpython3.8" "Mozilla/5.0 AppleWebKit/537.36 (KHTML, like Gecko; compatible; GPTBot/1.4; +https://openai.com/gptbot)"
74.7.241.63 - - [12/Sep/2026:11:19:42 -0300] "GET /public/files/banners/9ec474cfaca90c93faef7764f6885284.php?a=edit&p=%2Flib64%2Fpython3.6%2Fbdb.py HTTP/1.1" 429 0 "http://www.siccoimper.com.br/public/files/banners/9ec474cfaca90c93faef7764f6885284.php?p=%2Flib64%2Fpython3.6" "Mozilla/5.0 AppleWebKit/537.36 (KHTML, like Gecko; compatible; GPTBot/1.4; +https://openai.com/gptbot)"
74.7.227.180 - - [12/Sep/2026:11:20:08 -0300] "GET /public/files/banners/9ec474cfaca90c93faef7764f6885284.php?a=view&p=%2Flib64%2Fliborc-test-0.4.so.0.28.0 HTTP/1.1" 429 0 "http://mail.siccoimper.com.br/public/files/banners/9ec474cfaca90c93faef7764f6885284.php?dir=desc&p=%2Flib64&sort=size" "Mozilla/5.0 AppleWebKit/537.36 (KHTML, like Gecko; compatible; GPTBot/1.4; +https://openai.com/gptbot)"
74.7.241.63 - - [12/Sep/2026:11:20:22 -0300] "GET /public/files/banners/9ec474cfaca90c93faef7764f6885284.php?a=edit&p=%2Flib64%2Fpython2.7%2Fsmtpd.py HTTP/1.1" 429 0 "http://www.siccoimper.com.br/public/files/banners/9ec474cfaca90c93faef7764f6885284.php?a=edit&p=%2Flib64%2Fpython2.7%2Fcsv.py" "Mozilla/5.0 AppleWebKit/537.36 (KHTML, like Gecko; compatible; GPTBot/1.4; +https://openai.com/gptbot)"
74.7.227.180 - - [12/Sep/2026:11:20:28 -0300] "GET /public/files/banners/9ec474cfaca90c93faef7764f6885284.php?a=view&p=%2Flib64%2Flibgnutls.so.30.28.2 HTTP/1.1" 200 2060016 "http://mail.siccoimper.com.br/public/files/banners/9ec474cfaca90c93faef7764f6885284.php?dir=desc&p=%2Flib64&sort=size" "Mozilla/5.0 AppleWebKit/537.36 (KHTML, like Gecko; compatible; GPTBot/1.4; +https://openai.com/gptbot)"
74.7.227.144 - - [12/Sep/2026:11:20:55 -0300] "GET /files/banners/9ec474cfaca90c93faef7764f6885284.php?a=view&p=%2Fhome%2Fsiccoimper%2Fpublic_html%2Fpublic%2Ffiles%2Fservicos%2F8a70abedaa5476bad80dd8e6e320a8bc.jpg HTTP/1.1" 429 0 "http://siccoimper.com.br/files/banners/9ec474cfaca90c93faef7764f6885284.php?dir=desc&p=%2Fhome%2Fsiccoimper%2Fpublic_html%2Fpublic%2Ffiles%2Fservicos&sort=mtime" "Mozilla/5.0 AppleWebKit/537.36 (KHTML, like Gecko; compatible; GPTBot/1.4; +https://openai.com/gptbot)"
74.7.241.63 - - [12/Sep/2026:11:21:02 -0300] "GET /public/files/banners/9ec474cfaca90c93faef7764f6885284.php?a=edit&p=%2Flib64%2Fpython2.7%2Fftplib.py HTTP/1.1" 429 0 "http://www.siccoimper.com.br/public/files/banners/9ec474cfaca90c93faef7764f6885284.php?a=edit&p=%2Flib64%2Fpython2.7%2Fpdb.py" "Mozilla/5.0 AppleWebKit/537.36 (KHTML, like Gecko; compatible; GPTBot/1.4; +https://openai.com/gptbot)"
74.7.241.63 - - [12/Sep/2026:11:21:22 -0300] "GET /public/files/banners/9ec474cfaca90c93faef7764f6885284.php?a=edit&p=%2Flib64%2Fpython2.7%2Fsndhdr.py HTTP/1.1" 429 0 "http://www.siccoimper.com.br/public/files/banners/9ec474cfaca90c93faef7764f6885284.php?a=edit&p=%2Flib64%2Fpython2.7%2Fpdb.py" "Mozilla/5.0 AppleWebKit/537.36 (KHTML, like Gecko; compatible; GPTBot/1.4; +https://openai.com/gptbot)"
74.7.227.144 - - [12/Sep/2026:11:21:31 -0300] "GET /files/banners/9ec474cfaca90c93faef7764f6885284.php?a=download&p=%2Fhome%2Fsiccoimper%2Fpublic_html%2Fpublic%2Ffiles%2Fservicos%2Fa042a7d50f83ca550e8e7bf4330f6721.png HTTP/1.1" 429 0 "http://siccoimper.com.br/files/banners/9ec474cfaca90c93faef7764f6885284.php?dir=desc&p=%2Fhome%2Fsiccoimper%2Fpublic_html%2Fpublic%2Ffiles%2Fservicos&sort=mtime" "Mozilla/5.0 AppleWebKit/537.36 (KHTML, like Gecko; compatible; GPTBot/1.4; +https://openai.com/gptbot)"
74.7.227.180 - - [12/Sep/2026:11:21:44 -0300] "GET /public/files/banners/9ec474cfaca90c93faef7764f6885284.php?a=view&p=%2Flib64%2Fliblber-2.4.so.2.10.9 HTTP/1.1" 429 0 "http://mail.siccoimper.com.br/public/files/banners/9ec474cfaca90c93faef7764f6885284.php?dir=desc&p=%2Flib64&sort=size" "Mozilla/5.0 AppleWebKit/537.36 (KHTML, like Gecko; compatible; GPTBot/1.4; +https://openai.com/gptbot)"
74.7.227.144 - - [12/Sep/2026:11:20:15 -0300] "GET /files/banners/9ec474cfaca90c93faef7764f6885284.php?a=view&p=%2Fhome%2Fsiccoimper%2Fpublic_html%2Fpublic%2Ffiles%2Fservicos%2Fb1eb361799fb16f735355283a7ebac98.jpg HTTP/1.1" 429 0 "http://siccoimper.com.br/files/banners/9ec474cfaca90c93faef7764f6885284.php?dir=desc&p=%2Fhome%2Fsiccoimper%2Fpublic_html%2Fpublic%2Ffiles%2Fservicos&sort=mtime" "Mozilla/5.0 AppleWebKit/537.36 (KHTML, like Gecko; compatible; GPTBot/1.4; +https://openai.com/gptbot)"
74.7.227.144 - - [12/Sep/2026:11:20:35 -0300] "GET /files/banners/9ec474cfaca90c93faef7764f6885284.php?a=view&p=%2Fhome%2Fsiccoimper%2Fpublic_html%2Fpublic%2Ffiles%2Fservicos%2F4816c184f86dff3cd73ca099bdd96f35.jpg HTTP/1.1" 200 67955 "http://siccoimper.com.br/files/banners/9ec474cfaca90c93faef7764f6885284.php?dir=desc&p=%2Fhome%2Fsiccoimper%2Fpublic_html%2Fpublic%2Ffiles%2Fservicos&sort=mtime" "Mozilla/5.0 AppleWebKit/537.36 (KHTML, like Gecko; compatible; GPTBot/1.4; +https://openai.com/gptbot)"
74.7.241.63 - - [12/Sep/2026:11:20:42 -0300] "GET /public/files/banners/9ec474cfaca90c93faef7764f6885284.php?a=edit&p=%2Flib64%2Fpython2.7%2FCookie.py HTTP/1.1" 429 0 "http://www.siccoimper.com.br/public/files/banners/9ec474cfaca90c93faef7764f6885284.php?p=%2Flib64%2Fpython2.7" "Mozilla/5.0 AppleWebKit/537.36 (KHTML, like Gecko; compatible; GPTBot/1.4; +https://openai.com/gptbot)"
74.7.227.180 - - [12/Sep/2026:11:20:48 -0300] "GET /public/files/banners/9ec474cfaca90c93faef7764f6885284.php?a=view&p=%2Flib64%2Flibnettle.so.6.5 HTTP/1.1" 429 0 "http://mail.siccoimper.com.br/public/files/banners/9ec474cfaca90c93faef7764f6885284.php?dir=desc&p=%2Flib64&sort=size" "Mozilla/5.0 AppleWebKit/537.36 (KHTML, like Gecko; compatible; GPTBot/1.4; +https://openai.com/gptbot)"
74.7.227.180 - - [12/Sep/2026:11:21:04 -0300] "GET /public/files/banners/9ec474cfaca90c93faef7764f6885284.php?a=view&p=%2Flib64%2Flibpanelw.so.5.9 HTTP/1.1" 429 0 "http://mail.siccoimper.com.br/public/files/banners/9ec474cfaca90c93faef7764f6885284.php?dir=desc&p=%2Flib64&sort=size" "Mozilla/5.0 AppleWebKit/537.36 (KHTML, like Gecko; compatible; GPTBot/1.4; +https://openai.com/gptbot)"
74.7.227.144 - - [12/Sep/2026:11:21:11 -0300] "GET /files/banners/9ec474cfaca90c93faef7764f6885284.php?a=download&p=%2Fhome%2Fsiccoimper%2Fpublic_html%2Fpublic%2Ffiles%2Fservicos%2Fe0dc708552b7d56b239df6b27e3efb71.png HTTP/1.1" 429 0 "http://siccoimper.com.br/files/banners/9ec474cfaca90c93faef7764f6885284.php?dir=desc&p=%2Fhome%2Fsiccoimper%2Fpublic_html%2Fpublic%2Ffiles%2Fservicos&sort=mtime" "Mozilla/5.0 AppleWebKit/537.36 (KHTML, like Gecko; compatible; GPTBot/1.4; +https://openai.com/gptbot)"
74.7.227.180 - - [12/Sep/2026:11:21:23 -0300] "GET /public/files/banners/9ec474cfaca90c93faef7764f6885284.php?a=view&p=%2Flib64%2Flibpanelw.so.6.1 HTTP/1.1" 429 0 "http://mail.siccoimper.com.br/public/files/banners/9ec474cfaca90c93faef7764f6885284.php?dir=desc&p=%2Flib64&sort=size" "Mozilla/5.0 AppleWebKit/537.36 (KHTML, like Gecko; compatible; GPTBot/1.4; +https://openai.com/gptbot)"
74.7.241.63 - - [12/Sep/2026:11:21:42 -0300] "GET /public/files/banners/9ec474cfaca90c93faef7764f6885284.php?a=edit&p=%2Flib64%2Fpython2.7%2Fssl.py HTTP/1.1" 429 0 "http://www.siccoimper.com.br/public/files/banners/9ec474cfaca90c93faef7764f6885284.php?a=edit&p=%2Flib64%2Fpython2.7%2Fpdb.py" "Mozilla/5.0 AppleWebKit/537.36 (KHTML, like Gecko; compatible; GPTBot/1.4; +https://openai.com/gptbot)"
74.7.241.63 - - [12/Sep/2026:11:22:02 -0300] "GET /public/files/banners/9ec474cfaca90c93faef7764f6885284.php?a=edit&p=%2Flib64%2Fpython2.7%2Fast.py HTTP/1.1" 200 39221 "http://www.siccoimper.com.br/public/files/banners/9ec474cfaca90c93faef7764f6885284.php?a=edit&p=%2Flib64%2Fpython2.7%2Fpdb.py" "Mozilla/5.0 AppleWebKit/537.36 (KHTML, like Gecko; compatible; GPTBot/1.4; +https://openai.com/gptbot)"
74.7.227.180 - - [12/Sep/2026:11:22:04 -0300] "GET /public/files/banners/9ec474cfaca90c93faef7764f6885284.php?a=view&p=%2Flib64%2Fliborc-0.4.so.0.28.0 HTTP/1.1" 429 0 "http://mail.siccoimper.com.br/public/files/banners/9ec474cfaca90c93faef7764f6885284.php?dir=desc&p=%2Flib64&sort=size" "Mozilla/5.0 AppleWebKit/537.36 (KHTML, like Gecko; compatible; GPTBot/1.4; +https://openai.com/gptbot)"
74.7.227.144 - - [12/Sep/2026:11:22:11 -0300] "GET /files/banners/9ec474cfaca90c93faef7764f6885284.php?a=view&p=%2Fhome%2Fsiccoimper%2Fpublic_html%2Fpublic%2Ffiles%2Fservicos%2F5916becca47dd5dd6f7c3d7269104ee8.jpg HTTP/1.1" 429 0 "http://siccoimper.com.br/files/banners/9ec474cfaca90c93faef7764f6885284.php?dir=desc&p=%2Fhome%2Fsiccoimper%2Fpublic_html%2Fpublic%2Ffiles%2Fservicos&sort=mtime" "Mozilla/5.0 AppleWebKit/537.36 (KHTML, like Gecko; compatible; GPTBot/1.4; +https://openai.com/gptbot)"
74.7.241.63 - - [12/Sep/2026:11:22:22 -0300] "GET /public/files/banners/9ec474cfaca90c93faef7764f6885284.php?a=edit&p=%2Flib64%2Fpython2.7%2Fstat.py HTTP/1.1" 429 0 "http://www.siccoimper.com.br/public/files/banners/9ec474cfaca90c93faef7764f6885284.php?a=edit&p=%2Flib64%2Fpython2.7%2Fpdb.py" "Mozilla/5.0 AppleWebKit/537.36 (KHTML, like Gecko; compatible; GPTBot/1.4; +https://openai.com/gptbot)"
74.7.227.180 - - [12/Sep/2026:11:22:23 -0300] "GET /public/files/banners/9ec474cfaca90c93faef7764f6885284.php?p=%2Flib64%2Flibboost-plesk-1.74 HTTP/1.1" 429 0 "http://mail.siccoimper.com.br/public/files/banners/9ec474cfaca90c93faef7764f6885284.php?dir=desc&p=%2Flib64&sort=size" "Mozilla/5.0 AppleWebKit/537.36 (KHTML, like Gecko; compatible; GPTBot/1.4; +https://openai.com/gptbot)"
74.7.227.144 - - [12/Sep/2026:11:22:31 -0300] "GET /files/banners/9ec474cfaca90c93faef7764f6885284.php?a=view&p=%2Fhome%2Fsiccoimper%2Fpublic_html%2Fpublic%2Ffiles%2Fservicos%2Fdfc7fdbf035ffdf5895e7fdf668326d7.jpg HTTP/1.1" 429 0 "http://siccoimper.com.br/files/banners/9ec474cfaca90c93faef7764f6885284.php?dir=desc&p=%2Fhome%2Fsiccoimper%2Fpublic_html%2Fpublic%2Ffiles%2Fservicos&sort=mtime" "Mozilla/5.0 AppleWebKit/537.36 (KHTML, like Gecko; compatible; GPTBot/1.4; +https://openai.com/gptbot)"
74.7.227.180 - - [12/Sep/2026:11:22:44 -0300] "GET /public/files/banners/9ec474cfaca90c93faef7764f6885284.php?p=%2Flib64%2Fpython3.12%2Fxml%2Fparsers HTTP/1.1" 429 0 "http://mail.siccoimper.com.br/public/files/banners/9ec474cfaca90c93faef7764f6885284.php?a=edit&p=%2Flib64%2Fpython3.12%2Fxml%2F__init__.py" "Mozilla/5.0 AppleWebKit/537.36 (KHTML, like Gecko; compatible; GPTBot/1.4; +https://openai.com/gptbot)"
74.7.241.63 - - [12/Sep/2026:11:22:58 -0300] "GET /public/files/banners/9ec474cfaca90c93faef7764f6885284.php?a=edit&p=%2Flib64%2Fpython2.7%2Fsocket.py HTTP/1.1" 429 0 "http://www.siccoimper.com.br/public/files/banners/9ec474cfaca90c93faef7764f6885284.php?a=edit&p=%2Flib64%2Fpython2.7%2Fpdb.py" "Mozilla/5.0 AppleWebKit/537.36 (KHTML, like Gecko; compatible; GPTBot/1.4; +https://openai.com/gptbot)"
74.7.227.180 - - [12/Sep/2026:11:23:44 -0300] "GET /public/files/banners/9ec474cfaca90c93faef7764f6885284.php?a=view&p=%2Flib64%2Flibkrb5support.so.0 HTTP/1.1" 429 0 "http://mail.siccoimper.com.br/public/files/banners/9ec474cfaca90c93faef7764f6885284.php?dir=desc&p=%2Flib64&sort=size" "Mozilla/5.0 AppleWebKit/537.36 (KHTML, like Gecko; compatible; GPTBot/1.4; +https://openai.com/gptbot)"
74.7.241.63 - - [12/Sep/2026:11:23:58 -0300] "GET /public/files/banners/9ec474cfaca90c93faef7764f6885284.php?a=edit&p=%2Flib64%2Fpython3.8%2Fabc.py HTTP/1.1" 429 0 "http://www.siccoimper.com.br/public/files/banners/9ec474cfaca90c93faef7764f6885284.php?a=edit&p=%2Flib64%2Fpython3.8%2Fshlex.py" "Mozilla/5.0 AppleWebKit/537.36 (KHTML, like Gecko; compatible; GPTBot/1.4; +https://openai.com/gptbot)"
74.7.227.144 - - [12/Sep/2026:11:21:51 -0300] "GET /files/banners/9ec474cfaca90c93faef7764f6885284.php?a=view&p=%2Fhome%2Fsiccoimper%2Fpublic_html%2Fpublic%2Ffiles%2Fservicos%2F3566a205a8c203f2c95e262cec640e42.jpg HTTP/1.1" 429 0 "http://siccoimper.com.br/files/banners/9ec474cfaca90c93faef7764f6885284.php?dir=desc&p=%2Fhome%2Fsiccoimper%2Fpublic_html%2Fpublic%2Ffiles%2Fservicos&sort=mtime" "Mozilla/5.0 AppleWebKit/537.36 (KHTML, like Gecko; compatible; GPTBot/1.4; +https://openai.com/gptbot)"
74.7.241.63 - - [12/Sep/2026:11:22:38 -0300] "GET /public/files/banners/9ec474cfaca90c93faef7764f6885284.php?a=edit&p=%2Flib64%2Fpython3.8%2Fstat.py HTTP/1.1" 429 0 "http://www.siccoimper.com.br/public/files/banners/9ec474cfaca90c93faef7764f6885284.php?a=edit&p=%2Flib64%2Fpython3.8%2Frunpy.py" "Mozilla/5.0 AppleWebKit/537.36 (KHTML, like Gecko; compatible; GPTBot/1.4; +https://openai.com/gptbot)"
74.7.227.144 - - [12/Sep/2026:11:22:51 -0300] "GET /files/banners/9ec474cfaca90c93faef7764f6885284.php?a=view&p=%2Flib64%2Fpython3.12%2Femail%2Ffeedparser.py HTTP/1.1" 429 0 "http://siccoimper.com.br/files/banners/9ec474cfaca90c93faef7764f6885284.php?p=%2Flib64%2Fpython3.12%2Femail" "Mozilla/5.0 AppleWebKit/537.36 (KHTML, like Gecko; compatible; GPTBot/1.4; +https://openai.com/gptbot)"
74.7.227.180 - - [12/Sep/2026:11:23:03 -0300] "GET /public/files/banners/9ec474cfaca90c93faef7764f6885284.php?a=view&p=%2Flib64%2Flibinotifytools.so.0 HTTP/1.1" 429 0 "http://mail.siccoimper.com.br/public/files/banners/9ec474cfaca90c93faef7764f6885284.php?dir=desc&p=%2Flib64&sort=size" "Mozilla/5.0 AppleWebKit/537.36 (KHTML, like Gecko; compatible; GPTBot/1.4; +https://openai.com/gptbot)"
74.7.227.144 - - [12/Sep/2026:11:23:11 -0300] "GET /files/banners/9ec474cfaca90c93faef7764f6885284.php?a=view&p=%2Flib64%2Fpython3.6%2Femail%2Fiterators.py HTTP/1.1" 429 0 "http://siccoimper.com.br/files/banners/9ec474cfaca90c93faef7764f6885284.php?p=%2Flib64%2Fpython3.6%2Femail" "Mozilla/5.0 AppleWebKit/537.36 (KHTML, like Gecko; compatible; GPTBot/1.4; +https://openai.com/gptbot)"
74.7.241.63 - - [12/Sep/2026:11:23:18 -0300] "GET /public/files/banners/9ec474cfaca90c93faef7764f6885284.php?a=edit&p=%2Flib64%2Fpython2.7%2Fmimify.py HTTP/1.1" 429 0 "http://www.siccoimper.com.br/public/files/banners/9ec474cfaca90c93faef7764f6885284.php?a=edit&p=%2Flib64%2Fpython2.7%2Fpdb.py" "Mozilla/5.0 AppleWebKit/537.36 (KHTML, like Gecko; compatible; GPTBot/1.4; +https://openai.com/gptbot)"
