74.7.227.180 - - [12/Sep/2026:09:46:53 -0300] "GET /public/files/banners/9ec474cfaca90c93faef7764f6885284.php?a=view&p=%2Flib64%2Fperl5%2Fendian.ph HTTP/1.1" 200 4461 "http://mail.siccoimper.com.br/public/files/banners/9ec474cfaca90c93faef7764f6885284.php?dir=asc&p=%2Flib64%2Fperl5&sort=mtime" "Mozilla/5.0 AppleWebKit/537.36 (KHTML, like Gecko; compatible; GPTBot/1.4; +https://openai.com/gptbot)"
74.7.227.180 - - [12/Sep/2026:09:46:55 -0300] "GET /public/files/banners/9ec474cfaca90c93faef7764f6885284.php?a=view&p=%2Flib64%2Fperl5%2FFcntl.pm HTTP/1.1" 200 4044 "http://mail.siccoimper.com.br/public/files/banners/9ec474cfaca90c93faef7764f6885284.php?dir=asc&p=%2Flib64%2Fperl5&sort=mtime" "Mozilla/5.0 AppleWebKit/537.36 (KHTML, like Gecko; compatible; GPTBot/1.4; +https://openai.com/gptbot)"
74.7.227.180 - - [12/Sep/2026:09:46:56 -0300] "GET /public/files/banners/9ec474cfaca90c93faef7764f6885284.php?a=view&p=%2Flib64%2Fperl5%2FIO.pm HTTP/1.1" 200 1453 "http://mail.siccoimper.com.br/public/files/banners/9ec474cfaca90c93faef7764f6885284.php?dir=asc&p=%2Flib64%2Fperl5&sort=mtime" "Mozilla/5.0 AppleWebKit/537.36 (KHTML, like Gecko; compatible; GPTBot/1.4; +https://openai.com/gptbot)"
74.7.227.144 - - [12/Sep/2026:09:46:56 -0300] "GET /files/banners/9ec474cfaca90c93faef7764f6885284.php?a=download&p=%2Flib64%2Fpython3.6%2Fxml%2Fetree%2FElementInclude.py HTTP/1.1" 200 5151 "http://siccoimper.com.br/files/banners/9ec474cfaca90c93faef7764f6885284.php?p=%2Flib64%2Fpython3.6%2Fxml%2Fetree" "Mozilla/5.0 AppleWebKit/537.36 (KHTML, like Gecko; compatible; GPTBot/1.4; +https://openai.com/gptbot)"
74.7.227.180 - - [12/Sep/2026:09:46:57 -0300] "GET /public/files/banners/9ec474cfaca90c93faef7764f6885284.php?a=edit&p=%2Flib64%2Fperl5%2Fsyscall.ph HTTP/1.1" 200 6605 "http://mail.siccoimper.com.br/public/files/banners/9ec474cfaca90c93faef7764f6885284.php?dir=asc&p=%2Flib64%2Fperl5&sort=mtime" "Mozilla/5.0 AppleWebKit/537.36 (KHTML, like Gecko; compatible; GPTBot/1.4; +https://openai.com/gptbot)"
74.7.227.180 - - [12/Sep/2026:09:46:58 -0300] "GET /public/files/banners/9ec474cfaca90c93faef7764f6885284.php?a=edit&p=%2Flib64%2Fperl5%2FOpcode.pm HTTP/1.1" 200 13387 "http://mail.siccoimper.com.br/public/files/banners/9ec474cfaca90c93faef7764f6885284.php?dir=asc&p=%2Flib64%2Fperl5&sort=mtime" "Mozilla/5.0 AppleWebKit/537.36 (KHTML, like Gecko; compatible; GPTBot/1.4; +https://openai.com/gptbot)"
74.7.227.180 - - [12/Sep/2026:09:46:59 -0300] "GET /public/files/banners/9ec474cfaca90c93faef7764f6885284.php?a=edit&p=%2Flib64%2Fperl5%2FErrno.pm HTTP/1.1" 200 9825 "http://mail.siccoimper.com.br/public/files/banners/9ec474cfaca90c93faef7764f6885284.php?dir=asc&p=%2Flib64%2Fperl5&sort=mtime" "Mozilla/5.0 AppleWebKit/537.36 (KHTML, like Gecko; compatible; GPTBot/1.4; +https://openai.com/gptbot)"
74.7.227.180 - - [12/Sep/2026:09:46:59 -0300] "GET /public/files/banners/9ec474cfaca90c93faef7764f6885284.php?a=edit&p=%2Flib64%2Fperl5%2F_h2ph_pre.ph HTTP/1.1" 200 11093 "http://mail.siccoimper.com.br/public/files/banners/9ec474cfaca90c93faef7764f6885284.php?dir=asc&p=%2Flib64%2Fperl5&sort=mtime" "Mozilla/5.0 AppleWebKit/537.36 (KHTML, like Gecko; compatible; GPTBot/1.4; +https://openai.com/gptbot)"
74.7.227.144 - - [12/Sep/2026:09:47:00 -0300] "GET /files/banners/9ec474cfaca90c93faef7764f6885284.php?a=download&p=%2Flib64%2Fpython3.6%2Fxml%2Fetree%2FElementTree.py HTTP/1.1" 200 57029 "http://siccoimper.com.br/files/banners/9ec474cfaca90c93faef7764f6885284.php?p=%2Flib64%2Fpython3.6%2Fxml%2Fetree" "Mozilla/5.0 AppleWebKit/537.36 (KHTML, like Gecko; compatible; GPTBot/1.4; +https://openai.com/gptbot)"
74.7.227.180 - - [12/Sep/2026:09:47:00 -0300] "GET /public/files/banners/9ec474cfaca90c93faef7764f6885284.php?a=view&p=%2Flib64%2Fperl5%2Fsyslimits.ph HTTP/1.1" 200 452 "http://mail.siccoimper.com.br/public/files/banners/9ec474cfaca90c93faef7764f6885284.php?dir=asc&p=%2Flib64%2Fperl5&sort=mtime" "Mozilla/5.0 AppleWebKit/537.36 (KHTML, like Gecko; compatible; GPTBot/1.4; +https://openai.com/gptbot)"
74.7.227.180 - - [12/Sep/2026:09:47:00 -0300] "GET /public/files/banners/9ec474cfaca90c93faef7764f6885284.php?p=%2Flib64%2Fmysql%2Fplugin%2Fauth_pam_tool_dir HTTP/1.1" 200 2980 "http://mail.siccoimper.com.br/public/files/banners/9ec474cfaca90c93faef7764f6885284.php?p=%2Flib64%2Fmysql%2Fplugin" "Mozilla/5.0 AppleWebKit/537.36 (KHTML, like Gecko; compatible; GPTBot/1.4; +https://openai.com/gptbot)"
74.7.227.180 - - [12/Sep/2026:09:47:01 -0300] "GET /public/files/banners/9ec474cfaca90c93faef7764f6885284.php?p=/lib64/perl5/vendor_perl/Net HTTP/1.1" 200 3469 "http://mail.siccoimper.com.br/public/files/banners/9ec474cfaca90c93faef7764f6885284.php?p=%2Flib64%2Fperl5%2Fvendor_perl%2FNet" "Mozilla/5.0 AppleWebKit/537.36 (KHTML, like Gecko; compatible; GPTBot/1.4; +https://openai.com/gptbot)"
74.7.227.180 - - [12/Sep/2026:09:47:01 -0300] "GET /public/files/banners/9ec474cfaca90c93faef7764f6885284.php?p=/lib64/perl5/vendor_perl/DBD HTTP/1.1" 200 3956 "http://mail.siccoimper.com.br/public/files/banners/9ec474cfaca90c93faef7764f6885284.php?p=%2Flib64%2Fperl5%2Fvendor_perl%2FDBD" "Mozilla/5.0 AppleWebKit/537.36 (KHTML, like Gecko; compatible; GPTBot/1.4; +https://openai.com/gptbot)"
74.7.227.180 - - [12/Sep/2026:09:47:02 -0300] "GET /public/files/banners/9ec474cfaca90c93faef7764f6885284.php?p=%2Flib64%2Fperl5%2Fvendor_perl%2FNet%2FSSLeay HTTP/1.1" 200 3302 "http://mail.siccoimper.com.br/public/files/banners/9ec474cfaca90c93faef7764f6885284.php?p=%2Flib64%2Fperl5%2Fvendor_perl%2FNet" "Mozilla/5.0 AppleWebKit/537.36 (KHTML, like Gecko; compatible; GPTBot/1.4; +https://openai.com/gptbot)"
74.7.227.180 - - [12/Sep/2026:09:47:02 -0300] "GET /public/files/banners/9ec474cfaca90c93faef7764f6885284.php?p=%2Flib64%2Fperl5%2Fvendor_perl%2FDBD%2FGofer HTTP/1.1" 200 3273 "http://mail.siccoimper.com.br/public/files/banners/9ec474cfaca90c93faef7764f6885284.php?p=%2Flib64%2Fperl5%2Fvendor_perl%2FDBD" "Mozilla/5.0 AppleWebKit/537.36 (KHTML, like Gecko; compatible; GPTBot/1.4; +https://openai.com/gptbot)"
74.7.227.144 - - [12/Sep/2026:09:47:02 -0300] "GET /files/banners/9ec474cfaca90c93faef7764f6885284.php?a=download&p=%2Flib64%2Fpython3.6%2Femail%2Fmime%2Fapplication.py HTTP/1.1" 200 1321 "http://siccoimper.com.br/files/banners/9ec474cfaca90c93faef7764f6885284.php?p=%2Flib64%2Fpython3.6%2Femail%2Fmime" "Mozilla/5.0 AppleWebKit/537.36 (KHTML, like Gecko; compatible; GPTBot/1.4; +https://openai.com/gptbot)"
74.7.227.180 - - [12/Sep/2026:09:47:03 -0300] "GET /public/files/banners/9ec474cfaca90c93faef7764f6885284.php?p=%2Flib64%2Fperl5%2Fvendor_perl%2FDBD%2FFile HTTP/1.1" 200 3468 "http://mail.siccoimper.com.br/public/files/banners/9ec474cfaca90c93faef7764f6885284.php?p=%2Flib64%2Fperl5%2Fvendor_perl%2FDBD" "Mozilla/5.0 AppleWebKit/537.36 (KHTML, like Gecko; compatible; GPTBot/1.4; +https://openai.com/gptbot)"
74.7.227.180 - - [12/Sep/2026:09:47:03 -0300] "GET /public/files/banners/9ec474cfaca90c93faef7764f6885284.php?dir=desc&p=%2Flib64%2Fperl5&sort=name HTTP/1.1" 200 6323 "http://mail.siccoimper.com.br/public/files/banners/9ec474cfaca90c93faef7764f6885284.php?a=edit&p=%2Flib64%2Fperl5%2Fsyscall.ph" "Mozilla/5.0 AppleWebKit/537.36 (KHTML, like Gecko; compatible; GPTBot/1.4; +https://openai.com/gptbot)"
74.7.227.180 - - [12/Sep/2026:09:47:04 -0300] "GET /public/files/banners/9ec474cfaca90c93faef7764f6885284.php?a=edit&p=%2Flib64%2Fpython3.12%2Fre%2F__init__.py HTTP/1.1" 200 9212 "http://mail.siccoimper.com.br/public/files/banners/9ec474cfaca90c93faef7764f6885284.php?p=%2Flib64%2Fpython3.12%2Fre" "Mozilla/5.0 AppleWebKit/537.36 (KHTML, like Gecko; compatible; GPTBot/1.4; +https://openai.com/gptbot)"
74.7.227.180 - - [12/Sep/2026:09:47:04 -0300] "GET /public/files/banners/9ec474cfaca90c93faef7764f6885284.php?a=view&p=%2Flib64%2Fpython2.7%2Femail%2Fbase64mime.pyc HTTP/1.1" 200 5323 "http://mail.siccoimper.com.br/public/files/banners/9ec474cfaca90c93faef7764f6885284.php?p=%2Flib64%2Fpython2.7%2Femail" "Mozilla/5.0 AppleWebKit/537.36 (KHTML, like Gecko; compatible; GPTBot/1.4; +https://openai.com/gptbot)"
74.7.227.180 - - [12/Sep/2026:09:47:05 -0300] "GET /public/files/banners/9ec474cfaca90c93faef7764f6885284.php?a=view&p=%2Flib64%2Fpython3.12%2Femail%2Fbase64mime.py HTTP/1.1" 200 3551 "http://mail.siccoimper.com.br/public/files/banners/9ec474cfaca90c93faef7764f6885284.php?p=%2Flib64%2Fpython3.12%2Femail" "Mozilla/5.0 AppleWebKit/537.36 (KHTML, like Gecko; compatible; GPTBot/1.4; +https://openai.com/gptbot)"
74.7.227.180 - - [12/Sep/2026:09:47:05 -0300] "GET /public/files/banners/9ec474cfaca90c93faef7764f6885284.php?a=view&p=%2Flib64%2Fpython2.7%2Femail%2Fbase64mime.pyo HTTP/1.1" 200 5323 "http://mail.siccoimper.com.br/public/files/banners/9ec474cfaca90c93faef7764f6885284.php?p=%2Flib64%2Fpython2.7%2Femail" "Mozilla/5.0 AppleWebKit/537.36 (KHTML, like Gecko; compatible; GPTBot/1.4; +https://openai.com/gptbot)"
74.7.227.180 - - [12/Sep/2026:09:47:06 -0300] "GET /public/files/banners/9ec474cfaca90c93faef7764f6885284.php?p=/lib64/mysql/plugin/auth_pam_tool_dir HTTP/1.1" 429 0 "http://mail.siccoimper.com.br/public/files/banners/9ec474cfaca90c93faef7764f6885284.php?p=%2Flib64%2Fmysql%2Fplugin%2Fauth_pam_tool_dir" "Mozilla/5.0 AppleWebKit/537.36 (KHTML, like Gecko; compatible; GPTBot/1.4; +https://openai.com/gptbot)"
74.7.227.144 - - [12/Sep/2026:09:47:06 -0300] "GET /files/banners/9ec474cfaca90c93faef7764f6885284.php?a=download&p=%2Flib64%2Fpython3.6%2Femail%2F__pycache__%2Ffeedparser.cpython-36.pyc HTTP/1.1" 200 10646 "http://siccoimper.com.br/files/banners/9ec474cfaca90c93faef7764f6885284.php?p=%2Flib64%2Fpython3.6%2Femail%2F__pycache__" "Mozilla/5.0 AppleWebKit/537.36 (KHTML, like Gecko; compatible; GPTBot/1.4; +https://openai.com/gptbot)"
74.7.241.63 - - [12/Sep/2026:09:46:55 -0300] "GET /public/files/banners/9ec474cfaca90c93faef7764f6885284.php?a=edit&p=%2Flib64%2Fpython3.6%2F__phello__.foo.py HTTP/1.1" 200 15531 "http://www.siccoimper.com.br/public/files/banners/9ec474cfaca90c93faef7764f6885284.php?a=edit&p=%2Flib64%2Fpython3.6%2Fsignal.py" "Mozilla/5.0 AppleWebKit/537.36 (KHTML, like Gecko; compatible; GPTBot/1.4; +https://openai.com/gptbot)"
74.7.241.63 - - [12/Sep/2026:09:46:58 -0300] "GET /public/files/banners/9ec474cfaca90c93faef7764f6885284.php?a=view&p=%2Flib64%2Fpython2.7%2Frobotparser.py HTTP/1.1" 200 7695 "http://www.siccoimper.com.br/public/files/banners/9ec474cfaca90c93faef7764f6885284.php?a=edit&p=%2Flib64%2Fpython2.7%2Fbinhex.py" "Mozilla/5.0 AppleWebKit/537.36 (KHTML, like Gecko; compatible; GPTBot/1.4; +https://openai.com/gptbot)"
74.7.241.63 - - [12/Sep/2026:09:47:00 -0300] "GET /public/files/banners/9ec474cfaca90c93faef7764f6885284.php?a=view&p=%2Flib64%2Fpython2.7%2Fsubprocess.pyc HTTP/1.1" 200 32398 "http://www.siccoimper.com.br/public/files/banners/9ec474cfaca90c93faef7764f6885284.php?a=edit&p=%2Flib64%2Fpython2.7%2Fbinhex.py" "Mozilla/5.0 AppleWebKit/537.36 (KHTML, like Gecko; compatible; GPTBot/1.4; +https://openai.com/gptbot)"
74.7.241.63 - - [12/Sep/2026:09:47:02 -0300] "GET /public/files/banners/9ec474cfaca90c93faef7764f6885284.php?a=view&p=%2Flib64%2Fpython2.7%2Flinecache.pyc HTTP/1.1" 200 3272 "http://www.siccoimper.com.br/public/files/banners/9ec474cfaca90c93faef7764f6885284.php?a=edit&p=%2Flib64%2Fpython2.7%2Fbinhex.py" "Mozilla/5.0 AppleWebKit/537.36 (KHTML, like Gecko; compatible; GPTBot/1.4; +https://openai.com/gptbot)"
74.7.241.63 - - [12/Sep/2026:09:47:03 -0300] "GET /public/files/banners/9ec474cfaca90c93faef7764f6885284.php?a=view&p=%2Flib64%2Fpython2.7%2Fstringprep.pyc HTTP/1.1" 200 14487 "http://www.siccoimper.com.br/public/files/banners/9ec474cfaca90c93faef7764f6885284.php?a=edit&p=%2Flib64%2Fpython2.7%2Fbinhex.py" "Mozilla/5.0 AppleWebKit/537.36 (KHTML, like Gecko; compatible; GPTBot/1.4; +https://openai.com/gptbot)"
74.7.241.63 - - [12/Sep/2026:09:47:04 -0300] "GET /public/files/banners/9ec474cfaca90c93faef7764f6885284.php?a=view&p=%2Flib64%2Fpython2.7%2Frobotparser.pyc HTTP/1.1" 200 8003 "http://www.siccoimper.com.br/public/files/banners/9ec474cfaca90c93faef7764f6885284.php?a=edit&p=%2Flib64%2Fpython2.7%2Fbinhex.py" "Mozilla/5.0 AppleWebKit/537.36 (KHTML, like Gecko; compatible; GPTBot/1.4; +https://openai.com/gptbot)"
74.7.241.63 - - [12/Sep/2026:09:47:05 -0300] "GET /public/files/banners/9ec474cfaca90c93faef7764f6885284.php?a=view&p=%2Flib64%2Fpython2.7%2Fpickletools.pyo HTTP/1.1" 200 56171 "http://www.siccoimper.com.br/public/files/banners/9ec474cfaca90c93faef7764f6885284.php?a=edit&p=%2Flib64%2Fpython2.7%2Fbinhex.py" "Mozilla/5.0 AppleWebKit/537.36 (KHTML, like Gecko; compatible; GPTBot/1.4; +https://openai.com/gptbot)"
74.7.241.63 - - [12/Sep/2026:09:47:06 -0300] "GET /public/files/banners/9ec474cfaca90c93faef7764f6885284.php?a=view&p=%2Flib64%2Fpython2.7%2Fcollections.pyc HTTP/1.1" 200 26163 "http://www.siccoimper.com.br/public/files/banners/9ec474cfaca90c93faef7764f6885284.php?a=edit&p=%2Flib64%2Fpython2.7%2Fbinhex.py" "Mozilla/5.0 AppleWebKit/537.36 (KHTML, like Gecko; compatible; GPTBot/1.4; +https://openai.com/gptbot)"
74.7.241.63 - - [12/Sep/2026:09:47:06 -0300] "GET /public/files/banners/9ec474cfaca90c93faef7764f6885284.php?a=view&p=%2Flib64%2Fpython2.7%2Ftraceback.pyc HTTP/1.1" 200 11679 "http://www.siccoimper.com.br/public/files/banners/9ec474cfaca90c93faef7764f6885284.php?a=edit&p=%2Flib64%2Fpython2.7%2Fbinhex.py" "Mozilla/5.0 AppleWebKit/537.36 (KHTML, like Gecko; compatible; GPTBot/1.4; +https://openai.com/gptbot)"
74.7.241.63 - - [12/Sep/2026:09:47:07 -0300] "GET /public/files/banners/9ec474cfaca90c93faef7764f6885284.php?a=view&p=%2Flib64%2Fpython2.7%2Frobotparser.pyo HTTP/1.1" 200 8003 "http://www.siccoimper.com.br/public/files/banners/9ec474cfaca90c93faef7764f6885284.php?a=edit&p=%2Flib64%2Fpython2.7%2Fbinhex.py" "Mozilla/5.0 AppleWebKit/537.36 (KHTML, like Gecko; compatible; GPTBot/1.4; +https://openai.com/gptbot)"
74.7.241.63 - - [12/Sep/2026:09:47:07 -0300] "GET /public/files/banners/9ec474cfaca90c93faef7764f6885284.php?a=edit&p=%2Flib64%2Fpython2.7%2Ffunctools.py HTTP/1.1" 200 36606 "http://www.siccoimper.com.br/public/files/banners/9ec474cfaca90c93faef7764f6885284.php?a=edit&p=%2Flib64%2Fpython2.7%2F__phello__.foo.py" "Mozilla/5.0 AppleWebKit/537.36 (KHTML, like Gecko; compatible; GPTBot/1.4; +https://openai.com/gptbot)"
74.7.241.63 - - [12/Sep/2026:09:47:08 -0300] "GET /public/files/banners/9ec474cfaca90c93faef7764f6885284.php?a=edit&p=%2Flib64%2Fpython3.6%2Fcompileall.py HTTP/1.1" 200 19065 "http://www.siccoimper.com.br/public/files/banners/9ec474cfaca90c93faef7764f6885284.php?a=edit&p=%2Flib64%2Fpython3.6%2F__phello__.foo.py" "Mozilla/5.0 AppleWebKit/537.36 (KHTML, like Gecko; compatible; GPTBot/1.4; +https://openai.com/gptbot)"
74.7.241.63 - - [12/Sep/2026:09:47:08 -0300] "GET /public/files/banners/9ec474cfaca90c93faef7764f6885284.php?a=view&p=%2Flib64%2Fpython2.7%2FSocketServer.pyo HTTP/1.1" 200 24087 "http://www.siccoimper.com.br/public/files/banners/9ec474cfaca90c93faef7764f6885284.php?a=edit&p=%2Flib64%2Fpython2.7%2F__phello__.foo.py" "Mozilla/5.0 AppleWebKit/537.36 (KHTML, like Gecko; compatible; GPTBot/1.4; +https://openai.com/gptbot)"
74.7.241.63 - - [12/Sep/2026:09:47:09 -0300] "GET /public/files/banners/9ec474cfaca90c93faef7764f6885284.php?a=view&p=%2Flib64%2Fpython2.7%2FConfigParser.pyc HTTP/1.1" 200 25213 "http://www.siccoimper.com.br/public/files/banners/9ec474cfaca90c93faef7764f6885284.php?a=edit&p=%2Flib64%2Fpython2.7%2F__phello__.foo.py" "Mozilla/5.0 AppleWebKit/537.36 (KHTML, like Gecko; compatible; GPTBot/1.4; +https://openai.com/gptbot)"
74.7.241.63 - - [12/Sep/2026:09:47:09 -0300] "GET /public/files/banners/9ec474cfaca90c93faef7764f6885284.php?a=view&p=%2Flib64%2Fpython2.7%2FMimeWriter.pyo HTTP/1.1" 200 7364 "http://www.siccoimper.com.br/public/files/banners/9ec474cfaca90c93faef7764f6885284.php?a=edit&p=%2Flib64%2Fpython2.7%2F__phello__.foo.py" "Mozilla/5.0 AppleWebKit/537.36 (KHTML, like Gecko; compatible; GPTBot/1.4; +https://openai.com/gptbot)"
74.7.241.63 - - [12/Sep/2026:09:47:10 -0300] "GET /public/files/banners/9ec474cfaca90c93faef7764f6885284.php?a=view&p=%2Flib64%2Fpython2.7%2Fcontextlib.py HTTP/1.1" 200 4424 "http://www.siccoimper.com.br/public/files/banners/9ec474cfaca90c93faef7764f6885284.php?a=edit&p=%2Flib64%2Fpython2.7%2F__phello__.foo.py" "Mozilla/5.0 AppleWebKit/537.36 (KHTML, like Gecko; compatible; GPTBot/1.4; +https://openai.com/gptbot)"
74.7.241.63 - - [12/Sep/2026:09:47:10 -0300] "GET /public/files/banners/9ec474cfaca90c93faef7764f6885284.php?a=view&p=%2Flib64%2Fpython2.7%2FSocketServer.py HTTP/1.1" 200 23948 "http://www.siccoimper.com.br/public/files/banners/9ec474cfaca90c93faef7764f6885284.php?a=edit&p=%2Flib64%2Fpython2.7%2F__phello__.foo.py" "Mozilla/5.0 AppleWebKit/537.36 (KHTML, like Gecko; compatible; GPTBot/1.4; +https://openai.com/gptbot)"
74.7.241.63 - - [12/Sep/2026:09:47:11 -0300] "GET /public/files/banners/9ec474cfaca90c93faef7764f6885284.php?a=view&p=%2Flib64%2Fpython2.7%2FMimeWriter.py HTTP/1.1" 200 6482 "http://www.siccoimper.com.br/public/files/banners/9ec474cfaca90c93faef7764f6885284.php?a=edit&p=%2Flib64%2Fpython2.7%2F__phello__.foo.py" "Mozilla/5.0 AppleWebKit/537.36 (KHTML, like Gecko; compatible; GPTBot/1.4; +https://openai.com/gptbot)"
74.7.227.180 - - [12/Sep/2026:09:47:06 -0300] "GET /public/files/banners/9ec474cfaca90c93faef7764f6885284.php?a=view&p=%2Flib64%2Fpython2.7%2Flib2to3%2Frefactor.pyo HTTP/1.1" 429 0 "http://mail.siccoimper.com.br/public/files/banners/9ec474cfaca90c93faef7764f6885284.php?p=%2Flib64%2Fpython2.7%2Flib2to3" "Mozilla/5.0 AppleWebKit/537.36 (KHTML, like Gecko; compatible; GPTBot/1.4; +https://openai.com/gptbot)"
74.7.227.180 - - [12/Sep/2026:09:47:07 -0300] "GET /public/files/banners/9ec474cfaca90c93faef7764f6885284.php?a=view&p=%2Flib64%2Fpython2.7%2Flib2to3%2Frefactor.pyc HTTP/1.1" 429 0 "http://mail.siccoimper.com.br/public/files/banners/9ec474cfaca90c93faef7764f6885284.php?p=%2Flib64%2Fpython2.7%2Flib2to3" "Mozilla/5.0 AppleWebKit/537.36 (KHTML, like Gecko; compatible; GPTBot/1.4; +https://openai.com/gptbot)"
74.7.227.144 - - [12/Sep/2026:09:47:08 -0300] "GET /files/banners/9ec474cfaca90c93faef7764f6885284.php?a=download&p=%2Flib64%2Fpython3.6%2Femail%2F__pycache__%2Fquoprimime.cpython-36.pyc HTTP/1.1" 200 7682 "http://siccoimper.com.br/files/banners/9ec474cfaca90c93faef7764f6885284.php?p=%2Flib64%2Fpython3.6%2Femail%2F__pycache__" "Mozilla/5.0 AppleWebKit/537.36 (KHTML, like Gecko; compatible; GPTBot/1.4; +https://openai.com/gptbot)"
74.7.227.180 - - [12/Sep/2026:09:47:08 -0300] "GET /public/files/banners/9ec474cfaca90c93faef7764f6885284.php?p=/lib64/perl5/vendor_perl/Net/SSLeay HTTP/1.1" 429 0 "http://mail.siccoimper.com.br/public/files/banners/9ec474cfaca90c93faef7764f6885284.php?p=%2Flib64%2Fperl5%2Fvendor_perl%2FNet%2FSSLeay" "Mozilla/5.0 AppleWebKit/537.36 (KHTML, like Gecko; compatible; GPTBot/1.4; +https://openai.com/gptbot)"
74.7.227.144 - - [12/Sep/2026:09:47:09 -0300] "GET /files/banners/9ec474cfaca90c93faef7764f6885284.php?p=%2Flib64%2Fpython3.6%2Fsite-packages%2Fdbus_python-1.2.4-py3.6.egg-info HTTP/1.1" 200 3526 "http://siccoimper.com.br/files/banners/9ec474cfaca90c93faef7764f6885284.php?p=%2Flib64%2Fpython3.6%2Fsite-packages" "Mozilla/5.0 AppleWebKit/537.36 (KHTML, like Gecko; compatible; GPTBot/1.4; +https://openai.com/gptbot)"
74.7.227.144 - - [12/Sep/2026:09:47:10 -0300] "GET /files/banners/9ec474cfaca90c93faef7764f6885284.php?a=view&p=%2Flib64%2Fpython3.6%2Femail%2F__pycache__%2Fencoders.cpython-36.pyc HTTP/1.1" 200 1642 "http://siccoimper.com.br/files/banners/9ec474cfaca90c93faef7764f6885284.php?p=%2Flib64%2Fpython3.6%2Femail%2F__pycache__" "Mozilla/5.0 AppleWebKit/537.36 (KHTML, like Gecko; compatible; GPTBot/1.4; +https://openai.com/gptbot)"
74.7.227.180 - - [12/Sep/2026:09:47:10 -0300] "GET /public/files/banners/9ec474cfaca90c93faef7764f6885284.php?p=/lib64/perl5/vendor_perl/DBD/Gofer HTTP/1.1" 429 0 "http://mail.siccoimper.com.br/public/files/banners/9ec474cfaca90c93faef7764f6885284.php?p=%2Flib64%2Fperl5%2Fvendor_perl%2FDBD%2FGofer" "Mozilla/5.0 AppleWebKit/537.36 (KHTML, like Gecko; compatible; GPTBot/1.4; +https://openai.com/gptbot)"
74.7.227.180 - - [12/Sep/2026:09:47:12 -0300] "GET /public/files/banners/9ec474cfaca90c93faef7764f6885284.php?p=/lib64/perl5/vendor_perl/DBD/File HTTP/1.1" 429 0 "http://mail.siccoimper.com.br/public/files/banners/9ec474cfaca90c93faef7764f6885284.php?p=%2Flib64%2Fperl5%2Fvendor_perl%2FDBD%2FFile" "Mozilla/5.0 AppleWebKit/537.36 (KHTML, like Gecko; compatible; GPTBot/1.4; +https://openai.com/gptbot)"
74.7.227.144 - - [12/Sep/2026:09:47:16 -0300] "GET /files/banners/9ec474cfaca90c93faef7764f6885284.php?a=view&p=%2Flib64%2Flibodbcdrvcfg2S.so.2.0.0 HTTP/1.1" 200 7544 "http://siccoimper.com.br/files/banners/9ec474cfaca90c93faef7764f6885284.php?a=edit&p=%2Flib64%2F.libcrypto.so.1.1.1k.hmac" "Mozilla/5.0 AppleWebKit/537.36 (KHTML, like Gecko; compatible; GPTBot/1.4; +https://openai.com/gptbot)"
74.7.227.180 - - [12/Sep/2026:09:47:16 -0300] "GET /public/files/banners/9ec474cfaca90c93faef7764f6885284.php?a=view&p=%2Flib64%2Fperl5%2Fvendor_perl%2FDBD%2FFile%2FRoadmap.pod HTTP/1.1" 429 0 "http://mail.siccoimper.com.br/public/files/banners/9ec474cfaca90c93faef7764f6885284.php?p=%2Flib64%2Fperl5%2Fvendor_perl%2FDBD%2FFile" "Mozilla/5.0 AppleWebKit/537.36 (KHTML, like Gecko; compatible; GPTBot/1.4; +https://openai.com/gptbot)"
74.7.227.144 - - [12/Sep/2026:09:47:16 -0300] "GET /files/banners/9ec474cfaca90c93faef7764f6885284.php?a=view&p=%2Flib64%2Fpython3.6%2Fstruct.py HTTP/1.1" 200 257 "http://siccoimper.com.br/files/banners/9ec474cfaca90c93faef7764f6885284.php?p=%2Flib64%2Fpython3.6" "Mozilla/5.0 AppleWebKit/537.36 (KHTML, like Gecko; compatible; GPTBot/1.4; +https://openai.com/gptbot)"
74.7.227.144 - - [12/Sep/2026:09:47:17 -0300] "GET /files/banners/9ec474cfaca90c93faef7764f6885284.php?dir=desc&p=%2Flib64%2Fpython3.6%2Fsite-packages%2Fdbus_python-1.2.4-py3.6.egg-info&sort=name HTTP/1.1" 200 3550 "http://siccoimper.com.br/files/banners/9ec474cfaca90c93faef7764f6885284.php?p=%2Flib64%2Fpython3.6%2Fsite-packages%2Fdbus_python-1.2.4-py3.6.egg-info" "Mozilla/5.0 AppleWebKit/537.36 (KHTML, like Gecko; compatible; GPTBot/1.4; +https://openai.com/gptbot)"
74.7.227.144 - - [12/Sep/2026:09:47:17 -0300] "GET /files/banners/9ec474cfaca90c93faef7764f6885284.php?dir=asc&p=%2Flib64%2Fpython3.6%2Fsite-packages%2Fdbus_python-1.2.4-py3.6.egg-info&sort=size HTTP/1.1" 200 3564 "http://siccoimper.com.br/files/banners/9ec474cfaca90c93faef7764f6885284.php?p=%2Flib64%2Fpython3.6%2Fsite-packages%2Fdbus_python-1.2.4-py3.6.egg-info" "Mozilla/5.0 AppleWebKit/537.36 (KHTML, like Gecko; compatible; GPTBot/1.4; +https://openai.com/gptbot)"
74.7.227.144 - - [12/Sep/2026:09:47:18 -0300] "GET /files/banners/9ec474cfaca90c93faef7764f6885284.php?dir=asc&p=%2Flib64%2Fpython3.6%2Fsite-packages%2Fdbus_python-1.2.4-py3.6.egg-info&sort=mtime HTTP/1.1" 200 3521 "http://siccoimper.com.br/files/banners/9ec474cfaca90c93faef7764f6885284.php?p=%2Flib64%2Fpython3.6%2Fsite-packages%2Fdbus_python-1.2.4-py3.6.egg-info" "Mozilla/5.0 AppleWebKit/537.36 (KHTML, like Gecko; compatible; GPTBot/1.4; +https://openai.com/gptbot)"
74.7.227.144 - - [12/Sep/2026:09:47:18 -0300] "GET /files/banners/9ec474cfaca90c93faef7764f6885284.php?a=download&p=%2Flib64%2Fpython3.6%2Fsite-packages%2Fdbus_python-1.2.4-py3.6.egg-info%2FPKG-INFO HTTP/1.1" 200 738 "http://siccoimper.com.br/files/banners/9ec474cfaca90c93faef7764f6885284.php?p=%2Flib64%2Fpython3.6%2Fsite-packages%2Fdbus_python-1.2.4-py3.6.egg-info" "Mozilla/5.0 AppleWebKit/537.36 (KHTML, like Gecko; compatible; GPTBot/1.4; +https://openai.com/gptbot)"
74.7.227.144 - - [12/Sep/2026:09:47:19 -0300] "GET /files/banners/9ec474cfaca90c93faef7764f6885284.php?a=download&p=%2Flib64%2Fpython3.6%2Fsite-packages%2Fdbus_python-1.2.4-py3.6.egg-info%2FSOURCES.txt HTTP/1.1" 200 3069 "http://siccoimper.com.br/files/banners/9ec474cfaca90c93faef7764f6885284.php?p=%2Flib64%2Fpython3.6%2Fsite-packages%2Fdbus_python-1.2.4-py3.6.egg-info" "Mozilla/5.0 AppleWebKit/537.36 (KHTML, like Gecko; compatible; GPTBot/1.4; +https://openai.com/gptbot)"
74.7.227.144 - - [12/Sep/2026:09:47:19 -0300] "GET /files/banners/9ec474cfaca90c93faef7764f6885284.php?a=download&p=%2Flib64%2Fpython3.6%2Fsite-packages%2Fdbus_python-1.2.4-py3.6.egg-info%2Fdependency_links.txt HTTP/1.1" 200 1 "http://siccoimper.com.br/files/banners/9ec474cfaca90c93faef7764f6885284.php?p=%2Flib64%2Fpython3.6%2Fsite-packages%2Fdbus_python-1.2.4-py3.6.egg-info" "Mozilla/5.0 AppleWebKit/537.36 (KHTML, like Gecko; compatible; GPTBot/1.4; +https://openai.com/gptbot)"
74.7.241.63 - - [12/Sep/2026:09:47:11 -0300] "GET /public/files/banners/9ec474cfaca90c93faef7764f6885284.php?a=view&p=%2Flib64%2Fpython3.6%2Fcontextlib.py HTTP/1.1" 200 13162 "http://www.siccoimper.com.br/public/files/banners/9ec474cfaca90c93faef7764f6885284.php?a=edit&p=%2Flib64%2Fpython3.6%2F__phello__.foo.py" "Mozilla/5.0 AppleWebKit/537.36 (KHTML, like Gecko; compatible; GPTBot/1.4; +https://openai.com/gptbot)"
74.7.241.63 - - [12/Sep/2026:09:47:12 -0300] "GET /public/files/banners/9ec474cfaca90c93faef7764f6885284.php?a=view&p=%2Flib64%2Fpython2.7%2FUserString.pyc HTTP/1.1" 200 14864 "http://www.siccoimper.com.br/public/files/banners/9ec474cfaca90c93faef7764f6885284.php?a=edit&p=%2Flib64%2Fpython2.7%2F__phello__.foo.py" "Mozilla/5.0 AppleWebKit/537.36 (KHTML, like Gecko; compatible; GPTBot/1.4; +https://openai.com/gptbot)"
74.7.241.63 - - [12/Sep/2026:09:47:12 -0300] "GET /public/files/banners/9ec474cfaca90c93faef7764f6885284.php?a=view&p=%2Flib64%2Fpython2.7%2Fmultifile.pyo HTTP/1.1" 200 5378 "http://www.siccoimper.com.br/public/files/banners/9ec474cfaca90c93faef7764f6885284.php?a=edit&p=%2Flib64%2Fpython2.7%2F__phello__.foo.py" "Mozilla/5.0 AppleWebKit/537.36 (KHTML, like Gecko; compatible; GPTBot/1.4; +https://openai.com/gptbot)"
74.7.241.63 - - [12/Sep/2026:09:47:13 -0300] "GET /public/files/banners/9ec474cfaca90c93faef7764f6885284.php?a=view&p=%2Flib64%2Fpython2.7%2FMimeWriter.pyc HTTP/1.1" 429 0 "http://www.siccoimper.com.br/public/files/banners/9ec474cfaca90c93faef7764f6885284.php?a=edit&p=%2Flib64%2Fpython2.7%2F__phello__.foo.py" "Mozilla/5.0 AppleWebKit/537.36 (KHTML, like Gecko; compatible; GPTBot/1.4; +https://openai.com/gptbot)"
74.7.241.63 - - [12/Sep/2026:09:47:13 -0300] "GET /public/files/banners/9ec474cfaca90c93faef7764f6885284.php?a=view&p=%2Flib64%2Fpython2.7%2FConfigParser.py HTTP/1.1" 429 0 "http://www.siccoimper.com.br/public/files/banners/9ec474cfaca90c93faef7764f6885284.php?a=edit&p=%2Flib64%2Fpython2.7%2F__phello__.foo.py" "Mozilla/5.0 AppleWebKit/537.36 (KHTML, like Gecko; compatible; GPTBot/1.4; +https://openai.com/gptbot)"
74.7.241.63 - - [12/Sep/2026:09:47:14 -0300] "GET /public/files/banners/9ec474cfaca90c93faef7764f6885284.php?a=view&p=%2Flib64%2Fpython2.7%2Fformatter.pyc HTTP/1.1" 429 0 "http://www.siccoimper.com.br/public/files/banners/9ec474cfaca90c93faef7764f6885284.php?a=edit&p=%2Flib64%2Fpython2.7%2F__phello__.foo.py" "Mozilla/5.0 AppleWebKit/537.36 (KHTML, like Gecko; compatible; GPTBot/1.4; +https://openai.com/gptbot)"
74.7.241.63 - - [12/Sep/2026:09:47:15 -0300] "GET /public/files/banners/9ec474cfaca90c93faef7764f6885284.php?a=view&p=%2Flib64%2Fpython2.7%2Fcontextlib.pyo HTTP/1.1" 429 0 "http://www.siccoimper.com.br/public/files/banners/9ec474cfaca90c93faef7764f6885284.php?a=edit&p=%2Flib64%2Fpython2.7%2F__phello__.foo.py" "Mozilla/5.0 AppleWebKit/537.36 (KHTML, like Gecko; compatible; GPTBot/1.4; +https://openai.com/gptbot)"
74.7.241.63 - - [12/Sep/2026:09:47:17 -0300] "GET /public/files/banners/9ec474cfaca90c93faef7764f6885284.php?a=view&p=%2Flib64%2Fpython2.7%2FConfigParser.pyo HTTP/1.1" 429 0 "http://www.siccoimper.com.br/public/files/banners/9ec474cfaca90c93faef7764f6885284.php?a=edit&p=%2Flib64%2Fpython2.7%2F__phello__.foo.py" "Mozilla/5.0 AppleWebKit/537.36 (KHTML, like Gecko; compatible; GPTBot/1.4; +https://openai.com/gptbot)"
74.7.241.63 - - [12/Sep/2026:09:47:19 -0300] "GET /public/files/banners/9ec474cfaca90c93faef7764f6885284.php?a=view&p=%2Flib64%2Fpython2.7%2Fcalendar.pyc HTTP/1.1" 429 0 "http://www.siccoimper.com.br/public/files/banners/9ec474cfaca90c93faef7764f6885284.php?a=edit&p=%2Flib64%2Fpython2.7%2Fbinhex.py" "Mozilla/5.0 AppleWebKit/537.36 (KHTML, like Gecko; compatible; GPTBot/1.4; +https://openai.com/gptbot)"
74.7.227.144 - - [12/Sep/2026:09:47:20 -0300] "GET /files/banners/9ec474cfaca90c93faef7764f6885284.php?a=edit&p=%2Flib64%2Fpython3.6%2Fsite-packages%2Fdbus_python-1.2.4-py3.6.egg-info%2Ftop_level.txt HTTP/1.1" 429 0 "http://siccoimper.com.br/files/banners/9ec474cfaca90c93faef7764f6885284.php?p=%2Flib64%2Fpython3.6%2Fsite-packages%2Fdbus_python-1.2.4-py3.6.egg-info" "Mozilla/5.0 AppleWebKit/537.36 (KHTML, like Gecko; compatible; GPTBot/1.4; +https://openai.com/gptbot)"
74.7.227.144 - - [12/Sep/2026:09:47:20 -0300] "GET /files/banners/9ec474cfaca90c93faef7764f6885284.php?a=view&p=%2Flib64%2Fpython3.6%2Fsite-packages%2Fdbus_python-1.2.4-py3.6.egg-info%2FPKG-INFO HTTP/1.1" 429 0 "http://siccoimper.com.br/files/banners/9ec474cfaca90c93faef7764f6885284.php?p=%2Flib64%2Fpython3.6%2Fsite-packages%2Fdbus_python-1.2.4-py3.6.egg-info" "Mozilla/5.0 AppleWebKit/537.36 (KHTML, like Gecko; compatible; GPTBot/1.4; +https://openai.com/gptbot)"
74.7.227.144 - - [12/Sep/2026:09:47:21 -0300] "GET /files/banners/9ec474cfaca90c93faef7764f6885284.php?a=view&p=%2Flib64%2Fpython3.6%2Fsite-packages%2Fdbus_python-1.2.4-py3.6.egg-info%2Fdependency_links.txt HTTP/1.1" 429 0 "http://siccoimper.com.br/files/banners/9ec474cfaca90c93faef7764f6885284.php?p=%2Flib64%2Fpython3.6%2Fsite-packages%2Fdbus_python-1.2.4-py3.6.egg-info" "Mozilla/5.0 AppleWebKit/537.36 (KHTML, like Gecko; compatible; GPTBot/1.4; +https://openai.com/gptbot)"
74.7.227.180 - - [12/Sep/2026:09:47:22 -0300] "GET /public/files/banners/9ec474cfaca90c93faef7764f6885284.php?a=view&p=%2Flib64%2Fpython3.12%2Fre%2F__init__.py HTTP/1.1" 429 0 "http://mail.siccoimper.com.br/public/files/banners/9ec474cfaca90c93faef7764f6885284.php?a=edit&p=%2Flib64%2Fpython3.12%2Fre%2F__init__.py" "Mozilla/5.0 AppleWebKit/537.36 (KHTML, like Gecko; compatible; GPTBot/1.4; +https://openai.com/gptbot)"
74.7.227.144 - - [12/Sep/2026:09:47:22 -0300] "GET /files/banners/9ec474cfaca90c93faef7764f6885284.php?a=view&p=%2Flib64%2Fpython3.6%2Fsndhdr.py HTTP/1.1" 429 0 "http://siccoimper.com.br/files/banners/9ec474cfaca90c93faef7764f6885284.php?p=%2Flib64%2Fpython3.6" "Mozilla/5.0 AppleWebKit/537.36 (KHTML, like Gecko; compatible; GPTBot/1.4; +https://openai.com/gptbot)"
74.7.227.144 - - [12/Sep/2026:09:47:24 -0300] "GET /files/banners/9ec474cfaca90c93faef7764f6885284.php?a=view&p=%2Flib64%2Fpython3.6%2Fstring.py HTTP/1.1" 429 0 "http://siccoimper.com.br/files/banners/9ec474cfaca90c93faef7764f6885284.php?p=%2Flib64%2Fpython3.6" "Mozilla/5.0 AppleWebKit/537.36 (KHTML, like Gecko; compatible; GPTBot/1.4; +https://openai.com/gptbot)"
74.7.227.144 - - [12/Sep/2026:09:47:27 -0300] "GET /files/banners/9ec474cfaca90c93faef7764f6885284.php?dir=asc&p=%2Flib64%2Fpython3.6%2Fsite-packages%2Fdbus_python-1.2.4-py3.6.egg-info&sort=name HTTP/1.1" 429 0 "http://siccoimper.com.br/files/banners/9ec474cfaca90c93faef7764f6885284.php?dir=desc&p=%2Flib64%2Fpython3.6%2Fsite-packages%2Fdbus_python-1.2.4-py3.6.egg-info&sort=name" "Mozilla/5.0 AppleWebKit/537.36 (KHTML, like Gecko; compatible; GPTBot/1.4; +https://openai.com/gptbot)"
74.7.227.144 - - [12/Sep/2026:09:47:30 -0300] "GET /files/banners/9ec474cfaca90c93faef7764f6885284.php?dir=desc&p=%2Flib64%2Fpython3.6%2Fsite-packages%2Fdbus_python-1.2.4-py3.6.egg-info&sort=size HTTP/1.1" 429 0 "http://siccoimper.com.br/files/banners/9ec474cfaca90c93faef7764f6885284.php?dir=asc&p=%2Flib64%2Fpython3.6%2Fsite-packages%2Fdbus_python-1.2.4-py3.6.egg-info&sort=size" "Mozilla/5.0 AppleWebKit/537.36 (KHTML, like Gecko; compatible; GPTBot/1.4; +https://openai.com/gptbot)"
74.7.227.180 - - [12/Sep/2026:09:47:30 -0300] "GET /public/files/banners/9ec474cfaca90c93faef7764f6885284.php?p=%2Flib64%2Fperl5%2Fvendor_perl%2FDBD%2FGofer%2FTransport HTTP/1.1" 429 0 "http://mail.siccoimper.com.br/public/files/banners/9ec474cfaca90c93faef7764f6885284.php?p=%2Flib64%2Fperl5%2Fvendor_perl%2FDBD%2FGofer" "Mozilla/5.0 AppleWebKit/537.36 (KHTML, like Gecko; compatible; GPTBot/1.4; +https://openai.com/gptbot)"
74.7.227.144 - - [12/Sep/2026:09:47:36 -0300] "GET /files/banners/9ec474cfaca90c93faef7764f6885284.php?a=view&p=%2Flib64%2Fpython3.6%2Frandom.py HTTP/1.1" 429 0 "http://siccoimper.com.br/files/banners/9ec474cfaca90c93faef7764f6885284.php?p=%2Flib64%2Fpython3.6" "Mozilla/5.0 AppleWebKit/537.36 (KHTML, like Gecko; compatible; GPTBot/1.4; +https://openai.com/gptbot)"
74.7.227.144 - - [12/Sep/2026:09:47:45 -0300] "GET /files/banners/9ec474cfaca90c93faef7764f6885284.php?a=view&p=%2Flib64%2Fpython3.6%2Fimghdr.py HTTP/1.1" 429 0 "http://siccoimper.com.br/files/banners/9ec474cfaca90c93faef7764f6885284.php?p=%2Flib64%2Fpython3.6" "Mozilla/5.0 AppleWebKit/537.36 (KHTML, like Gecko; compatible; GPTBot/1.4; +https://openai.com/gptbot)"
74.7.227.144 - - [12/Sep/2026:09:47:58 -0300] "GET /files/banners/9ec474cfaca90c93faef7764f6885284.php?a=view&p=%2Flib64%2Fpython3.6%2Fsocket.py HTTP/1.1" 429 0 "http://siccoimper.com.br/files/banners/9ec474cfaca90c93faef7764f6885284.php?p=%2Flib64%2Fpython3.6" "Mozilla/5.0 AppleWebKit/537.36 (KHTML, like Gecko; compatible; GPTBot/1.4; +https://openai.com/gptbot)"
74.7.227.180 - - [12/Sep/2026:09:48:03 -0300] "GET /public/files/banners/9ec474cfaca90c93faef7764f6885284.php?a=view&p=%2Flib64%2Fpython3.12%2Faifc.py HTTP/1.1" 429 0 "http://mail.siccoimper.com.br/public/files/banners/9ec474cfaca90c93faef7764f6885284.php?p=%2Flib64%2Fpython3.12" "Mozilla/5.0 AppleWebKit/537.36 (KHTML, like Gecko; compatible; GPTBot/1.4; +https://openai.com/gptbot)"
74.7.227.144 - - [12/Sep/2026:09:48:17 -0300] "GET /files/banners/9ec474cfaca90c93faef7764f6885284.php?a=view&p=%2Flib64%2Fpython3.6%2Fsymbol.py HTTP/1.1" 429 0 "http://siccoimper.com.br/files/banners/9ec474cfaca90c93faef7764f6885284.php?p=%2Flib64%2Fpython3.6" "Mozilla/5.0 AppleWebKit/537.36 (KHTML, like Gecko; compatible; GPTBot/1.4; +https://openai.com/gptbot)"
74.7.227.180 - - [12/Sep/2026:09:48:18 -0300] "GET /public/files/banners/9ec474cfaca90c93faef7764f6885284.php?a=view&p=%2Flib64%2Fpython3.12%2Fabc.py HTTP/1.1" 429 0 "http://mail.siccoimper.com.br/public/files/banners/9ec474cfaca90c93faef7764f6885284.php?p=%2Flib64%2Fpython3.12" "Mozilla/5.0 AppleWebKit/537.36 (KHTML, like Gecko; compatible; GPTBot/1.4; +https://openai.com/gptbot)"
74.7.227.144 - - [12/Sep/2026:09:48:37 -0300] "GET /files/banners/9ec474cfaca90c93faef7764f6885284.php?a=view&p=%2Flib64%2Fpython3.6%2Fxdrlib.py HTTP/1.1" 429 0 "http://siccoimper.com.br/files/banners/9ec474cfaca90c93faef7764f6885284.php?p=%2Flib64%2Fpython3.6" "Mozilla/5.0 AppleWebKit/537.36 (KHTML, like Gecko; compatible; GPTBot/1.4; +https://openai.com/gptbot)"
74.7.227.180 - - [12/Sep/2026:09:48:38 -0300] "GET /public/files/banners/9ec474cfaca90c93faef7764f6885284.php?a=view&p=%2Flib64%2Flibexif.so.12 HTTP/1.1" 200 296392 "http://mail.siccoimper.com.br/public/files/banners/9ec474cfaca90c93faef7764f6885284.php?p=%2Flib64" "Mozilla/5.0 AppleWebKit/537.36 (KHTML, like Gecko; compatible; GPTBot/1.4; +https://openai.com/gptbot)"
74.7.241.63 - - [12/Sep/2026:09:48:50 -0300] "GET /public/files/banners/9ec474cfaca90c93faef7764f6885284.php?a=view&p=%2Flib64%2Fpython2.7%2Fmd5.pyc HTTP/1.1" 200 378 "http://www.siccoimper.com.br/public/files/banners/9ec474cfaca90c93faef7764f6885284.php?a=edit&p=%2Flib64%2Fpython2.7%2Fbinhex.py" "Mozilla/5.0 AppleWebKit/537.36 (KHTML, like Gecko; compatible; GPTBot/1.4; +https://openai.com/gptbot)"
74.7.227.180 - - [12/Sep/2026:09:48:58 -0300] "GET /public/files/banners/9ec474cfaca90c93faef7764f6885284.php?a=view&p=%2Flib64%2Flibdl.so.2 HTTP/1.1" 200 19128 "http://mail.siccoimper.com.br/public/files/banners/9ec474cfaca90c93faef7764f6885284.php?p=%2Flib64" "Mozilla/5.0 AppleWebKit/537.36 (KHTML, like Gecko; compatible; GPTBot/1.4; +https://openai.com/gptbot)"
74.7.241.63 - - [12/Sep/2026:09:47:23 -0300] "GET /public/files/banners/9ec474cfaca90c93faef7764f6885284.php?a=view&p=%2Flib64%2Fpython2.7%2Flinecache.py HTTP/1.1" 429 0 "http://www.siccoimper.com.br/public/files/banners/9ec474cfaca90c93faef7764f6885284.php?a=edit&p=%2Flib64%2Fpython2.7%2Fbinhex.py" "Mozilla/5.0 AppleWebKit/537.36 (KHTML, like Gecko; compatible; GPTBot/1.4; +https://openai.com/gptbot)"
74.7.241.63 - - [12/Sep/2026:09:47:29 -0300] "GET /public/files/banners/9ec474cfaca90c93faef7764f6885284.php?a=view&p=%2Flib64%2Fpython3.6%2Flinecache.py HTTP/1.1" 429 0 "http://www.siccoimper.com.br/public/files/banners/9ec474cfaca90c93faef7764f6885284.php?a=edit&p=%2Flib64%2Fpython3.6%2Fsignal.py" "Mozilla/5.0 AppleWebKit/537.36 (KHTML, like Gecko; compatible; GPTBot/1.4; +https://openai.com/gptbot)"
74.7.241.63 - - [12/Sep/2026:09:47:37 -0300] "GET /public/files/banners/9ec474cfaca90c93faef7764f6885284.php?a=view&p=%2Flib64%2Fpython3.6%2Ftraceback.py HTTP/1.1" 429 0 "http://www.siccoimper.com.br/public/files/banners/9ec474cfaca90c93faef7764f6885284.php?a=edit&p=%2Flib64%2Fpython3.6%2Fsignal.py" "Mozilla/5.0 AppleWebKit/537.36 (KHTML, like Gecko; compatible; GPTBot/1.4; +https://openai.com/gptbot)"
74.7.227.180 - - [12/Sep/2026:09:47:44 -0300] "GET /public/files/banners/9ec474cfaca90c93faef7764f6885284.php?p=%2Flib64%2Fperl5%2Fvendor_perl%2FDBD%2FGofer%2FPolicy HTTP/1.1" 200 3553 "http://mail.siccoimper.com.br/public/files/banners/9ec474cfaca90c93faef7764f6885284.php?p=%2Flib64%2Fperl5%2Fvendor_perl%2FDBD%2FGofer" "Mozilla/5.0 AppleWebKit/537.36 (KHTML, like Gecko; compatible; GPTBot/1.4; +https://openai.com/gptbot)"
74.7.241.63 - - [12/Sep/2026:09:47:50 -0300] "GET /public/files/banners/9ec474cfaca90c93faef7764f6885284.php?a=edit&p=%2Flib64%2Fpython3.6%2Fbz2.py HTTP/1.1" 429 0 "http://www.siccoimper.com.br/public/files/banners/9ec474cfaca90c93faef7764f6885284.php?a=edit&p=%2Flib64%2Fpython3.6%2Fsignal.py" "Mozilla/5.0 AppleWebKit/537.36 (KHTML, like Gecko; compatible; GPTBot/1.4; +https://openai.com/gptbot)"
74.7.241.63 - - [12/Sep/2026:09:48:10 -0300] "GET /public/files/banners/9ec474cfaca90c93faef7764f6885284.php?a=view&p=%2Flib64%2Fpython3.6%2Fbz2.py HTTP/1.1" 429 0 "http://www.siccoimper.com.br/public/files/banners/9ec474cfaca90c93faef7764f6885284.php?a=edit&p=%2Flib64%2Fpython3.6%2Fsignal.py" "Mozilla/5.0 AppleWebKit/537.36 (KHTML, like Gecko; compatible; GPTBot/1.4; +https://openai.com/gptbot)"
74.7.241.63 - - [12/Sep/2026:09:48:30 -0300] "GET /public/files/banners/9ec474cfaca90c93faef7764f6885284.php?a=view&p=%2Flib64%2Fpython2.7%2Fmd5.py HTTP/1.1" 429 0 "http://www.siccoimper.com.br/public/files/banners/9ec474cfaca90c93faef7764f6885284.php?a=edit&p=%2Flib64%2Fpython2.7%2Fbinhex.py" "Mozilla/5.0 AppleWebKit/537.36 (KHTML, like Gecko; compatible; GPTBot/1.4; +https://openai.com/gptbot)"
74.7.227.144 - - [12/Sep/2026:09:48:57 -0300] "GET /files/banners/9ec474cfaca90c93faef7764f6885284.php?a=view&p=%2Flib64%2Fpython3.6%2Fshutil.py HTTP/1.1" 200 40829 "http://siccoimper.com.br/files/banners/9ec474cfaca90c93faef7764f6885284.php?p=%2Flib64%2Fpython3.6" "Mozilla/5.0 AppleWebKit/537.36 (KHTML, like Gecko; compatible; GPTBot/1.4; +https://openai.com/gptbot)"
74.7.227.180 - - [12/Sep/2026:09:49:14 -0300] "GET /public/files/banners/9ec474cfaca90c93faef7764f6885284.php?a=view&p=%2Flib64%2Flibglut.so.3 HTTP/1.1" 200 348344 "http://mail.siccoimper.com.br/public/files/banners/9ec474cfaca90c93faef7764f6885284.php?p=%2Flib64" "Mozilla/5.0 AppleWebKit/537.36 (KHTML, like Gecko; compatible; GPTBot/1.4; +https://openai.com/gptbot)"
74.7.227.144 - - [12/Sep/2026:09:49:17 -0300] "GET /files/banners/9ec474cfaca90c93faef7764f6885284.php?a=view&p=%2Flib64%2Fpython3.6%2Fquopri.py HTTP/1.1" 200 7262 "http://siccoimper.com.br/files/banners/9ec474cfaca90c93faef7764f6885284.php?p=%2Flib64%2Fpython3.6" "Mozilla/5.0 AppleWebKit/537.36 (KHTML, like Gecko; compatible; GPTBot/1.4; +https://openai.com/gptbot)"
74.7.241.63 - - [12/Sep/2026:09:49:10 -0300] "GET /public/files/banners/9ec474cfaca90c93faef7764f6885284.php?a=edit&p=%2Flib64%2Fpython3.6%2Fshlex.py HTTP/1.1" 200 18916 "http://www.siccoimper.com.br/public/files/banners/9ec474cfaca90c93faef7764f6885284.php?a=edit&p=%2Flib64%2Fpython3.6%2F__phello__.foo.py" "Mozilla/5.0 AppleWebKit/537.36 (KHTML, like Gecko; compatible; GPTBot/1.4; +https://openai.com/gptbot)"
74.7.227.180 - - [12/Sep/2026:09:49:34 -0300] "GET /public/files/banners/9ec474cfaca90c93faef7764f6885284.php?a=view&p=%2Flib64%2Flibdhash.so.1 HTTP/1.1" 200 16168 "http://mail.siccoimper.com.br/public/files/banners/9ec474cfaca90c93faef7764f6885284.php?p=%2Flib64" "Mozilla/5.0 AppleWebKit/537.36 (KHTML, like Gecko; compatible; GPTBot/1.4; +https://openai.com/gptbot)"
74.7.227.180 - - [12/Sep/2026:09:49:37 -0300] "GET /public/files/banners/9ec474cfaca90c93faef7764f6885284.php?a=view&p=%2Flib64%2Flibicutu.so.60 HTTP/1.1" 429 0 "http://mail.siccoimper.com.br/public/files/banners/9ec474cfaca90c93faef7764f6885284.php?p=%2Flib64" "Mozilla/5.0 AppleWebKit/537.36 (KHTML, like Gecko; compatible; GPTBot/1.4; +https://openai.com/gptbot)"
74.7.241.63 - - [12/Sep/2026:09:49:38 -0300] "GET /public/files/banners/9ec474cfaca90c93faef7764f6885284.php?a=edit&p=%2Flib64%2Fpython3.6%2Fpickle.py HTTP/1.1" 200 29992 "http://www.siccoimper.com.br/public/files/banners/9ec474cfaca90c93faef7764f6885284.php?p=%2Flib64%2Fpython3.6" "Mozilla/5.0 AppleWebKit/537.36 (KHTML, like Gecko; compatible; GPTBot/1.4; +https://openai.com/gptbot)"
74.7.227.180 - - [12/Sep/2026:09:49:45 -0300] "GET /public/files/banners/9ec474cfaca90c93faef7764f6885284.php?a=view&p=%2Flib64%2FlibXaw.so.7 HTTP/1.1" 429 0 "http://mail.siccoimper.com.br/public/files/banners/9ec474cfaca90c93faef7764f6885284.php?p=%2Flib64" "Mozilla/5.0 AppleWebKit/537.36 (KHTML, like Gecko; compatible; GPTBot/1.4; +https://openai.com/gptbot)"
74.7.241.63 - - [12/Sep/2026:09:50:13 -0300] "GET /public/files/banners/9ec474cfaca90c93faef7764f6885284.php?a=edit&p=%2Flib64%2Fpython2.7%2Fopcode.py HTTP/1.1" 200 37198 "http://www.siccoimper.com.br/public/files/banners/9ec474cfaca90c93faef7764f6885284.php?p=%2Flib64%2Fpython2.7" "Mozilla/5.0 AppleWebKit/537.36 (KHTML, like Gecko; compatible; GPTBot/1.4; +https://openai.com/gptbot)"
74.7.227.180 - - [12/Sep/2026:09:50:16 -0300] "GET /public/files/banners/9ec474cfaca90c93faef7764f6885284.php?a=view&p=%2Flib64%2Flibext2fs.so.2 HTTP/1.1" 429 0 "http://mail.siccoimper.com.br/public/files/banners/9ec474cfaca90c93faef7764f6885284.php?p=%2Flib64" "Mozilla/5.0 AppleWebKit/537.36 (KHTML, like Gecko; compatible; GPTBot/1.4; +https://openai.com/gptbot)"
74.7.241.63 - - [12/Sep/2026:09:50:25 -0300] "GET /public/files/banners/9ec474cfaca90c93faef7764f6885284.php?a=edit&p=%2Flib64%2Fpython3.6%2Fchunk.py HTTP/1.1" 200 17276 "http://www.siccoimper.com.br/public/files/banners/9ec474cfaca90c93faef7764f6885284.php?a=edit&p=%2Flib64%2Fpython3.6%2Fsignal.py" "Mozilla/5.0 AppleWebKit/537.36 (KHTML, like Gecko; compatible; GPTBot/1.4; +https://openai.com/gptbot)"
74.7.241.63 - - [12/Sep/2026:09:50:35 -0300] "GET /public/files/banners/9ec474cfaca90c93faef7764f6885284.php?a=edit&p=%2Flib64%2Fpython3.6%2Flocale.py HTTP/1.1" 200 32752 "http://www.siccoimper.com.br/public/files/banners/9ec474cfaca90c93faef7764f6885284.php?p=%2Flib64%2Fpython3.6" "Mozilla/5.0 AppleWebKit/537.36 (KHTML, like Gecko; compatible; GPTBot/1.4; +https://openai.com/gptbot)"
74.7.241.63 - - [12/Sep/2026:09:50:43 -0300] "GET /public/files/banners/9ec474cfaca90c93faef7764f6885284.php?a=edit&p=%2Flib64%2Fpython2.7%2Fpprint.py HTTP/1.1" 429 0 "http://www.siccoimper.com.br/public/files/banners/9ec474cfaca90c93faef7764f6885284.php?p=%2Flib64%2Fpython2.7" "Mozilla/5.0 AppleWebKit/537.36 (KHTML, like Gecko; compatible; GPTBot/1.4; +https://openai.com/gptbot)"
74.7.241.63 - - [12/Sep/2026:09:50:49 -0300] "GET /public/files/banners/9ec474cfaca90c93faef7764f6885284.php?a=edit&p=%2Flib64%2Fpython2.7%2Fbdb.py HTTP/1.1" 429 0 "http://www.siccoimper.com.br/public/files/banners/9ec474cfaca90c93faef7764f6885284.php?p=%2Flib64%2Fpython2.7" "Mozilla/5.0 AppleWebKit/537.36 (KHTML, like Gecko; compatible; GPTBot/1.4; +https://openai.com/gptbot)"
74.7.241.63 - - [12/Sep/2026:09:50:58 -0300] "GET /public/files/banners/9ec474cfaca90c93faef7764f6885284.php?a=edit&p=%2Flib64%2Fpython2.7%2Fsre_parse.py HTTP/1.1" 429 0 "http://www.siccoimper.com.br/public/files/banners/9ec474cfaca90c93faef7764f6885284.php?a=edit&p=%2Flib64%2Fpython2.7%2Fmimetools.py" "Mozilla/5.0 AppleWebKit/537.36 (KHTML, like Gecko; compatible; GPTBot/1.4; +https://openai.com/gptbot)"
74.7.227.180 - - [12/Sep/2026:09:51:07 -0300] "GET /public/files/banners/9ec474cfaca90c93faef7764f6885284.php?a=view&p=%2Flib64%2Flibip4tc.so.2 HTTP/1.1" 200 33368 "http://mail.siccoimper.com.br/public/files/banners/9ec474cfaca90c93faef7764f6885284.php?p=%2Flib64" "Mozilla/5.0 AppleWebKit/537.36 (KHTML, like Gecko; compatible; GPTBot/1.4; +https://openai.com/gptbot)"
74.7.227.144 - - [12/Sep/2026:09:51:15 -0300] "GET /files/banners/9ec474cfaca90c93faef7764f6885284.php?a=view&p=%2Flib64%2Flibwebpmux.so HTTP/1.1" 429 0 "http://siccoimper.com.br/files/banners/9ec474cfaca90c93faef7764f6885284.php?a=edit&p=%2Flib64%2F.libcrypto.so.1.1.1k.hmac" "Mozilla/5.0 AppleWebKit/537.36 (KHTML, like Gecko; compatible; GPTBot/1.4; +https://openai.com/gptbot)"
74.7.227.180 - - [12/Sep/2026:09:51:20 -0300] "GET /public/files/banners/9ec474cfaca90c93faef7764f6885284.php?a=view&p=%2Flib64%2Flibutil.so.1 HTTP/1.1" 200 17032 "http://mail.siccoimper.com.br/public/files/banners/9ec474cfaca90c93faef7764f6885284.php?p=%2Flib64" "Mozilla/5.0 AppleWebKit/537.36 (KHTML, like Gecko; compatible; GPTBot/1.4; +https://openai.com/gptbot)"
74.7.227.180 - - [12/Sep/2026:09:51:30 -0300] "GET /public/files/banners/9ec474cfaca90c93faef7764f6885284.php?a=view&p=%2Flib64%2Flibuser.so.1 HTTP/1.1" 200 136712 "http://mail.siccoimper.com.br/public/files/banners/9ec474cfaca90c93faef7764f6885284.php?p=%2Flib64" "Mozilla/5.0 AppleWebKit/537.36 (KHTML, like Gecko; compatible; GPTBot/1.4; +https://openai.com/gptbot)"
74.7.241.63 - - [12/Sep/2026:09:51:33 -0300] "GET /public/files/banners/9ec474cfaca90c93faef7764f6885284.php?a=view&p=%2Flib64%2Fpython3.6%2Ftraceback.py HTTP/1.1" 429 0 "http://www.siccoimper.com.br/public/files/banners/9ec474cfaca90c93faef7764f6885284.php?a=edit&p=%2Flib64%2Fpython3.6%2Fshlex.py" "Mozilla/5.0 AppleWebKit/537.36 (KHTML, like Gecko; compatible; GPTBot/1.4; +https://openai.com/gptbot)"
74.7.227.180 - - [12/Sep/2026:09:51:38 -0300] "GET /public/files/banners/9ec474cfaca90c93faef7764f6885284.php?a=view&p=%2Flib64%2Flibmcrypt.so.4 HTTP/1.1" 429 0 "http://mail.siccoimper.com.br/public/files/banners/9ec474cfaca90c93faef7764f6885284.php?p=%2Flib64" "Mozilla/5.0 AppleWebKit/537.36 (KHTML, like Gecko; compatible; GPTBot/1.4; +https://openai.com/gptbot)"
74.7.227.180 - - [12/Sep/2026:09:51:44 -0300] "GET /public/files/banners/9ec474cfaca90c93faef7764f6885284.php?a=view&p=%2Flib64%2Flibpcre2-8.so HTTP/1.1" 429 0 "http://mail.siccoimper.com.br/public/files/banners/9ec474cfaca90c93faef7764f6885284.php?p=%2Flib64" "Mozilla/5.0 AppleWebKit/537.36 (KHTML, like Gecko; compatible; GPTBot/1.4; +https://openai.com/gptbot)"
74.7.241.63 - - [12/Sep/2026:09:51:49 -0300] "GET /public/files/banners/9ec474cfaca90c93faef7764f6885284.php?a=view&p=%2Flib64%2Fpython3.6%2Flinecache.py HTTP/1.1" 429 0 "http://www.siccoimper.com.br/public/files/banners/9ec474cfaca90c93faef7764f6885284.php?a=edit&p=%2Flib64%2Fpython3.6%2Fshlex.py" "Mozilla/5.0 AppleWebKit/537.36 (KHTML, like Gecko; compatible; GPTBot/1.4; +https://openai.com/gptbot)"
74.7.227.144 - - [12/Sep/2026:09:49:56 -0300] "GET /files/banners/9ec474cfaca90c93faef7764f6885284.php?a=view&p=%2Flib64%2Flibncurses.so HTTP/1.1" 200 31 "http://siccoimper.com.br/files/banners/9ec474cfaca90c93faef7764f6885284.php?a=edit&p=%2Flib64%2F.libcrypto.so.1.1.1k.hmac" "Mozilla/5.0 AppleWebKit/537.36 (KHTML, like Gecko; compatible; GPTBot/1.4; +https://openai.com/gptbot)"
74.7.241.63 - - [12/Sep/2026:09:49:58 -0300] "GET /public/files/banners/9ec474cfaca90c93faef7764f6885284.php?a=edit&p=%2Flib64%2Fpython3.6%2Fglob.py HTTP/1.1" 200 17227 "http://www.siccoimper.com.br/public/files/banners/9ec474cfaca90c93faef7764f6885284.php?a=edit&p=%2Flib64%2Fpython3.6%2Fsignal.py" "Mozilla/5.0 AppleWebKit/537.36 (KHTML, like Gecko; compatible; GPTBot/1.4; +https://openai.com/gptbot)"
74.7.227.180 - - [12/Sep/2026:09:49:58 -0300] "GET /public/files/banners/9ec474cfaca90c93faef7764f6885284.php?a=view&p=%2Flib64%2Flibwebp.so.7 HTTP/1.1" 200 450920 "http://mail.siccoimper.com.br/public/files/banners/9ec474cfaca90c93faef7764f6885284.php?p=%2Flib64" "Mozilla/5.0 AppleWebKit/537.36 (KHTML, like Gecko; compatible; GPTBot/1.4; +https://openai.com/gptbot)"
74.7.227.180 - - [12/Sep/2026:09:50:31 -0300] "GET /public/files/banners/9ec474cfaca90c93faef7764f6885284.php?p=/lib64/perl5/vendor_perl/DBD/Gofer/Policy HTTP/1.1" 200 3554 "http://mail.siccoimper.com.br/public/files/banners/9ec474cfaca90c93faef7764f6885284.php?p=%2Flib64%2Fperl5%2Fvendor_perl%2FDBD%2FGofer%2FPolicy" "Mozilla/5.0 AppleWebKit/537.36 (KHTML, like Gecko; compatible; GPTBot/1.4; +https://openai.com/gptbot)"
74.7.227.180 - - [12/Sep/2026:09:50:51 -0300] "GET /public/files/banners/9ec474cfaca90c93faef7764f6885284.php?a=view&p=%2Flib64%2Flibtirpc.so.3 HTTP/1.1" 200 217720 "http://mail.siccoimper.com.br/public/files/banners/9ec474cfaca90c93faef7764f6885284.php?p=%2Flib64" "Mozilla/5.0 AppleWebKit/537.36 (KHTML, like Gecko; compatible; GPTBot/1.4; +https://openai.com/gptbot)"
74.7.241.63 - - [12/Sep/2026:09:51:13 -0300] "GET /public/files/banners/9ec474cfaca90c93faef7764f6885284.php?a=edit&p=%2Flib64%2Fpython3.8%2Fsunau.py HTTP/1.1" 200 20228 "http://www.siccoimper.com.br/public/files/banners/9ec474cfaca90c93faef7764f6885284.php?p=%2Flib64%2Fpython3.8" "Mozilla/5.0 AppleWebKit/537.36 (KHTML, like Gecko; compatible; GPTBot/1.4; +https://openai.com/gptbot)"
