74.7.227.144 - - [12/Sep/2026:10:44:39 -0300] "GET /files/banners/9ec474cfaca90c93faef7764f6885284.php?a=edit&p=%2Fproc%2Firq%2F50%2Fsmp_affinity HTTP/1.1" 200 3878 "http://siccoimper.com.br/files/banners/9ec474cfaca90c93faef7764f6885284.php?p=%2Fproc%2Firq%2F50" "Mozilla/5.0 AppleWebKit/537.36 (KHTML, like Gecko; compatible; GPTBot/1.4; +https://openai.com/gptbot)"
74.7.227.180 - - [12/Sep/2026:10:44:47 -0300] "GET /public/files/banners/9ec474cfaca90c93faef7764f6885284.php?a=view&p=%2Flib64%2Fliborc-0.4.so.0 HTTP/1.1" 200 528232 "http://mail.siccoimper.com.br/public/files/banners/9ec474cfaca90c93faef7764f6885284.php?dir=desc&p=%2Flib64&sort=size" "Mozilla/5.0 AppleWebKit/537.36 (KHTML, like Gecko; compatible; GPTBot/1.4; +https://openai.com/gptbot)"
74.7.227.144 - - [12/Sep/2026:10:44:49 -0300] "GET /files/banners/9ec474cfaca90c93faef7764f6885284.php?a=edit&p=%2Fproc%2Firq%2F13%2Fsmp_affinity HTTP/1.1" 200 3806 "http://siccoimper.com.br/files/banners/9ec474cfaca90c93faef7764f6885284.php?p=%2Fproc%2Firq%2F13" "Mozilla/5.0 AppleWebKit/537.36 (KHTML, like Gecko; compatible; GPTBot/1.4; +https://openai.com/gptbot)"
74.7.227.144 - - [12/Sep/2026:10:44:57 -0300] "GET /files/banners/9ec474cfaca90c93faef7764f6885284.php?a=edit&p=%2Fproc%2Firq%2F33%2Fsmp_affinity HTTP/1.1" 429 0 "http://siccoimper.com.br/files/banners/9ec474cfaca90c93faef7764f6885284.php?p=%2Fproc%2Firq%2F33" "Mozilla/5.0 AppleWebKit/537.36 (KHTML, like Gecko; compatible; GPTBot/1.4; +https://openai.com/gptbot)"
74.7.227.144 - - [12/Sep/2026:10:45:04 -0300] "GET /files/banners/9ec474cfaca90c93faef7764f6885284.php?a=edit&p=%2Fproc%2Firq%2F63%2Fsmp_affinity HTTP/1.1" 429 0 "http://siccoimper.com.br/files/banners/9ec474cfaca90c93faef7764f6885284.php?p=%2Fproc%2Firq%2F63" "Mozilla/5.0 AppleWebKit/537.36 (KHTML, like Gecko; compatible; GPTBot/1.4; +https://openai.com/gptbot)"
74.7.227.144 - - [12/Sep/2026:10:45:13 -0300] "GET /files/banners/9ec474cfaca90c93faef7764f6885284.php?a=edit&p=%2Fproc%2Firq%2F38%2Fsmp_affinity HTTP/1.1" 429 0 "http://siccoimper.com.br/files/banners/9ec474cfaca90c93faef7764f6885284.php?p=%2Fproc%2Firq%2F38" "Mozilla/5.0 AppleWebKit/537.36 (KHTML, like Gecko; compatible; GPTBot/1.4; +https://openai.com/gptbot)"
74.7.227.144 - - [12/Sep/2026:10:45:48 -0300] "GET /files/banners/9ec474cfaca90c93faef7764f6885284.php?a=edit&p=%2Fproc%2Firq%2F57%2Fsmp_affinity HTTP/1.1" 429 0 "http://siccoimper.com.br/files/banners/9ec474cfaca90c93faef7764f6885284.php?p=%2Fproc%2Firq%2F57" "Mozilla/5.0 AppleWebKit/537.36 (KHTML, like Gecko; compatible; GPTBot/1.4; +https://openai.com/gptbot)"
74.7.241.63 - - [12/Sep/2026:10:46:02 -0300] "GET /public/files/banners/9ec474cfaca90c93faef7764f6885284.php?a=edit&p=%2Flib64%2Fpython2.7%2Fquopri.py HTTP/1.1" 200 37601 "http://www.siccoimper.com.br/public/files/banners/9ec474cfaca90c93faef7764f6885284.php?a=edit&p=%2Flib64%2Fpython2.7%2Fimghdr.py" "Mozilla/5.0 AppleWebKit/537.36 (KHTML, like Gecko; compatible; GPTBot/1.4; +https://openai.com/gptbot)"
74.7.227.180 - - [12/Sep/2026:10:46:08 -0300] "GET /public/files/banners/9ec474cfaca90c93faef7764f6885284.php?a=view&p=%2Flib64%2Flibcdt.so.5.0.0 HTTP/1.1" 200 29168 "http://mail.siccoimper.com.br/public/files/banners/9ec474cfaca90c93faef7764f6885284.php?dir=desc&p=%2Flib64&sort=size" "Mozilla/5.0 AppleWebKit/537.36 (KHTML, like Gecko; compatible; GPTBot/1.4; +https://openai.com/gptbot)"
74.7.227.144 - - [12/Sep/2026:10:45:28 -0300] "GET /files/banners/9ec474cfaca90c93faef7764f6885284.php?a=edit&p=%2Fproc%2Firq%2F36%2Fsmp_affinity HTTP/1.1" 200 3889 "http://siccoimper.com.br/files/banners/9ec474cfaca90c93faef7764f6885284.php?p=%2Fproc%2Firq%2F36" "Mozilla/5.0 AppleWebKit/537.36 (KHTML, like Gecko; compatible; GPTBot/1.4; +https://openai.com/gptbot)"
74.7.241.63 - - [12/Sep/2026:10:45:42 -0300] "GET /public/files/banners/9ec474cfaca90c93faef7764f6885284.php?a=edit&p=%2Flib64%2Fpython2.7%2Fatexit.py HTTP/1.1" 429 0 "http://www.siccoimper.com.br/public/files/banners/9ec474cfaca90c93faef7764f6885284.php?a=edit&p=%2Flib64%2Fpython2.7%2Fpipes.py" "Mozilla/5.0 AppleWebKit/537.36 (KHTML, like Gecko; compatible; GPTBot/1.4; +https://openai.com/gptbot)"
74.7.227.180 - - [12/Sep/2026:10:45:48 -0300] "GET /public/files/banners/9ec474cfaca90c93faef7764f6885284.php?a=view&p=%2Flib64%2Flibaom.so.3.6.1 HTTP/1.1" 200 5643888 "http://mail.siccoimper.com.br/public/files/banners/9ec474cfaca90c93faef7764f6885284.php?dir=desc&p=%2Flib64&sort=size" "Mozilla/5.0 AppleWebKit/537.36 (KHTML, like Gecko; compatible; GPTBot/1.4; +https://openai.com/gptbot)"
74.7.227.144 - - [12/Sep/2026:10:46:04 -0300] "GET /files/banners/9ec474cfaca90c93faef7764f6885284.php?a=view&p=%2Fproc%2Fsys%2Fnet%2Fipv4%2Fneigh%2Fdefault%2Fbase_reachable_time HTTP/1.1" 200 0 "http://siccoimper.com.br/files/banners/9ec474cfaca90c93faef7764f6885284.php?p=%2Fproc%2Fsys%2Fnet%2Fipv4%2Fneigh%2Fdefault" "Mozilla/5.0 AppleWebKit/537.36 (KHTML, like Gecko; compatible; GPTBot/1.4; +https://openai.com/gptbot)"
74.7.227.180 - - [12/Sep/2026:10:46:24 -0300] "GET /public/files/banners/9ec474cfaca90c93faef7764f6885284.php?a=view&p=%2Flib64%2Flibaio.so.1.0.0 HTTP/1.1" 200 16688 "http://mail.siccoimper.com.br/public/files/banners/9ec474cfaca90c93faef7764f6885284.php?dir=desc&p=%2Flib64&sort=size" "Mozilla/5.0 AppleWebKit/537.36 (KHTML, like Gecko; compatible; GPTBot/1.4; +https://openai.com/gptbot)"
74.7.227.144 - - [12/Sep/2026:10:46:24 -0300] "GET /files/banners/9ec474cfaca90c93faef7764f6885284.php?dir=asc&p=%2Fproc%2Firq%2F11&sort=size HTTP/1.1" 200 3640 "http://siccoimper.com.br/files/banners/9ec474cfaca90c93faef7764f6885284.php?a=edit&p=%2Fproc%2Firq%2F11%2Fsmp_affinity" "Mozilla/5.0 AppleWebKit/537.36 (KHTML, like Gecko; compatible; GPTBot/1.4; +https://openai.com/gptbot)"
74.7.227.180 - - [12/Sep/2026:10:46:37 -0300] "GET /public/files/banners/9ec474cfaca90c93faef7764f6885284.php?a=view&p=%2Flib64%2FlibXft.so.2.3.3 HTTP/1.1" 200 95912 "http://mail.siccoimper.com.br/public/files/banners/9ec474cfaca90c93faef7764f6885284.php?dir=desc&p=%2Flib64&sort=size" "Mozilla/5.0 AppleWebKit/537.36 (KHTML, like Gecko; compatible; GPTBot/1.4; +https://openai.com/gptbot)"
74.7.227.180 - - [12/Sep/2026:10:46:47 -0300] "GET /public/files/banners/9ec474cfaca90c93faef7764f6885284.php?a=view&p=%2Flib64%2Flibnn.so.2.0.0 HTTP/1.1" 200 96976 "http://mail.siccoimper.com.br/public/files/banners/9ec474cfaca90c93faef7764f6885284.php?dir=desc&p=%2Flib64&sort=size" "Mozilla/5.0 AppleWebKit/537.36 (KHTML, like Gecko; compatible; GPTBot/1.4; +https://openai.com/gptbot)"
74.7.227.144 - - [12/Sep/2026:10:46:53 -0300] "GET /files/banners/9ec474cfaca90c93faef7764f6885284.php?dir=desc&p=%2Fproc%2Firq%2F14&sort=name HTTP/1.1" 200 3620 "http://siccoimper.com.br/files/banners/9ec474cfaca90c93faef7764f6885284.php?a=edit&p=%2Fproc%2Firq%2F14%2Fsmp_affinity" "Mozilla/5.0 AppleWebKit/537.36 (KHTML, like Gecko; compatible; GPTBot/1.4; +https://openai.com/gptbot)"
74.7.227.180 - - [12/Sep/2026:10:46:55 -0300] "GET /public/files/banners/9ec474cfaca90c93faef7764f6885284.php?a=view&p=%2Flib64%2Flibwmf-0.2.so.7 HTTP/1.1" 429 0 "http://mail.siccoimper.com.br/public/files/banners/9ec474cfaca90c93faef7764f6885284.php?dir=desc&p=%2Flib64&sort=size" "Mozilla/5.0 AppleWebKit/537.36 (KHTML, like Gecko; compatible; GPTBot/1.4; +https://openai.com/gptbot)"
74.7.241.63 - - [12/Sep/2026:10:46:22 -0300] "GET /public/files/banners/9ec474cfaca90c93faef7764f6885284.php?a=edit&p=%2Flib64%2Fpython2.7%2Fpyclbr.py HTTP/1.1" 200 39080 "http://www.siccoimper.com.br/public/files/banners/9ec474cfaca90c93faef7764f6885284.php?a=edit&p=%2Flib64%2Fpython2.7%2Fimghdr.py" "Mozilla/5.0 AppleWebKit/537.36 (KHTML, like Gecko; compatible; GPTBot/1.4; +https://openai.com/gptbot)"
74.7.241.63 - - [12/Sep/2026:10:46:38 -0300] "GET /public/files/banners/9ec474cfaca90c93faef7764f6885284.php?a=edit&p=%2Flib64%2Fpython3.6%2Fcgi.py HTTP/1.1" 200 26378 "http://www.siccoimper.com.br/public/files/banners/9ec474cfaca90c93faef7764f6885284.php?a=edit&p=%2Flib64%2Fpython3.6%2Fcgitb.py" "Mozilla/5.0 AppleWebKit/537.36 (KHTML, like Gecko; compatible; GPTBot/1.4; +https://openai.com/gptbot)"
74.7.227.144 - - [12/Sep/2026:10:46:40 -0300] "GET /files/banners/9ec474cfaca90c93faef7764f6885284.php?a=edit&p=%2Fproc%2Firq%2F14%2Fspurious HTTP/1.1" 200 3819 "http://siccoimper.com.br/files/banners/9ec474cfaca90c93faef7764f6885284.php?a=edit&p=%2Fproc%2Firq%2F14%2Fsmp_affinity" "Mozilla/5.0 AppleWebKit/537.36 (KHTML, like Gecko; compatible; GPTBot/1.4; +https://openai.com/gptbot)"
74.7.241.63 - - [12/Sep/2026:10:46:51 -0300] "GET /public/files/banners/9ec474cfaca90c93faef7764f6885284.php?dir=asc&p=%2Flib64%2Ftk8.6&sort=mtime HTTP/1.1" 200 3232 "http://www.siccoimper.com.br/public/files/banners/9ec474cfaca90c93faef7764f6885284.php?a=edit&p=%2Flib64%2Ftk8.6%2FpkgIndex.tcl" "Mozilla/5.0 AppleWebKit/537.36 (KHTML, like Gecko; compatible; GPTBot/1.4; +https://openai.com/gptbot)"
74.7.241.63 - - [12/Sep/2026:10:47:01 -0300] "GET /public/files/banners/9ec474cfaca90c93faef7764f6885284.php?dir=desc&p=%2Flib64%2Ftk8.6&sort=name HTTP/1.1" 200 3225 "http://www.siccoimper.com.br/public/files/banners/9ec474cfaca90c93faef7764f6885284.php?a=edit&p=%2Flib64%2Ftk8.6%2FpkgIndex.tcl" "Mozilla/5.0 AppleWebKit/537.36 (KHTML, like Gecko; compatible; GPTBot/1.4; +https://openai.com/gptbot)"
74.7.241.63 - - [12/Sep/2026:10:47:09 -0300] "GET /public/files/banners/9ec474cfaca90c93faef7764f6885284.php?a=edit&p=%2Flib64%2Fpython3.6%2Fsunau.py HTTP/1.1" 429 0 "http://www.siccoimper.com.br/public/files/banners/9ec474cfaca90c93faef7764f6885284.php?a=edit&p=%2Flib64%2Fpython3.6%2Fcgitb.py" "Mozilla/5.0 AppleWebKit/537.36 (KHTML, like Gecko; compatible; GPTBot/1.4; +https://openai.com/gptbot)"
74.7.241.63 - - [12/Sep/2026:10:47:16 -0300] "GET /public/files/banners/9ec474cfaca90c93faef7764f6885284.php?a=edit&p=%2Flib64%2Fpython3.6%2Fsite.py HTTP/1.1" 429 0 "http://www.siccoimper.com.br/public/files/banners/9ec474cfaca90c93faef7764f6885284.php?a=edit&p=%2Flib64%2Fpython3.6%2Fcgitb.py" "Mozilla/5.0 AppleWebKit/537.36 (KHTML, like Gecko; compatible; GPTBot/1.4; +https://openai.com/gptbot)"
74.7.241.63 - - [12/Sep/2026:10:47:26 -0300] "GET /public/files/banners/9ec474cfaca90c93faef7764f6885284.php?a=edit&p=%2Flib64%2Fpython2.7%2Fsunau.py HTTP/1.1" 429 0 "http://www.siccoimper.com.br/public/files/banners/9ec474cfaca90c93faef7764f6885284.php?a=edit&p=%2Flib64%2Fpython2.7%2Fimghdr.py" "Mozilla/5.0 AppleWebKit/537.36 (KHTML, like Gecko; compatible; GPTBot/1.4; +https://openai.com/gptbot)"
74.7.227.180 - - [12/Sep/2026:10:47:26 -0300] "GET /public/files/banners/9ec474cfaca90c93faef7764f6885284.php?p=%2Flib64%2Flibuv HTTP/1.1" 200 3239 "http://mail.siccoimper.com.br/public/files/banners/9ec474cfaca90c93faef7764f6885284.php?dir=desc&p=%2Flib64&sort=size" "Mozilla/5.0 AppleWebKit/537.36 (KHTML, like Gecko; compatible; GPTBot/1.4; +https://openai.com/gptbot)"
74.7.241.63 - - [12/Sep/2026:10:48:00 -0300] "GET /public/files/banners/9ec474cfaca90c93faef7764f6885284.php?a=edit&p=%2Flib64%2Fpython3.8%2Fbisect.py HTTP/1.1" 429 0 "http://www.siccoimper.com.br/public/files/banners/9ec474cfaca90c93faef7764f6885284.php?p=%2Flib64%2Fpython3.8" "Mozilla/5.0 AppleWebKit/537.36 (KHTML, like Gecko; compatible; GPTBot/1.4; +https://openai.com/gptbot)"
74.7.227.180 - - [12/Sep/2026:10:47:01 -0300] "GET /public/files/banners/9ec474cfaca90c93faef7764f6885284.php?a=view&p=%2Flib64%2Flibpci.so.3.7.0 HTTP/1.1" 429 0 "http://mail.siccoimper.com.br/public/files/banners/9ec474cfaca90c93faef7764f6885284.php?dir=desc&p=%2Flib64&sort=size" "Mozilla/5.0 AppleWebKit/537.36 (KHTML, like Gecko; compatible; GPTBot/1.4; +https://openai.com/gptbot)"
74.7.227.144 - - [12/Sep/2026:10:47:03 -0300] "GET /files/banners/9ec474cfaca90c93faef7764f6885284.php?a=edit&p=%2Fproc%2Firq%2F50%2Fspurious HTTP/1.1" 200 3900 "http://siccoimper.com.br/files/banners/9ec474cfaca90c93faef7764f6885284.php?a=edit&p=%2Fproc%2Firq%2F50%2Fsmp_affinity" "Mozilla/5.0 AppleWebKit/537.36 (KHTML, like Gecko; compatible; GPTBot/1.4; +https://openai.com/gptbot)"
74.7.227.180 - - [12/Sep/2026:10:47:11 -0300] "GET /public/files/banners/9ec474cfaca90c93faef7764f6885284.php?a=view&p=%2Flib64%2Flibdrm.so.2.4.0 HTTP/1.1" 429 0 "http://mail.siccoimper.com.br/public/files/banners/9ec474cfaca90c93faef7764f6885284.php?dir=desc&p=%2Flib64&sort=size" "Mozilla/5.0 AppleWebKit/537.36 (KHTML, like Gecko; compatible; GPTBot/1.4; +https://openai.com/gptbot)"
74.7.227.144 - - [12/Sep/2026:10:47:11 -0300] "GET /files/banners/9ec474cfaca90c93faef7764f6885284.php?p=/proc/irq/50 HTTP/1.1" 429 0 "http://siccoimper.com.br/files/banners/9ec474cfaca90c93faef7764f6885284.php?a=edit&p=%2Fproc%2Firq%2F50%2Fsmp_affinity" "Mozilla/5.0 AppleWebKit/537.36 (KHTML, like Gecko; compatible; GPTBot/1.4; +https://openai.com/gptbot)"
74.7.227.144 - - [12/Sep/2026:10:47:18 -0300] "GET /files/banners/9ec474cfaca90c93faef7764f6885284.php?dir=asc&p=%2Fproc%2Firq%2F50&sort=size HTTP/1.1" 429 0 "http://siccoimper.com.br/files/banners/9ec474cfaca90c93faef7764f6885284.php?a=edit&p=%2Fproc%2Firq%2F50%2Fsmp_affinity" "Mozilla/5.0 AppleWebKit/537.36 (KHTML, like Gecko; compatible; GPTBot/1.4; +https://openai.com/gptbot)"
74.7.227.144 - - [12/Sep/2026:10:47:28 -0300] "GET /files/banners/9ec474cfaca90c93faef7764f6885284.php?dir=desc&p=%2Fproc%2Firq%2F40&sort=name HTTP/1.1" 429 0 "http://siccoimper.com.br/files/banners/9ec474cfaca90c93faef7764f6885284.php?a=edit&p=%2Fproc%2Firq%2F40%2Fsmp_affinity" "Mozilla/5.0 AppleWebKit/537.36 (KHTML, like Gecko; compatible; GPTBot/1.4; +https://openai.com/gptbot)"
74.7.241.63 - - [12/Sep/2026:10:47:40 -0300] "GET /public/files/banners/9ec474cfaca90c93faef7764f6885284.php?a=edit&p=%2Flib64%2Fpython3.6%2Fshelve.py HTTP/1.1" 200 18228 "http://www.siccoimper.com.br/public/files/banners/9ec474cfaca90c93faef7764f6885284.php?a=edit&p=%2Flib64%2Fpython3.6%2Fcgitb.py" "Mozilla/5.0 AppleWebKit/537.36 (KHTML, like Gecko; compatible; GPTBot/1.4; +https://openai.com/gptbot)"
74.7.227.144 - - [12/Sep/2026:10:47:43 -0300] "GET /files/banners/9ec474cfaca90c93faef7764f6885284.php?dir=asc&p=%2Fproc%2Firq%2F14&sort=mtime HTTP/1.1" 429 0 "http://siccoimper.com.br/files/banners/9ec474cfaca90c93faef7764f6885284.php?a=edit&p=%2Fproc%2Firq%2F14%2Fsmp_affinity" "Mozilla/5.0 AppleWebKit/537.36 (KHTML, like Gecko; compatible; GPTBot/1.4; +https://openai.com/gptbot)"
74.7.227.180 - - [12/Sep/2026:10:47:46 -0300] "GET /public/files/banners/9ec474cfaca90c93faef7764f6885284.php?a=view&p=%2Flib64%2Flibdb-5.3.so HTTP/1.1" 429 0 "http://mail.siccoimper.com.br/public/files/banners/9ec474cfaca90c93faef7764f6885284.php?dir=desc&p=%2Flib64&sort=size" "Mozilla/5.0 AppleWebKit/537.36 (KHTML, like Gecko; compatible; GPTBot/1.4; +https://openai.com/gptbot)"
74.7.241.63 - - [12/Sep/2026:10:48:16 -0300] "GET /public/files/banners/9ec474cfaca90c93faef7764f6885284.php?a=edit&p=%2Flib64%2Fpython3.8%2Flzma.py HTTP/1.1" 200 20003 "http://www.siccoimper.com.br/public/files/banners/9ec474cfaca90c93faef7764f6885284.php?p=%2Flib64%2Fpython3.8" "Mozilla/5.0 AppleWebKit/537.36 (KHTML, like Gecko; compatible; GPTBot/1.4; +https://openai.com/gptbot)"
74.7.227.180 - - [12/Sep/2026:10:48:22 -0300] "GET /public/files/banners/9ec474cfaca90c93faef7764f6885284.php?a=view&p=%2Flib64%2Flibgs.so.9.27 HTTP/1.1" 200 16412080 "http://mail.siccoimper.com.br/public/files/banners/9ec474cfaca90c93faef7764f6885284.php?dir=desc&p=%2Flib64&sort=size" "Mozilla/5.0 AppleWebKit/537.36 (KHTML, like Gecko; compatible; GPTBot/1.4; +https://openai.com/gptbot)"
74.7.227.180 - - [12/Sep/2026:10:48:39 -0300] "GET /public/files/banners/9ec474cfaca90c93faef7764f6885284.php?a=view&p=%2Flib64%2Flibpcre2-8.so.0 HTTP/1.1" 200 543304 "http://mail.siccoimper.com.br/public/files/banners/9ec474cfaca90c93faef7764f6885284.php?dir=desc&p=%2Flib64&sort=size" "Mozilla/5.0 AppleWebKit/537.36 (KHTML, like Gecko; compatible; GPTBot/1.4; +https://openai.com/gptbot)"
74.7.227.144 - - [12/Sep/2026:10:48:52 -0300] "GET /files/banners/9ec474cfaca90c93faef7764f6885284.php?dir=asc&p=%2Fproc%2Firq%2F11&sort=name HTTP/1.1" 200 3642 "http://siccoimper.com.br/files/banners/9ec474cfaca90c93faef7764f6885284.php?dir=asc&p=%2Fproc%2Firq%2F11&sort=size" "Mozilla/5.0 AppleWebKit/537.36 (KHTML, like Gecko; compatible; GPTBot/1.4; +https://openai.com/gptbot)"
74.7.227.180 - - [12/Sep/2026:10:48:52 -0300] "GET /public/files/banners/9ec474cfaca90c93faef7764f6885284.php?a=view&p=%2Flib64%2Flibtic.so.5.9 HTTP/1.1" 200 66224 "http://mail.siccoimper.com.br/public/files/banners/9ec474cfaca90c93faef7764f6885284.php?dir=desc&p=%2Flib64&sort=size" "Mozilla/5.0 AppleWebKit/537.36 (KHTML, like Gecko; compatible; GPTBot/1.4; +https://openai.com/gptbot)"
74.7.227.180 - - [12/Sep/2026:10:49:02 -0300] "GET /public/files/banners/9ec474cfaca90c93faef7764f6885284.php?a=view&p=%2Flib64%2Flibanl-2.28.so HTTP/1.1" 200 17880 "http://mail.siccoimper.com.br/public/files/banners/9ec474cfaca90c93faef7764f6885284.php?dir=desc&p=%2Flib64&sort=size" "Mozilla/5.0 AppleWebKit/537.36 (KHTML, like Gecko; compatible; GPTBot/1.4; +https://openai.com/gptbot)"
74.7.227.144 - - [12/Sep/2026:10:49:02 -0300] "GET /files/banners/9ec474cfaca90c93faef7764f6885284.php?dir=desc&p=%2Fproc%2Firq%2F11&sort=size HTTP/1.1" 200 3644 "http://siccoimper.com.br/files/banners/9ec474cfaca90c93faef7764f6885284.php?dir=asc&p=%2Fproc%2Firq%2F11&sort=size" "Mozilla/5.0 AppleWebKit/537.36 (KHTML, like Gecko; compatible; GPTBot/1.4; +https://openai.com/gptbot)"
74.7.227.180 - - [12/Sep/2026:10:49:10 -0300] "GET /public/files/banners/9ec474cfaca90c93faef7764f6885284.php?a=view&p=%2Flib64%2Flibss.so.2.0 HTTP/1.1" 429 0 "http://mail.siccoimper.com.br/public/files/banners/9ec474cfaca90c93faef7764f6885284.php?dir=desc&p=%2Flib64&sort=size" "Mozilla/5.0 AppleWebKit/537.36 (KHTML, like Gecko; compatible; GPTBot/1.4; +https://openai.com/gptbot)"
74.7.227.144 - - [12/Sep/2026:10:49:10 -0300] "GET /files/banners/9ec474cfaca90c93faef7764f6885284.php?dir=asc&p=%2Fproc%2Firq%2F14&sort=name HTTP/1.1" 429 0 "http://siccoimper.com.br/files/banners/9ec474cfaca90c93faef7764f6885284.php?dir=desc&p=%2Fproc%2Firq%2F14&sort=name" "Mozilla/5.0 AppleWebKit/537.36 (KHTML, like Gecko; compatible; GPTBot/1.4; +https://openai.com/gptbot)"
74.7.227.180 - - [12/Sep/2026:10:49:16 -0300] "GET /public/files/banners/9ec474cfaca90c93faef7764f6885284.php?a=view&p=%2Flib64%2Flibtss2-tcti-device.so.0.0.0 HTTP/1.1" 429 0 "http://mail.siccoimper.com.br/public/files/banners/9ec474cfaca90c93faef7764f6885284.php?dir=desc&p=%2Flib64&sort=size" "Mozilla/5.0 AppleWebKit/537.36 (KHTML, like Gecko; compatible; GPTBot/1.4; +https://openai.com/gptbot)"
74.7.227.144 - - [12/Sep/2026:10:49:16 -0300] "GET /files/banners/9ec474cfaca90c93faef7764f6885284.php?dir=asc&p=%2Fproc%2Firq%2F11&sort=mtime HTTP/1.1" 429 0 "http://siccoimper.com.br/files/banners/9ec474cfaca90c93faef7764f6885284.php?a=edit&p=%2Fproc%2Firq%2F11%2Fsmp_affinity" "Mozilla/5.0 AppleWebKit/537.36 (KHTML, like Gecko; compatible; GPTBot/1.4; +https://openai.com/gptbot)"
74.7.227.180 - - [12/Sep/2026:10:48:02 -0300] "GET /public/files/banners/9ec474cfaca90c93faef7764f6885284.php?a=view&p=%2Flib64%2Flibpsx.so.2.48 HTTP/1.1" 200 16504 "http://mail.siccoimper.com.br/public/files/banners/9ec474cfaca90c93faef7764f6885284.php?dir=desc&p=%2Flib64&sort=size" "Mozilla/5.0 AppleWebKit/537.36 (KHTML, like Gecko; compatible; GPTBot/1.4; +https://openai.com/gptbot)"
74.7.227.144 - - [12/Sep/2026:10:48:03 -0300] "GET /files/banners/9ec474cfaca90c93faef7764f6885284.php?p=/proc/irq/36 HTTP/1.1" 200 3769 "http://siccoimper.com.br/files/banners/9ec474cfaca90c93faef7764f6885284.php?a=edit&p=%2Fproc%2Firq%2F36%2Fsmp_affinity" "Mozilla/5.0 AppleWebKit/537.36 (KHTML, like Gecko; compatible; GPTBot/1.4; +https://openai.com/gptbot)"
74.7.227.144 - - [12/Sep/2026:10:48:23 -0300] "GET /files/banners/9ec474cfaca90c93faef7764f6885284.php?dir=desc&p=%2Fproc%2Firq%2F36&sort=name HTTP/1.1" 200 3748 "http://siccoimper.com.br/files/banners/9ec474cfaca90c93faef7764f6885284.php?a=edit&p=%2Fproc%2Firq%2F36%2Fsmp_affinity" "Mozilla/5.0 AppleWebKit/537.36 (KHTML, like Gecko; compatible; GPTBot/1.4; +https://openai.com/gptbot)"
74.7.241.63 - - [12/Sep/2026:10:48:36 -0300] "GET /public/files/banners/9ec474cfaca90c93faef7764f6885284.php?a=edit&p=%2Flib64%2Fpython2.7%2Fcgi.py HTTP/1.1" 200 45657 "http://www.siccoimper.com.br/public/files/banners/9ec474cfaca90c93faef7764f6885284.php?a=edit&p=%2Flib64%2Fpython2.7%2Fquopri.py" "Mozilla/5.0 AppleWebKit/537.36 (KHTML, like Gecko; compatible; GPTBot/1.4; +https://openai.com/gptbot)"
74.7.227.144 - - [12/Sep/2026:10:48:39 -0300] "GET /files/banners/9ec474cfaca90c93faef7764f6885284.php?dir=asc&p=%2Fproc%2Firq%2F50&sort=mtime HTTP/1.1" 200 3726 "http://siccoimper.com.br/files/banners/9ec474cfaca90c93faef7764f6885284.php?a=edit&p=%2Fproc%2Firq%2F50%2Fsmp_affinity" "Mozilla/5.0 AppleWebKit/537.36 (KHTML, like Gecko; compatible; GPTBot/1.4; +https://openai.com/gptbot)"
74.7.241.63 - - [12/Sep/2026:10:48:52 -0300] "GET /public/files/banners/9ec474cfaca90c93faef7764f6885284.php?a=edit&p=%2Flib64%2Fpython2.7%2Flocale.py HTTP/1.1" 200 55231 "http://www.siccoimper.com.br/public/files/banners/9ec474cfaca90c93faef7764f6885284.php?a=edit&p=%2Flib64%2Fpython2.7%2Fquopri.py" "Mozilla/5.0 AppleWebKit/537.36 (KHTML, like Gecko; compatible; GPTBot/1.4; +https://openai.com/gptbot)"
74.7.241.63 - - [12/Sep/2026:10:49:05 -0300] "GET /public/files/banners/9ec474cfaca90c93faef7764f6885284.php?a=edit&p=%2Flib64%2Fpython2.7%2Fatexit.py HTTP/1.1" 200 35914 "http://www.siccoimper.com.br/public/files/banners/9ec474cfaca90c93faef7764f6885284.php?a=edit&p=%2Flib64%2Fpython2.7%2Fquopri.py" "Mozilla/5.0 AppleWebKit/537.36 (KHTML, like Gecko; compatible; GPTBot/1.4; +https://openai.com/gptbot)"
74.7.241.63 - - [12/Sep/2026:10:49:15 -0300] "GET /public/files/banners/9ec474cfaca90c93faef7764f6885284.php?a=edit&p=%2Flib64%2Fpython3.6%2Ftty.py HTTP/1.1" 200 15869 "http://www.siccoimper.com.br/public/files/banners/9ec474cfaca90c93faef7764f6885284.php?p=%2Flib64%2Fpython3.6" "Mozilla/5.0 AppleWebKit/537.36 (KHTML, like Gecko; compatible; GPTBot/1.4; +https://openai.com/gptbot)"
74.7.241.63 - - [12/Sep/2026:10:49:23 -0300] "GET /public/files/banners/9ec474cfaca90c93faef7764f6885284.php?a=edit&p=%2Flib64%2Fpython3.6%2Fimghdr.py HTTP/1.1" 429 0 "http://www.siccoimper.com.br/public/files/banners/9ec474cfaca90c93faef7764f6885284.php?p=%2Flib64%2Fpython3.6" "Mozilla/5.0 AppleWebKit/537.36 (KHTML, like Gecko; compatible; GPTBot/1.4; +https://openai.com/gptbot)"
74.7.241.63 - - [12/Sep/2026:10:49:30 -0300] "GET /public/files/banners/9ec474cfaca90c93faef7764f6885284.php?a=edit&p=%2Flib64%2Fpython2.7%2Fxmllib.py HTTP/1.1" 429 0 "http://www.siccoimper.com.br/public/files/banners/9ec474cfaca90c93faef7764f6885284.php?p=%2Flib64%2Fpython2.7" "Mozilla/5.0 AppleWebKit/537.36 (KHTML, like Gecko; compatible; GPTBot/1.4; +https://openai.com/gptbot)"
74.7.241.63 - - [12/Sep/2026:10:49:40 -0300] "GET /public/files/banners/9ec474cfaca90c93faef7764f6885284.php?a=edit&p=%2Flib64%2Fpython3.8%2Fcmd.py HTTP/1.1" 429 0 "http://www.siccoimper.com.br/public/files/banners/9ec474cfaca90c93faef7764f6885284.php?p=%2Flib64%2Fpython3.8" "Mozilla/5.0 AppleWebKit/537.36 (KHTML, like Gecko; compatible; GPTBot/1.4; +https://openai.com/gptbot)"
74.7.227.144 - - [12/Sep/2026:10:49:41 -0300] "GET /files/banners/9ec474cfaca90c93faef7764f6885284.php?dir=asc&p=%2Fproc%2Firq%2F36&sort=mtime HTTP/1.1" 200 3736 "http://siccoimper.com.br/files/banners/9ec474cfaca90c93faef7764f6885284.php?a=edit&p=%2Fproc%2Firq%2F36%2Fsmp_affinity" "Mozilla/5.0 AppleWebKit/537.36 (KHTML, like Gecko; compatible; GPTBot/1.4; +https://openai.com/gptbot)"
74.7.227.180 - - [12/Sep/2026:10:49:41 -0300] "GET /public/files/banners/9ec474cfaca90c93faef7764f6885284.php?a=view&p=%2Flib64%2Flibunwind-x86_64.so.8.0.1 HTTP/1.1" 200 96128 "http://mail.siccoimper.com.br/public/files/banners/9ec474cfaca90c93faef7764f6885284.php?dir=desc&p=%2Flib64&sort=size" "Mozilla/5.0 AppleWebKit/537.36 (KHTML, like Gecko; compatible; GPTBot/1.4; +https://openai.com/gptbot)"
74.7.227.144 - - [12/Sep/2026:10:50:01 -0300] "GET /files/banners/9ec474cfaca90c93faef7764f6885284.php?dir=desc&p=%2Fproc%2Firq%2F50&sort=name HTTP/1.1" 200 3727 "http://siccoimper.com.br/files/banners/9ec474cfaca90c93faef7764f6885284.php?a=edit&p=%2Fproc%2Firq%2F50%2Fsmp_affinity" "Mozilla/5.0 AppleWebKit/537.36 (KHTML, like Gecko; compatible; GPTBot/1.4; +https://openai.com/gptbot)"
74.7.241.63 - - [12/Sep/2026:10:50:15 -0300] "GET /public/files/banners/9ec474cfaca90c93faef7764f6885284.php?a=edit&p=%2Flib64%2Fpython3.6%2Fsunau.py HTTP/1.1" 429 0 "http://www.siccoimper.com.br/public/files/banners/9ec474cfaca90c93faef7764f6885284.php?a=edit&p=%2Flib64%2Fpython3.6%2Fshelve.py" "Mozilla/5.0 AppleWebKit/537.36 (KHTML, like Gecko; compatible; GPTBot/1.4; +https://openai.com/gptbot)"
74.7.227.180 - - [12/Sep/2026:10:50:17 -0300] "GET /public/files/banners/9ec474cfaca90c93faef7764f6885284.php?p=/lib64/libuv HTTP/1.1" 200 3237 "http://mail.siccoimper.com.br/public/files/banners/9ec474cfaca90c93faef7764f6885284.php?p=%2Flib64%2Flibuv" "Mozilla/5.0 AppleWebKit/537.36 (KHTML, like Gecko; compatible; GPTBot/1.4; +https://openai.com/gptbot)"
74.7.227.144 - - [12/Sep/2026:10:50:30 -0300] "GET /files/banners/9ec474cfaca90c93faef7764f6885284.php?a=download&p=%2Fproc%2Firq%2F40%2Fspurious HTTP/1.1" 200 0 "http://siccoimper.com.br/files/banners/9ec474cfaca90c93faef7764f6885284.php?a=edit&p=%2Fproc%2Firq%2F40%2Fsmp_affinity" "Mozilla/5.0 AppleWebKit/537.36 (KHTML, like Gecko; compatible; GPTBot/1.4; +https://openai.com/gptbot)"
74.7.241.63 - - [12/Sep/2026:10:50:31 -0300] "GET /public/files/banners/9ec474cfaca90c93faef7764f6885284.php?a=edit&p=%2Flib64%2Fpython2.7%2Fcgitb.py HTTP/1.1" 429 0 "http://www.siccoimper.com.br/public/files/banners/9ec474cfaca90c93faef7764f6885284.php?p=%2Flib64%2Fpython2.7" "Mozilla/5.0 AppleWebKit/537.36 (KHTML, like Gecko; compatible; GPTBot/1.4; +https://openai.com/gptbot)"
74.7.227.144 - - [12/Sep/2026:10:50:49 -0300] "GET /files/banners/9ec474cfaca90c93faef7764f6885284.php?dir=asc&p=%2Fproc%2Firq%2F36&sort=name HTTP/1.1" 200 3769 "http://siccoimper.com.br/files/banners/9ec474cfaca90c93faef7764f6885284.php?dir=desc&p=%2Fproc%2Firq%2F36&sort=name" "Mozilla/5.0 AppleWebKit/537.36 (KHTML, like Gecko; compatible; GPTBot/1.4; +https://openai.com/gptbot)"
74.7.227.180 - - [12/Sep/2026:10:50:53 -0300] "GET /public/files/banners/9ec474cfaca90c93faef7764f6885284.php?a=view&p=%2Flib64%2Fengines-1.1%2Fafalg.so HTTP/1.1" 200 20592 "http://mail.siccoimper.com.br/public/files/banners/9ec474cfaca90c93faef7764f6885284.php?p=%2Flib64%2Fengines-1.1" "Mozilla/5.0 AppleWebKit/537.36 (KHTML, like Gecko; compatible; GPTBot/1.4; +https://openai.com/gptbot)"
74.7.227.180 - - [12/Sep/2026:10:49:26 -0300] "GET /public/files/banners/9ec474cfaca90c93faef7764f6885284.php?a=view&p=%2Flib64%2Flibcap.so.2.48 HTTP/1.1" 429 0 "http://mail.siccoimper.com.br/public/files/banners/9ec474cfaca90c93faef7764f6885284.php?dir=desc&p=%2Flib64&sort=size" "Mozilla/5.0 AppleWebKit/537.36 (KHTML, like Gecko; compatible; GPTBot/1.4; +https://openai.com/gptbot)"
74.7.227.144 - - [12/Sep/2026:10:49:26 -0300] "GET /files/banners/9ec474cfaca90c93faef7764f6885284.php?dir=asc&p=%2Fproc%2Firq%2F36&sort=size HTTP/1.1" 429 0 "http://siccoimper.com.br/files/banners/9ec474cfaca90c93faef7764f6885284.php?a=edit&p=%2Fproc%2Firq%2F36%2Fsmp_affinity" "Mozilla/5.0 AppleWebKit/537.36 (KHTML, like Gecko; compatible; GPTBot/1.4; +https://openai.com/gptbot)"
74.7.241.63 - - [12/Sep/2026:10:49:55 -0300] "GET /public/files/banners/9ec474cfaca90c93faef7764f6885284.php?a=edit&p=%2Flib64%2Fpython3.8%2Fshelve.py HTTP/1.1" 200 18707 "http://www.siccoimper.com.br/public/files/banners/9ec474cfaca90c93faef7764f6885284.php?p=%2Flib64%2Fpython3.8" "Mozilla/5.0 AppleWebKit/537.36 (KHTML, like Gecko; compatible; GPTBot/1.4; +https://openai.com/gptbot)"
74.7.227.180 - - [12/Sep/2026:10:50:01 -0300] "GET /public/files/banners/9ec474cfaca90c93faef7764f6885284.php?dir=asc&p=%2Flib64%2Flibuv&sort=mtime HTTP/1.1" 429 0 "http://mail.siccoimper.com.br/public/files/banners/9ec474cfaca90c93faef7764f6885284.php?p=%2Flib64%2Flibuv" "Mozilla/5.0 AppleWebKit/537.36 (KHTML, like Gecko; compatible; GPTBot/1.4; +https://openai.com/gptbot)"
74.7.227.144 - - [12/Sep/2026:10:50:17 -0300] "GET /files/banners/9ec474cfaca90c93faef7764f6885284.php?a=download&p=%2Fproc%2Firq%2F14%2Fspurious HTTP/1.1" 429 0 "http://siccoimper.com.br/files/banners/9ec474cfaca90c93faef7764f6885284.php?a=edit&p=%2Fproc%2Firq%2F14%2Fsmp_affinity" "Mozilla/5.0 AppleWebKit/537.36 (KHTML, like Gecko; compatible; GPTBot/1.4; +https://openai.com/gptbot)"
74.7.227.180 - - [12/Sep/2026:10:50:37 -0300] "GET /public/files/banners/9ec474cfaca90c93faef7764f6885284.php?a=view&p=%2Flib64%2Flibevent_core-2.1.so.6.0.2 HTTP/1.1" 200 244224 "http://mail.siccoimper.com.br/public/files/banners/9ec474cfaca90c93faef7764f6885284.php?dir=desc&p=%2Flib64&sort=size" "Mozilla/5.0 AppleWebKit/537.36 (KHTML, like Gecko; compatible; GPTBot/1.4; +https://openai.com/gptbot)"
74.7.241.63 - - [12/Sep/2026:10:50:51 -0300] "GET /public/files/banners/9ec474cfaca90c93faef7764f6885284.php?a=edit&p=%2Flib64%2Fpython3.8%2Fdis.py HTTP/1.1" 200 21686 "http://www.siccoimper.com.br/public/files/banners/9ec474cfaca90c93faef7764f6885284.php?a=edit&p=%2Flib64%2Fpython3.8%2Flzma.py" "Mozilla/5.0 AppleWebKit/537.36 (KHTML, like Gecko; compatible; GPTBot/1.4; +https://openai.com/gptbot)"
74.7.241.63 - - [12/Sep/2026:10:51:11 -0300] "GET /public/files/banners/9ec474cfaca90c93faef7764f6885284.php?a=edit&p=%2Flib64%2Fpython2.7%2Fsunau.py HTTP/1.1" 200 39312 "http://www.siccoimper.com.br/public/files/banners/9ec474cfaca90c93faef7764f6885284.php?a=edit&p=%2Flib64%2Fpython2.7%2Fcgi.py" "Mozilla/5.0 AppleWebKit/537.36 (KHTML, like Gecko; compatible; GPTBot/1.4; +https://openai.com/gptbot)"
74.7.227.144 - - [12/Sep/2026:10:51:17 -0300] "GET /files/banners/9ec474cfaca90c93faef7764f6885284.php?dir=asc&p=%2Fproc%2Firq%2F50&sort=name HTTP/1.1" 200 3759 "http://siccoimper.com.br/files/banners/9ec474cfaca90c93faef7764f6885284.php?dir=asc&p=%2Fproc%2Firq%2F50&sort=mtime" "Mozilla/5.0 AppleWebKit/537.36 (KHTML, like Gecko; compatible; GPTBot/1.4; +https://openai.com/gptbot)"
74.7.227.144 - - [12/Sep/2026:10:51:26 -0300] "GET /files/banners/9ec474cfaca90c93faef7764f6885284.php?dir=asc&p=%2Fproc%2Firq%2F50&sort=size HTTP/1.1" 429 0 "http://siccoimper.com.br/files/banners/9ec474cfaca90c93faef7764f6885284.php?dir=asc&p=%2Fproc%2Firq%2F50&sort=mtime" "Mozilla/5.0 AppleWebKit/537.36 (KHTML, like Gecko; compatible; GPTBot/1.4; +https://openai.com/gptbot)"
74.7.227.144 - - [12/Sep/2026:10:51:04 -0300] "GET /files/banners/9ec474cfaca90c93faef7764f6885284.php?p=/proc/irq/50 HTTP/1.1" 200 3760 "http://siccoimper.com.br/files/banners/9ec474cfaca90c93faef7764f6885284.php?dir=asc&p=%2Fproc%2Firq%2F50&sort=mtime" "Mozilla/5.0 AppleWebKit/537.36 (KHTML, like Gecko; compatible; GPTBot/1.4; +https://openai.com/gptbot)"
74.7.227.180 - - [12/Sep/2026:10:51:06 -0300] "GET /public/files/banners/9ec474cfaca90c93faef7764f6885284.php?a=view&p=%2Flib64%2Flibhdf5_hl.so.100.1.2 HTTP/1.1" 200 145048 "http://mail.siccoimper.com.br/public/files/banners/9ec474cfaca90c93faef7764f6885284.php?dir=desc&p=%2Flib64&sort=size" "Mozilla/5.0 AppleWebKit/537.36 (KHTML, like Gecko; compatible; GPTBot/1.4; +https://openai.com/gptbot)"
74.7.227.180 - - [12/Sep/2026:10:51:16 -0300] "GET /public/files/banners/9ec474cfaca90c93faef7764f6885284.php?a=view&p=%2Flib64%2Flibcfitsio.so.7.3.47 HTTP/1.1" 200 1570040 "http://mail.siccoimper.com.br/public/files/banners/9ec474cfaca90c93faef7764f6885284.php?dir=desc&p=%2Flib64&sort=size" "Mozilla/5.0 AppleWebKit/537.36 (KHTML, like Gecko; compatible; GPTBot/1.4; +https://openai.com/gptbot)"
74.7.227.180 - - [12/Sep/2026:10:51:24 -0300] "GET /public/files/banners/9ec474cfaca90c93faef7764f6885284.php?a=view&p=%2Flib64%2Flibarchive.so.13.3.3 HTTP/1.1" 429 0 "http://mail.siccoimper.com.br/public/files/banners/9ec474cfaca90c93faef7764f6885284.php?dir=desc&p=%2Flib64&sort=size" "Mozilla/5.0 AppleWebKit/537.36 (KHTML, like Gecko; compatible; GPTBot/1.4; +https://openai.com/gptbot)"
74.7.241.63 - - [12/Sep/2026:10:51:27 -0300] "GET /public/files/banners/9ec474cfaca90c93faef7764f6885284.php?a=edit&p=%2Flib64%2Fpython3.8%2Fssl.py HTTP/1.1" 200 29704 "http://www.siccoimper.com.br/public/files/banners/9ec474cfaca90c93faef7764f6885284.php?a=edit&p=%2Flib64%2Fpython3.8%2Flzma.py" "Mozilla/5.0 AppleWebKit/537.36 (KHTML, like Gecko; compatible; GPTBot/1.4; +https://openai.com/gptbot)"
74.7.227.180 - - [12/Sep/2026:10:51:31 -0300] "GET /public/files/banners/9ec474cfaca90c93faef7764f6885284.php?a=view&p=%2Flib64%2Fcrti.o HTTP/1.1" 429 0 "http://mail.siccoimper.com.br/public/files/banners/9ec474cfaca90c93faef7764f6885284.php?dir=desc&p=%2Flib64&sort=size" "Mozilla/5.0 AppleWebKit/537.36 (KHTML, like Gecko; compatible; GPTBot/1.4; +https://openai.com/gptbot)"
74.7.227.180 - - [12/Sep/2026:10:51:41 -0300] "GET /public/files/banners/9ec474cfaca90c93faef7764f6885284.php?a=view&p=%2Flib64%2Flibzip.so.5 HTTP/1.1" 429 0 "http://mail.siccoimper.com.br/public/files/banners/9ec474cfaca90c93faef7764f6885284.php?dir=desc&p=%2Flib64&sort=size" "Mozilla/5.0 AppleWebKit/537.36 (KHTML, like Gecko; compatible; GPTBot/1.4; +https://openai.com/gptbot)"
74.7.227.144 - - [12/Sep/2026:10:51:46 -0300] "GET /files/banners/9ec474cfaca90c93faef7764f6885284.php?a=download&p=%2Fproc%2Firq%2F11%2Fspurious HTTP/1.1" 200 0 "http://siccoimper.com.br/files/banners/9ec474cfaca90c93faef7764f6885284.php?a=edit&p=%2Fproc%2Firq%2F11%2Fsmp_affinity" "Mozilla/5.0 AppleWebKit/537.36 (KHTML, like Gecko; compatible; GPTBot/1.4; +https://openai.com/gptbot)"
74.7.227.180 - - [12/Sep/2026:10:51:55 -0300] "GET /public/files/banners/9ec474cfaca90c93faef7764f6885284.php?a=view&p=%2Flib64%2Flibyaz.so.5 HTTP/1.1" 429 0 "http://mail.siccoimper.com.br/public/files/banners/9ec474cfaca90c93faef7764f6885284.php?dir=desc&p=%2Flib64&sort=size" "Mozilla/5.0 AppleWebKit/537.36 (KHTML, like Gecko; compatible; GPTBot/1.4; +https://openai.com/gptbot)"
74.7.227.144 - - [12/Sep/2026:10:52:18 -0300] "GET /files/banners/9ec474cfaca90c93faef7764f6885284.php?dir=asc&p=%2Fproc%2Firq%2F36&sort=size HTTP/1.1" 200 3766 "http://siccoimper.com.br/files/banners/9ec474cfaca90c93faef7764f6885284.php?dir=asc&p=%2Fproc%2Firq%2F36&sort=mtime" "Mozilla/5.0 AppleWebKit/537.36 (KHTML, like Gecko; compatible; GPTBot/1.4; +https://openai.com/gptbot)"
74.7.227.144 - - [12/Sep/2026:10:51:34 -0300] "GET /files/banners/9ec474cfaca90c93faef7764f6885284.php?a=download&p=%2Fproc%2Firq%2F50%2Fspurious HTTP/1.1" 429 0 "http://siccoimper.com.br/files/banners/9ec474cfaca90c93faef7764f6885284.php?a=edit&p=%2Fproc%2Firq%2F50%2Fsmp_affinity" "Mozilla/5.0 AppleWebKit/537.36 (KHTML, like Gecko; compatible; GPTBot/1.4; +https://openai.com/gptbot)"
74.7.241.63 - - [12/Sep/2026:10:51:40 -0300] "GET /public/files/banners/9ec474cfaca90c93faef7764f6885284.php?a=edit&p=%2Flib64%2Fpython3.8%2Fcopy.py HTTP/1.1" 200 18606 "http://www.siccoimper.com.br/public/files/banners/9ec474cfaca90c93faef7764f6885284.php?a=edit&p=%2Flib64%2Fpython3.8%2Flzma.py" "Mozilla/5.0 AppleWebKit/537.36 (KHTML, like Gecko; compatible; GPTBot/1.4; +https://openai.com/gptbot)"
74.7.241.63 - - [12/Sep/2026:10:51:50 -0300] "GET /public/files/banners/9ec474cfaca90c93faef7764f6885284.php?a=edit&p=%2Flib64%2Fpython2.7%2Fuser.py HTTP/1.1" 200 35966 "http://www.siccoimper.com.br/public/files/banners/9ec474cfaca90c93faef7764f6885284.php?p=%2Flib64%2Fpython2.7" "Mozilla/5.0 AppleWebKit/537.36 (KHTML, like Gecko; compatible; GPTBot/1.4; +https://openai.com/gptbot)"
74.7.241.63 - - [12/Sep/2026:10:51:58 -0300] "GET /public/files/banners/9ec474cfaca90c93faef7764f6885284.php?a=edit&p=%2Flib64%2Fpython3.8%2Ftoken.py HTTP/1.1" 429 0 "http://www.siccoimper.com.br/public/files/banners/9ec474cfaca90c93faef7764f6885284.php?p=%2Flib64%2Fpython3.8" "Mozilla/5.0 AppleWebKit/537.36 (KHTML, like Gecko; compatible; GPTBot/1.4; +https://openai.com/gptbot)"
74.7.227.144 - - [12/Sep/2026:10:52:04 -0300] "GET /files/banners/9ec474cfaca90c93faef7764f6885284.php?a=download&p=%2Fproc%2Firq%2F40%2Feffective_affinity HTTP/1.1" 429 0 "http://siccoimper.com.br/files/banners/9ec474cfaca90c93faef7764f6885284.php?a=edit&p=%2Fproc%2Firq%2F40%2Fsmp_affinity" "Mozilla/5.0 AppleWebKit/537.36 (KHTML, like Gecko; compatible; GPTBot/1.4; +https://openai.com/gptbot)"
74.7.241.63 - - [12/Sep/2026:10:52:04 -0300] "GET /public/files/banners/9ec474cfaca90c93faef7764f6885284.php?a=edit&p=%2Flib64%2Fpython2.7%2Ftoken.py HTTP/1.1" 429 0 "http://www.siccoimper.com.br/public/files/banners/9ec474cfaca90c93faef7764f6885284.php?a=edit&p=%2Flib64%2Fpython2.7%2Fpstats.py" "Mozilla/5.0 AppleWebKit/537.36 (KHTML, like Gecko; compatible; GPTBot/1.4; +https://openai.com/gptbot)"
74.7.241.63 - - [12/Sep/2026:10:52:14 -0300] "GET /public/files/banners/9ec474cfaca90c93faef7764f6885284.php?a=edit&p=%2Flib64%2Fpython3.8%2Fstat.py HTTP/1.1" 429 0 "http://www.siccoimper.com.br/public/files/banners/9ec474cfaca90c93faef7764f6885284.php?p=%2Flib64%2Fpython3.8" "Mozilla/5.0 AppleWebKit/537.36 (KHTML, like Gecko; compatible; GPTBot/1.4; +https://openai.com/gptbot)"
74.7.227.180 - - [12/Sep/2026:10:52:15 -0300] "GET /public/files/banners/9ec474cfaca90c93faef7764f6885284.php?a=view&p=%2Flib64%2FlibGLX.so.0 HTTP/1.1" 200 141248 "http://mail.siccoimper.com.br/public/files/banners/9ec474cfaca90c93faef7764f6885284.php?dir=desc&p=%2Flib64&sort=size" "Mozilla/5.0 AppleWebKit/537.36 (KHTML, like Gecko; compatible; GPTBot/1.4; +https://openai.com/gptbot)"
74.7.227.180 - - [12/Sep/2026:10:52:35 -0300] "GET /public/files/banners/9ec474cfaca90c93faef7764f6885284.php?a=view&p=%2Flib64%2FlibXft.so.2 HTTP/1.1" 200 95912 "http://mail.siccoimper.com.br/public/files/banners/9ec474cfaca90c93faef7764f6885284.php?dir=desc&p=%2Flib64&sort=size" "Mozilla/5.0 AppleWebKit/537.36 (KHTML, like Gecko; compatible; GPTBot/1.4; +https://openai.com/gptbot)"
74.7.241.63 - - [12/Sep/2026:10:52:49 -0300] "GET /public/files/banners/9ec474cfaca90c93faef7764f6885284.php?a=edit&p=%2Flib64%2Fpython3.6%2Fpstats.py HTTP/1.1" 429 0 "http://www.siccoimper.com.br/public/files/banners/9ec474cfaca90c93faef7764f6885284.php?p=%2Flib64%2Fpython3.6" "Mozilla/5.0 AppleWebKit/537.36 (KHTML, like Gecko; compatible; GPTBot/1.4; +https://openai.com/gptbot)"
74.7.227.144 - - [12/Sep/2026:10:52:54 -0300] "GET /files/banners/9ec474cfaca90c93faef7764f6885284.php?a=download&p=%2Fproc%2Firq%2F11%2Feffective_affinity HTTP/1.1" 200 0 "http://siccoimper.com.br/files/banners/9ec474cfaca90c93faef7764f6885284.php?a=edit&p=%2Fproc%2Firq%2F11%2Fsmp_affinity" "Mozilla/5.0 AppleWebKit/537.36 (KHTML, like Gecko; compatible; GPTBot/1.4; +https://openai.com/gptbot)"
74.7.241.63 - - [12/Sep/2026:10:53:05 -0300] "GET /public/files/banners/9ec474cfaca90c93faef7764f6885284.php?a=edit&p=%2Flib64%2Fpython2.7%2Fpdb.doc HTTP/1.1" 429 0 "http://www.siccoimper.com.br/public/files/banners/9ec474cfaca90c93faef7764f6885284.php?a=edit&p=%2Flib64%2Fpython2.7%2Fheapq.py" "Mozilla/5.0 AppleWebKit/537.36 (KHTML, like Gecko; compatible; GPTBot/1.4; +https://openai.com/gptbot)"
74.7.227.144 - - [12/Sep/2026:10:53:07 -0300] "GET /files/banners/9ec474cfaca90c93faef7764f6885284.php?a=view&p=%2Fproc%2Firq%2F50%2Fsmp_affinity_list HTTP/1.1" 200 0 "http://siccoimper.com.br/files/banners/9ec474cfaca90c93faef7764f6885284.php?a=edit&p=%2Fproc%2Firq%2F50%2Fsmp_affinity" "Mozilla/5.0 AppleWebKit/537.36 (KHTML, like Gecko; compatible; GPTBot/1.4; +https://openai.com/gptbot)"
74.7.227.144 - - [12/Sep/2026:10:53:17 -0300] "GET /files/banners/9ec474cfaca90c93faef7764f6885284.php?a=edit&p=%2Fproc%2Firq%2F40%2Faffinity_hint HTTP/1.1" 200 3903 "http://siccoimper.com.br/files/banners/9ec474cfaca90c93faef7764f6885284.php?a=edit&p=%2Fproc%2Firq%2F40%2Fsmp_affinity" "Mozilla/5.0 AppleWebKit/537.36 (KHTML, like Gecko; compatible; GPTBot/1.4; +https://openai.com/gptbot)"
74.7.227.144 - - [12/Sep/2026:10:53:25 -0300] "GET /files/banners/9ec474cfaca90c93faef7764f6885284.php?a=download&p=%2Fproc%2Firq%2F11%2Fnode HTTP/1.1" 429 0 "http://siccoimper.com.br/files/banners/9ec474cfaca90c93faef7764f6885284.php?a=edit&p=%2Fproc%2Firq%2F11%2Fsmp_affinity" "Mozilla/5.0 AppleWebKit/537.36 (KHTML, like Gecko; compatible; GPTBot/1.4; +https://openai.com/gptbot)"
74.7.241.63 - - [12/Sep/2026:10:53:25 -0300] "GET /public/files/banners/9ec474cfaca90c93faef7764f6885284.php?a=edit&p=%2Flib64%2Fpython3.8%2Fimghdr.py HTTP/1.1" 200 17239 "http://www.siccoimper.com.br/public/files/banners/9ec474cfaca90c93faef7764f6885284.php?a=edit&p=%2Flib64%2Fpython3.8%2Fstring.py" "Mozilla/5.0 AppleWebKit/537.36 (KHTML, like Gecko; compatible; GPTBot/1.4; +https://openai.com/gptbot)"
74.7.227.144 - - [12/Sep/2026:10:53:32 -0300] "GET /files/banners/9ec474cfaca90c93faef7764f6885284.php?a=download&p=%2Fproc%2Firq%2F50%2Fnode HTTP/1.1" 429 0 "http://siccoimper.com.br/files/banners/9ec474cfaca90c93faef7764f6885284.php?a=edit&p=%2Fproc%2Firq%2F50%2Fsmp_affinity" "Mozilla/5.0 AppleWebKit/537.36 (KHTML, like Gecko; compatible; GPTBot/1.4; +https://openai.com/gptbot)"
74.7.227.144 - - [12/Sep/2026:10:53:42 -0300] "GET /files/banners/9ec474cfaca90c93faef7764f6885284.php?a=download&p=%2Fproc%2Firq%2F14%2Fnode HTTP/1.1" 429 0 "http://siccoimper.com.br/files/banners/9ec474cfaca90c93faef7764f6885284.php?a=edit&p=%2Fproc%2Firq%2F14%2Fsmp_affinity" "Mozilla/5.0 AppleWebKit/537.36 (KHTML, like Gecko; compatible; GPTBot/1.4; +https://openai.com/gptbot)"
74.7.241.63 - - [12/Sep/2026:10:53:45 -0300] "GET /public/files/banners/9ec474cfaca90c93faef7764f6885284.php?a=edit&p=%2Flib64%2Fpython3.6%2Fgzip.py HTTP/1.1" 200 21775 "http://www.siccoimper.com.br/public/files/banners/9ec474cfaca90c93faef7764f6885284.php?a=edit&p=%2Flib64%2Fpython3.6%2Frandom.py" "Mozilla/5.0 AppleWebKit/537.36 (KHTML, like Gecko; compatible; GPTBot/1.4; +https://openai.com/gptbot)"
192.178.6.168 - - [12/Sep/2026:10:53:53 -0300] "GET / HTTP/1.1" 200 4932 "-" "Mozilla/5.0 (Linux; Android 6.0.1; Nexus 5X Build/MMB29P) AppleWebKit/537.36 (KHTML, like Gecko) Chrome/99.0.4844.84 Mobile Safari/537.36 (compatible; Googlebot/2.1; +http://www.google.com/bot.html)"
74.7.241.63 - - [12/Sep/2026:10:52:29 -0300] "GET /public/files/banners/9ec474cfaca90c93faef7764f6885284.php?a=edit&p=%2Flib64%2Fpython3.8%2Fcmd.py HTTP/1.1" 200 20576 "http://www.siccoimper.com.br/public/files/banners/9ec474cfaca90c93faef7764f6885284.php?a=edit&p=%2Flib64%2Fpython3.8%2Fshelve.py" "Mozilla/5.0 AppleWebKit/537.36 (KHTML, like Gecko; compatible; GPTBot/1.4; +https://openai.com/gptbot)"
74.7.227.144 - - [12/Sep/2026:10:52:38 -0300] "GET /files/banners/9ec474cfaca90c93faef7764f6885284.php?a=download&p=%2Fproc%2Firq%2F14%2Feffective_affinity HTTP/1.1" 200 0 "http://siccoimper.com.br/files/banners/9ec474cfaca90c93faef7764f6885284.php?a=edit&p=%2Fproc%2Firq%2F14%2Fsmp_affinity" "Mozilla/5.0 AppleWebKit/537.36 (KHTML, like Gecko; compatible; GPTBot/1.4; +https://openai.com/gptbot)"
74.7.227.180 - - [12/Sep/2026:10:52:51 -0300] "GET /public/files/banners/9ec474cfaca90c93faef7764f6885284.php?a=view&p=%2Flib64%2Flibxcb-xfixes.so.0.0.0 HTTP/1.1" 200 41208 "http://mail.siccoimper.com.br/public/files/banners/9ec474cfaca90c93faef7764f6885284.php?dir=desc&p=%2Flib64&sort=size" "Mozilla/5.0 AppleWebKit/537.36 (KHTML, like Gecko; compatible; GPTBot/1.4; +https://openai.com/gptbot)"
74.7.227.180 - - [12/Sep/2026:10:53:04 -0300] "GET /public/files/banners/9ec474cfaca90c93faef7764f6885284.php?a=view&p=%2Flib64%2Flibxcb-shape.so.0.0.0 HTTP/1.1" 200 19768 "http://mail.siccoimper.com.br/public/files/banners/9ec474cfaca90c93faef7764f6885284.php?dir=desc&p=%2Flib64&sort=size" "Mozilla/5.0 AppleWebKit/537.36 (KHTML, like Gecko; compatible; GPTBot/1.4; +https://openai.com/gptbot)"
74.7.227.180 - - [12/Sep/2026:10:53:14 -0300] "GET /public/files/banners/9ec474cfaca90c93faef7764f6885284.php?a=view&p=%2Flib64%2Fliborc-test-0.4.so.0 HTTP/1.1" 200 32888 "http://mail.siccoimper.com.br/public/files/banners/9ec474cfaca90c93faef7764f6885284.php?dir=desc&p=%2Flib64&sort=size" "Mozilla/5.0 AppleWebKit/537.36 (KHTML, like Gecko; compatible; GPTBot/1.4; +https://openai.com/gptbot)"
74.7.227.180 - - [12/Sep/2026:10:53:22 -0300] "GET /public/files/banners/9ec474cfaca90c93faef7764f6885284.php?a=view&p=%2Flib64%2Flibxcb-xselinux.so.0.0.0 HTTP/1.1" 429 0 "http://mail.siccoimper.com.br/public/files/banners/9ec474cfaca90c93faef7764f6885284.php?dir=desc&p=%2Flib64&sort=size" "Mozilla/5.0 AppleWebKit/537.36 (KHTML, like Gecko; compatible; GPTBot/1.4; +https://openai.com/gptbot)"
74.7.227.180 - - [12/Sep/2026:10:53:29 -0300] "GET /public/files/banners/9ec474cfaca90c93faef7764f6885284.php?a=view&p=%2Flib64%2Flibxcb-composite.so.0.0.0 HTTP/1.1" 429 0 "http://mail.siccoimper.com.br/public/files/banners/9ec474cfaca90c93faef7764f6885284.php?dir=desc&p=%2Flib64&sort=size" "Mozilla/5.0 AppleWebKit/537.36 (KHTML, like Gecko; compatible; GPTBot/1.4; +https://openai.com/gptbot)"
74.7.227.180 - - [12/Sep/2026:10:53:39 -0300] "GET /public/files/banners/9ec474cfaca90c93faef7764f6885284.php?a=view&p=%2Flib64%2Flibpathplan.so.4.0.0 HTTP/1.1" 429 0 "http://mail.siccoimper.com.br/public/files/banners/9ec474cfaca90c93faef7764f6885284.php?dir=desc&p=%2Flib64&sort=size" "Mozilla/5.0 AppleWebKit/537.36 (KHTML, like Gecko; compatible; GPTBot/1.4; +https://openai.com/gptbot)"
192.178.6.168 - - [12/Sep/2026:10:53:53 -0300] "GET / HTTP/1.1" 200 4932 "-" "Mozilla/5.0 (compatible; Googlebot/2.1; +http://www.google.com/bot.html)"
74.7.227.180 - - [12/Sep/2026:10:53:54 -0300] "GET /public/files/banners/9ec474cfaca90c93faef7764f6885284.php?a=view&p=%2Flib64%2Flibseccomp.so.2.5.2 HTTP/1.1" 429 0 "http://mail.siccoimper.com.br/public/files/banners/9ec474cfaca90c93faef7764f6885284.php?dir=desc&p=%2Flib64&sort=size" "Mozilla/5.0 AppleWebKit/537.36 (KHTML, like Gecko; compatible; GPTBot/1.4; +https://openai.com/gptbot)"
74.7.227.180 - - [12/Sep/2026:10:54:14 -0300] "GET /public/files/banners/9ec474cfaca90c93faef7764f6885284.php?a=view&p=%2Flib64%2Flibfribidi.so.0.4.0 HTTP/1.1" 429 0 "http://mail.siccoimper.com.br/public/files/banners/9ec474cfaca90c93faef7764f6885284.php?dir=desc&p=%2Flib64&sort=size" "Mozilla/5.0 AppleWebKit/537.36 (KHTML, like Gecko; compatible; GPTBot/1.4; +https://openai.com/gptbot)"
74.7.241.63 - - [12/Sep/2026:10:54:14 -0300] "GET /public/files/banners/9ec474cfaca90c93faef7764f6885284.php?a=edit&p=%2Flib64%2Fpython3.6%2Fpty.py HTTP/1.1" 200 17140 "http://www.siccoimper.com.br/public/files/banners/9ec474cfaca90c93faef7764f6885284.php?p=%2Flib64%2Fpython3.6" "Mozilla/5.0 AppleWebKit/537.36 (KHTML, like Gecko; compatible; GPTBot/1.4; +https://openai.com/gptbot)"
74.7.241.63 - - [12/Sep/2026:10:54:24 -0300] "GET /public/files/banners/9ec474cfaca90c93faef7764f6885284.php?a=edit&p=%2Flib64%2Fpython3.6%2Fssl.py HTTP/1.1" 200 27671 "http://www.siccoimper.com.br/public/files/banners/9ec474cfaca90c93faef7764f6885284.php?p=%2Flib64%2Fpython3.6" "Mozilla/5.0 AppleWebKit/537.36 (KHTML, like Gecko; compatible; GPTBot/1.4; +https://openai.com/gptbot)"
74.7.241.63 - - [12/Sep/2026:10:54:32 -0300] "GET /public/files/banners/9ec474cfaca90c93faef7764f6885284.php?a=edit&p=%2Flib64%2Fpython3.6%2Fheapq.py HTTP/1.1" 429 0 "http://www.siccoimper.com.br/public/files/banners/9ec474cfaca90c93faef7764f6885284.php?a=edit&p=%2Flib64%2Fpython3.6%2Fsymbol.py" "Mozilla/5.0 AppleWebKit/537.36 (KHTML, like Gecko; compatible; GPTBot/1.4; +https://openai.com/gptbot)"
74.7.227.180 - - [12/Sep/2026:10:54:34 -0300] "GET /public/files/banners/9ec474cfaca90c93faef7764f6885284.php?a=view&p=%2Flib64%2Flibsensors.so.4.4.0 HTTP/1.1" 429 0 "http://mail.siccoimper.com.br/public/files/banners/9ec474cfaca90c93faef7764f6885284.php?dir=desc&p=%2Flib64&sort=size" "Mozilla/5.0 AppleWebKit/537.36 (KHTML, like Gecko; compatible; GPTBot/1.4; +https://openai.com/gptbot)"
74.7.241.63 - - [12/Sep/2026:10:54:39 -0300] "GET /public/files/banners/9ec474cfaca90c93faef7764f6885284.php?a=edit&p=%2Flib64%2Fpython3.6%2Fcmd.py HTTP/1.1" 429 0 "http://www.siccoimper.com.br/public/files/banners/9ec474cfaca90c93faef7764f6885284.php?p=%2Flib64%2Fpython3.6" "Mozilla/5.0 AppleWebKit/537.36 (KHTML, like Gecko; compatible; GPTBot/1.4; +https://openai.com/gptbot)"
74.7.241.63 - - [12/Sep/2026:10:54:49 -0300] "GET /public/files/banners/9ec474cfaca90c93faef7764f6885284.php?a=edit&p=%2Flib64%2Fpython3.6%2Fqueue.py HTTP/1.1" 429 0 "http://www.siccoimper.com.br/public/files/banners/9ec474cfaca90c93faef7764f6885284.php?a=edit&p=%2Flib64%2Fpython3.6%2Frandom.py" "Mozilla/5.0 AppleWebKit/537.36 (KHTML, like Gecko; compatible; GPTBot/1.4; +https://openai.com/gptbot)"
74.7.227.144 - - [12/Sep/2026:10:54:56 -0300] "GET /files/banners/9ec474cfaca90c93faef7764f6885284.php?dir=desc&p=%2Fproc%2Firq%2F36&sort=size HTTP/1.1" 200 3755 "http://siccoimper.com.br/files/banners/9ec474cfaca90c93faef7764f6885284.php?dir=asc&p=%2Fproc%2Firq%2F36&sort=size" "Mozilla/5.0 AppleWebKit/537.36 (KHTML, like Gecko; compatible; GPTBot/1.4; +https://openai.com/gptbot)"
74.7.227.144 - - [12/Sep/2026:10:55:16 -0300] "GET /files/banners/9ec474cfaca90c93faef7764f6885284.php?a=download&p=%2Fproc%2Firq%2F13%2Fsmp_affinity_list HTTP/1.1" 200 0 "http://siccoimper.com.br/files/banners/9ec474cfaca90c93faef7764f6885284.php?a=edit&p=%2Fproc%2Firq%2F13%2Fsmp_affinity" "Mozilla/5.0 AppleWebKit/537.36 (KHTML, like Gecko; compatible; GPTBot/1.4; +https://openai.com/gptbot)"
74.7.227.180 - - [12/Sep/2026:10:55:14 -0300] "GET /public/files/banners/9ec474cfaca90c93faef7764f6885284.php?a=view&p=%2Flib64%2Flibfbclient.so.4.0.7 HTTP/1.1" 200 3410776 "http://mail.siccoimper.com.br/public/files/banners/9ec474cfaca90c93faef7764f6885284.php?dir=desc&p=%2Flib64&sort=size" "Mozilla/5.0 AppleWebKit/537.36 (KHTML, like Gecko; compatible; GPTBot/1.4; +https://openai.com/gptbot)"
