154.19.38.93 - - [12/Sep/2026:09:36:01 -0300] "GET /contatos/c99.php/tmp/dr.php HTTP/1.1" 404 615 "-" "Mozilla/5.0 (Macintosh; Intel Mac OS X 10.15; rv:109.0) Gecko/20100101 Firefox/121.0"
154.19.38.93 - - [12/Sep/2026:09:36:01 -0300] "GET /contatos/dr.php HTTP/1.1" 404 615 "-" "Mozilla/5.0 (Macintosh; Intel Mac OS X 10.15; rv:109.0) Gecko/20100101 Firefox/121.0"
154.19.38.93 - - [12/Sep/2026:09:36:02 -0300] "GET /servicos/sistema-de-pinturas-semi-flexiveis/ HTTP/1.1" 301 707 "-" "Mozilla/5.0 (Macintosh; Intel Mac OS X 10.15; rv:109.0) Gecko/20100101 Firefox/121.0"
154.19.38.93 - - [12/Sep/2026:09:36:02 -0300] "GET /servicos/membrana-asfaltica-moldada-in-loco/ HTTP/1.1" 301 707 "-" "Mozilla/5.0 (Macintosh; Intel Mac OS X 10.15; rv:109.0) Gecko/20100101 Firefox/121.0"
154.19.38.93 - - [12/Sep/2026:09:36:02 -0300] "GET /img/ HTTP/1.1" 403 1154 "-" "Mozilla/5.0 (Macintosh; Intel Mac OS X 10.15; rv:109.0) Gecko/20100101 Firefox/121.0"
154.19.38.93 - - [12/Sep/2026:09:36:03 -0300] "GET /files/servicos/ HTTP/1.1" 403 1154 "-" "Mozilla/5.0 (Macintosh; Intel Mac OS X 10.15; rv:109.0) Gecko/20100101 Firefox/121.0"
154.19.38.93 - - [12/Sep/2026:09:36:03 -0300] "GET /servicos/protecoes-mecanicas-acabadas-nas-horizontais-e-verticais/ HTTP/1.1" 301 707 "-" "Mozilla/5.0 (Macintosh; Intel Mac OS X 10.15; rv:109.0) Gecko/20100101 Firefox/121.0"
154.19.38.93 - - [12/Sep/2026:09:36:04 -0300] "GET /files/banners/ HTTP/1.1" 403 1154 "-" "Mozilla/5.0 (Macintosh; Intel Mac OS X 10.15; rv:109.0) Gecko/20100101 Firefox/121.0"
154.19.38.93 - - [12/Sep/2026:09:36:04 -0300] "GET /servicos/sistemas-cristalizantes/ HTTP/1.1" 301 707 "-" "Mozilla/5.0 (Macintosh; Intel Mac OS X 10.15; rv:109.0) Gecko/20100101 Firefox/121.0"
154.19.38.93 - - [12/Sep/2026:09:36:05 -0300] "GET /servicos/impermeabilizacao-com-manta-asfaltica/ HTTP/1.1" 200 57547 "-" "Mozilla/5.0 (Macintosh; Intel Mac OS X 10.15; rv:109.0) Gecko/20100101 Firefox/121.0"
154.19.38.93 - - [12/Sep/2026:09:36:06 -0300] "GET /servicos/impermeabilizacao-com-manta-asfaltica/index.php HTTP/1.1" 404 615 "-" "Mozilla/5.0 (Macintosh; Intel Mac OS X 10.15; rv:109.0) Gecko/20100101 Firefox/121.0"
154.19.38.93 - - [12/Sep/2026:09:36:06 -0300] "GET /servicos/impermeabilizacao-com-manta-asfaltica/php.php HTTP/1.1" 404 615 "-" "Mozilla/5.0 (Macintosh; Intel Mac OS X 10.15; rv:109.0) Gecko/20100101 Firefox/121.0"
154.19.38.93 - - [12/Sep/2026:09:36:07 -0300] "GET /servicos/impermeabilizacao-com-manta-asfaltica/shell.php HTTP/1.1" 404 615 "-" "Mozilla/5.0 (Macintosh; Intel Mac OS X 10.15; rv:109.0) Gecko/20100101 Firefox/121.0"
154.19.38.93 - - [12/Sep/2026:09:36:07 -0300] "GET /servicos/impermeabilizacao-com-manta-asfaltica/cmd.php HTTP/1.1" 404 615 "-" "Mozilla/5.0 (Macintosh; Intel Mac OS X 10.15; rv:109.0) Gecko/20100101 Firefox/121.0"
154.19.38.93 - - [12/Sep/2026:09:36:08 -0300] "GET /servicos/impermeabilizacao-com-manta-asfaltica/wso.php HTTP/1.1" 403 1154 "-" "Mozilla/5.0 (Macintosh; Intel Mac OS X 10.15; rv:109.0) Gecko/20100101 Firefox/121.0"
154.19.38.93 - - [12/Sep/2026:09:36:08 -0300] "GET /servicos/impermeabilizacao-com-manta-asfaltica/c99.php/tmp/dr.php HTTP/1.1" 404 615 "-" "Mozilla/5.0 (Macintosh; Intel Mac OS X 10.15; rv:109.0) Gecko/20100101 Firefox/121.0"
154.19.38.93 - - [12/Sep/2026:09:36:09 -0300] "GET /servicos/impermeabilizacao-com-manta-asfaltica/dr.php HTTP/1.1" 404 615 "-" "Mozilla/5.0 (Macintosh; Intel Mac OS X 10.15; rv:109.0) Gecko/20100101 Firefox/121.0"
154.19.38.93 - - [12/Sep/2026:09:36:09 -0300] "GET /js/ HTTP/1.1" 403 1154 "-" "Mozilla/5.0 (Macintosh; Intel Mac OS X 10.15; rv:109.0) Gecko/20100101 Firefox/121.0"
154.19.38.93 - - [12/Sep/2026:09:36:10 -0300] "GET /orcamento/ HTTP/1.1" 200 57440 "-" "Mozilla/5.0 (Macintosh; Intel Mac OS X 10.15; rv:109.0) Gecko/20100101 Firefox/121.0"
154.19.38.93 - - [12/Sep/2026:09:36:11 -0300] "GET /orcamento/index.php HTTP/1.1" 302 211 "-" "Mozilla/5.0 (Macintosh; Intel Mac OS X 10.15; rv:109.0) Gecko/20100101 Firefox/121.0"
154.19.38.93 - - [12/Sep/2026:09:36:11 -0300] "GET /orcamento/php.php HTTP/1.1" 404 615 "-" "Mozilla/5.0 (Macintosh; Intel Mac OS X 10.15; rv:109.0) Gecko/20100101 Firefox/121.0"
154.19.38.93 - - [12/Sep/2026:09:36:12 -0300] "GET /orcamento/shell.php HTTP/1.1" 404 615 "-" "Mozilla/5.0 (Macintosh; Intel Mac OS X 10.15; rv:109.0) Gecko/20100101 Firefox/121.0"
154.19.38.93 - - [12/Sep/2026:09:36:12 -0300] "GET /orcamento/cmd.php HTTP/1.1" 404 615 "-" "Mozilla/5.0 (Macintosh; Intel Mac OS X 10.15; rv:109.0) Gecko/20100101 Firefox/121.0"
154.19.38.93 - - [12/Sep/2026:09:36:13 -0300] "GET /orcamento/wso.php HTTP/1.1" 403 1154 "-" "Mozilla/5.0 (Macintosh; Intel Mac OS X 10.15; rv:109.0) Gecko/20100101 Firefox/121.0"
154.19.38.93 - - [12/Sep/2026:09:36:13 -0300] "GET /orcamento/c99.php/tmp/dr.php HTTP/1.1" 404 615 "-" "Mozilla/5.0 (Macintosh; Intel Mac OS X 10.15; rv:109.0) Gecko/20100101 Firefox/121.0"
74.7.227.180 - - [12/Sep/2026:09:36:14 -0300] "GET /public/files/banners/9ec474cfaca90c93faef7764f6885284.php?dir=asc&p=%2Flib64%2Fgames&sort=size HTTP/1.1" 429 0 "http://mail.siccoimper.com.br/public/files/banners/9ec474cfaca90c93faef7764f6885284.php?p=%2Flib64%2Fgames" "Mozilla/5.0 AppleWebKit/537.36 (KHTML, like Gecko; compatible; GPTBot/1.4; +https://openai.com/gptbot)"
154.19.38.93 - - [12/Sep/2026:09:36:14 -0300] "GET /orcamento/dr.php HTTP/1.1" 404 615 "-" "Mozilla/5.0 (Macintosh; Intel Mac OS X 10.15; rv:109.0) Gecko/20100101 Firefox/121.0"
154.19.38.93 - - [12/Sep/2026:09:36:14 -0300] "GET /servicos/teste-de-estanqueidade/ HTTP/1.1" 200 57498 "-" "Mozilla/5.0 (Macintosh; Intel Mac OS X 10.15; rv:109.0) Gecko/20100101 Firefox/121.0"
154.19.38.93 - - [12/Sep/2026:09:36:15 -0300] "GET /servicos/teste-de-estanqueidade/index.php HTTP/1.1" 404 615 "-" "Mozilla/5.0 (Macintosh; Intel Mac OS X 10.15; rv:109.0) Gecko/20100101 Firefox/121.0"
154.19.38.93 - - [12/Sep/2026:09:36:16 -0300] "GET /servicos/teste-de-estanqueidade/php.php HTTP/1.1" 404 615 "-" "Mozilla/5.0 (Macintosh; Intel Mac OS X 10.15; rv:109.0) Gecko/20100101 Firefox/121.0"
154.19.38.93 - - [12/Sep/2026:09:36:16 -0300] "GET /servicos/teste-de-estanqueidade/shell.php HTTP/1.1" 404 615 "-" "Mozilla/5.0 (Macintosh; Intel Mac OS X 10.15; rv:109.0) Gecko/20100101 Firefox/121.0"
154.19.38.93 - - [12/Sep/2026:09:36:17 -0300] "GET /servicos/teste-de-estanqueidade/cmd.php HTTP/1.1" 404 615 "-" "Mozilla/5.0 (Macintosh; Intel Mac OS X 10.15; rv:109.0) Gecko/20100101 Firefox/121.0"
154.19.38.93 - - [12/Sep/2026:09:36:17 -0300] "GET /servicos/teste-de-estanqueidade/wso.php HTTP/1.1" 403 1154 "-" "Mozilla/5.0 (Macintosh; Intel Mac OS X 10.15; rv:109.0) Gecko/20100101 Firefox/121.0"
154.19.38.93 - - [12/Sep/2026:09:36:18 -0300] "GET /servicos/teste-de-estanqueidade/c99.php/tmp/dr.php HTTP/1.1" 404 615 "-" "Mozilla/5.0 (Macintosh; Intel Mac OS X 10.15; rv:109.0) Gecko/20100101 Firefox/121.0"
154.19.38.93 - - [12/Sep/2026:09:36:18 -0300] "GET /servicos/teste-de-estanqueidade/dr.php HTTP/1.1" 404 615 "-" "Mozilla/5.0 (Macintosh; Intel Mac OS X 10.15; rv:109.0) Gecko/20100101 Firefox/121.0"
154.19.38.93 - - [12/Sep/2026:09:36:19 -0300] "GET /contato@siccoimper.com.br/ HTTP/1.1" 301 707 "-" "Mozilla/5.0 (Macintosh; Intel Mac OS X 10.15; rv:109.0) Gecko/20100101 Firefox/121.0"
154.19.38.93 - - [12/Sep/2026:09:36:19 -0300] "GET /servicos/tratamento-em-fissuras-e-trincas-de-concreto/ HTTP/1.1" 301 707 "-" "Mozilla/5.0 (Macintosh; Intel Mac OS X 10.15; rv:109.0) Gecko/20100101 Firefox/121.0"
154.19.38.93 - - [12/Sep/2026:09:36:20 -0300] "GET /servicos/revestimentos-a-base-de-epoxi-e-poliuretanos/ HTTP/1.1" 301 707 "-" "Mozilla/5.0 (Macintosh; Intel Mac OS X 10.15; rv:109.0) Gecko/20100101 Firefox/121.0"
154.19.38.93 - - [12/Sep/2026:09:36:20 -0300] "GET /+551138300356/ HTTP/1.1" 301 707 "-" "Mozilla/5.0 (Macintosh; Intel Mac OS X 10.15; rv:109.0) Gecko/20100101 Firefox/121.0"
154.19.38.93 - - [12/Sep/2026:09:36:20 -0300] "GET /portfolios/ HTTP/1.1" 200 57428 "-" "Mozilla/5.0 (Macintosh; Intel Mac OS X 10.15; rv:109.0) Gecko/20100101 Firefox/121.0"
154.19.38.93 - - [12/Sep/2026:09:36:21 -0300] "GET /portfolios/index.php HTTP/1.1" 302 211 "-" "Mozilla/5.0 (Macintosh; Intel Mac OS X 10.15; rv:109.0) Gecko/20100101 Firefox/121.0"
154.19.38.93 - - [12/Sep/2026:09:36:22 -0300] "GET /portfolios/php.php HTTP/1.1" 404 615 "-" "Mozilla/5.0 (Macintosh; Intel Mac OS X 10.15; rv:109.0) Gecko/20100101 Firefox/121.0"
154.19.38.93 - - [12/Sep/2026:09:36:22 -0300] "GET /portfolios/shell.php HTTP/1.1" 404 615 "-" "Mozilla/5.0 (Macintosh; Intel Mac OS X 10.15; rv:109.0) Gecko/20100101 Firefox/121.0"
154.19.38.93 - - [12/Sep/2026:09:36:23 -0300] "GET /portfolios/cmd.php HTTP/1.1" 404 615 "-" "Mozilla/5.0 (Macintosh; Intel Mac OS X 10.15; rv:109.0) Gecko/20100101 Firefox/121.0"
154.19.38.93 - - [12/Sep/2026:09:36:23 -0300] "GET /portfolios/wso.php HTTP/1.1" 403 1154 "-" "Mozilla/5.0 (Macintosh; Intel Mac OS X 10.15; rv:109.0) Gecko/20100101 Firefox/121.0"
154.19.38.93 - - [12/Sep/2026:09:36:24 -0300] "GET /portfolios/c99.php/tmp/dr.php HTTP/1.1" 404 615 "-" "Mozilla/5.0 (Macintosh; Intel Mac OS X 10.15; rv:109.0) Gecko/20100101 Firefox/121.0"
154.19.38.93 - - [12/Sep/2026:09:36:24 -0300] "GET /portfolios/dr.php HTTP/1.1" 404 615 "-" "Mozilla/5.0 (Macintosh; Intel Mac OS X 10.15; rv:109.0) Gecko/20100101 Firefox/121.0"
74.7.227.144 - - [12/Sep/2026:09:36:29 -0300] "GET /files/banners/9ec474cfaca90c93faef7764f6885284.php?a=view&p=%2Flib64%2Fpython3.6%2F_osx_support.py HTTP/1.1" 429 0 "http://siccoimper.com.br/files/banners/9ec474cfaca90c93faef7764f6885284.php?a=edit&p=%2Flib64%2Fpython3.6%2Fmacurl2path.py" "Mozilla/5.0 AppleWebKit/537.36 (KHTML, like Gecko; compatible; GPTBot/1.4; +https://openai.com/gptbot)"
74.7.241.63 - - [12/Sep/2026:09:36:41 -0300] "GET /public/files/banners/9ec474cfaca90c93faef7764f6885284.php?a=edit&p=%2Flib64%2Fpython3.8%2Fwave.py HTTP/1.1" 429 0 "http://www.siccoimper.com.br/public/files/banners/9ec474cfaca90c93faef7764f6885284.php?p=%2Flib64%2Fpython3.8" "Mozilla/5.0 AppleWebKit/537.36 (KHTML, like Gecko; compatible; GPTBot/1.4; +https://openai.com/gptbot)"
74.7.227.144 - - [12/Sep/2026:09:37:09 -0300] "GET /files/banners/9ec474cfaca90c93faef7764f6885284.php?a=edit&p=%2Flib64%2Fpython3.6%2F_threading_local.py HTTP/1.1" 429 0 "http://siccoimper.com.br/files/banners/9ec474cfaca90c93faef7764f6885284.php?a=edit&p=%2Flib64%2Fpython3.6%2Fmacurl2path.py" "Mozilla/5.0 AppleWebKit/537.36 (KHTML, like Gecko; compatible; GPTBot/1.4; +https://openai.com/gptbot)"
74.7.241.63 - - [12/Sep/2026:09:37:21 -0300] "GET /public/files/banners/9ec474cfaca90c93faef7764f6885284.php?a=edit&p=%2Flib64%2Fpython3.6%2Fglob.py HTTP/1.1" 429 0 "http://www.siccoimper.com.br/public/files/banners/9ec474cfaca90c93faef7764f6885284.php?p=%2Flib64%2Fpython3.6" "Mozilla/5.0 AppleWebKit/537.36 (KHTML, like Gecko; compatible; GPTBot/1.4; +https://openai.com/gptbot)"
74.7.227.144 - - [12/Sep/2026:09:37:29 -0300] "GET /files/banners/9ec474cfaca90c93faef7764f6885284.php?a=view&p=%2Flib64%2Fpython3.6%2Fimaplib.py HTTP/1.1" 200 53464 "http://siccoimper.com.br/files/banners/9ec474cfaca90c93faef7764f6885284.php?a=edit&p=%2Flib64%2Fpython3.6%2Fmacurl2path.py" "Mozilla/5.0 AppleWebKit/537.36 (KHTML, like Gecko; compatible; GPTBot/1.4; +https://openai.com/gptbot)"
74.7.227.180 - - [12/Sep/2026:09:37:30 -0300] "GET /public/files/banners/9ec474cfaca90c93faef7764f6885284.php?dir=desc&p=%2Flib64%2Fkrb5&sort=name HTTP/1.1" 429 0 "http://mail.siccoimper.com.br/public/files/banners/9ec474cfaca90c93faef7764f6885284.php?p=%2Flib64%2Fkrb5" "Mozilla/5.0 AppleWebKit/537.36 (KHTML, like Gecko; compatible; GPTBot/1.4; +https://openai.com/gptbot)"
74.7.227.144 - - [12/Sep/2026:09:37:49 -0300] "GET /files/banners/9ec474cfaca90c93faef7764f6885284.php?a=view&p=%2Flib64%2Fpython3.6%2Ffilecmp.py HTTP/1.1" 429 0 "http://siccoimper.com.br/files/banners/9ec474cfaca90c93faef7764f6885284.php?a=edit&p=%2Flib64%2Fpython3.6%2Fmacurl2path.py" "Mozilla/5.0 AppleWebKit/537.36 (KHTML, like Gecko; compatible; GPTBot/1.4; +https://openai.com/gptbot)"
74.7.227.144 - - [12/Sep/2026:09:36:09 -0300] "GET /files/banners/9ec474cfaca90c93faef7764f6885284.php?a=view&p=%2Flib64%2Fpython3.6%2F_dummy_thread.py HTTP/1.1" 429 0 "http://siccoimper.com.br/files/banners/9ec474cfaca90c93faef7764f6885284.php?a=edit&p=%2Flib64%2Fpython3.6%2Fmacurl2path.py" "Mozilla/5.0 AppleWebKit/537.36 (KHTML, like Gecko; compatible; GPTBot/1.4; +https://openai.com/gptbot)"
74.7.241.63 - - [12/Sep/2026:09:36:25 -0300] "GET /public/files/banners/9ec474cfaca90c93faef7764f6885284.php?a=edit&p=%2Flib64%2Fpython3.6%2Fpipes.py HTTP/1.1" 429 0 "http://www.siccoimper.com.br/public/files/banners/9ec474cfaca90c93faef7764f6885284.php?p=%2Flib64%2Fpython3.6" "Mozilla/5.0 AppleWebKit/537.36 (KHTML, like Gecko; compatible; GPTBot/1.4; +https://openai.com/gptbot)"
74.7.227.180 - - [12/Sep/2026:09:36:30 -0300] "GET /public/files/banners/9ec474cfaca90c93faef7764f6885284.php?dir=desc&p=%2Flib64%2Fbind&sort=name HTTP/1.1" 429 0 "http://mail.siccoimper.com.br/public/files/banners/9ec474cfaca90c93faef7764f6885284.php?p=%2Flib64%2Fbind" "Mozilla/5.0 AppleWebKit/537.36 (KHTML, like Gecko; compatible; GPTBot/1.4; +https://openai.com/gptbot)"
74.7.227.144 - - [12/Sep/2026:09:36:49 -0300] "GET /files/banners/9ec474cfaca90c93faef7764f6885284.php?a=edit&p=%2Flib64%2Fpython3.6%2F_pydecimal.py HTTP/1.1" 429 0 "http://siccoimper.com.br/files/banners/9ec474cfaca90c93faef7764f6885284.php?a=edit&p=%2Flib64%2Fpython3.6%2Fmacurl2path.py" "Mozilla/5.0 AppleWebKit/537.36 (KHTML, like Gecko; compatible; GPTBot/1.4; +https://openai.com/gptbot)"
74.7.227.180 - - [12/Sep/2026:09:36:50 -0300] "GET /public/files/banners/9ec474cfaca90c93faef7764f6885284.php?dir=asc&p=%2Flib64%2Fsasl2&sort=size HTTP/1.1" 429 0 "http://mail.siccoimper.com.br/public/files/banners/9ec474cfaca90c93faef7764f6885284.php?p=%2Flib64%2Fsasl2" "Mozilla/5.0 AppleWebKit/537.36 (KHTML, like Gecko; compatible; GPTBot/1.4; +https://openai.com/gptbot)"
74.7.241.63 - - [12/Sep/2026:09:37:01 -0300] "GET /public/files/banners/9ec474cfaca90c93faef7764f6885284.php?a=edit&p=%2Flib64%2Fpython3.8%2Fxdrlib.py HTTP/1.1" 429 0 "http://www.siccoimper.com.br/public/files/banners/9ec474cfaca90c93faef7764f6885284.php?p=%2Flib64%2Fpython3.8" "Mozilla/5.0 AppleWebKit/537.36 (KHTML, like Gecko; compatible; GPTBot/1.4; +https://openai.com/gptbot)"
74.7.227.180 - - [12/Sep/2026:09:37:10 -0300] "GET /public/files/banners/9ec474cfaca90c93faef7764f6885284.php?dir=asc&p=%2Flib64%2Fpdns&sort=mtime HTTP/1.1" 429 0 "http://mail.siccoimper.com.br/public/files/banners/9ec474cfaca90c93faef7764f6885284.php?p=%2Flib64%2Fpdns" "Mozilla/5.0 AppleWebKit/537.36 (KHTML, like Gecko; compatible; GPTBot/1.4; +https://openai.com/gptbot)"
74.7.241.63 - - [12/Sep/2026:09:37:41 -0300] "GET /public/files/banners/9ec474cfaca90c93faef7764f6885284.php?a=edit&p=%2Flib64%2Fpython3.6%2Fgetopt.py HTTP/1.1" 429 0 "http://www.siccoimper.com.br/public/files/banners/9ec474cfaca90c93faef7764f6885284.php?p=%2Flib64%2Fpython3.6" "Mozilla/5.0 AppleWebKit/537.36 (KHTML, like Gecko; compatible; GPTBot/1.4; +https://openai.com/gptbot)"
74.7.227.144 - - [12/Sep/2026:09:38:05 -0300] "GET /files/banners/9ec474cfaca90c93faef7764f6885284.php?a=view&p=%2Flib64%2Fpython3.6%2Fcopyreg.py HTTP/1.1" 429 0 "http://siccoimper.com.br/files/banners/9ec474cfaca90c93faef7764f6885284.php?p=%2Flib64%2Fpython3.6" "Mozilla/5.0 AppleWebKit/537.36 (KHTML, like Gecko; compatible; GPTBot/1.4; +https://openai.com/gptbot)"
74.7.227.180 - - [12/Sep/2026:09:38:10 -0300] "GET /public/files/banners/9ec474cfaca90c93faef7764f6885284.php?dir=desc&p=%2Flib64%2Fgawk&sort=name HTTP/1.1" 429 0 "http://mail.siccoimper.com.br/public/files/banners/9ec474cfaca90c93faef7764f6885284.php?p=%2Flib64%2Fgawk" "Mozilla/5.0 AppleWebKit/537.36 (KHTML, like Gecko; compatible; GPTBot/1.4; +https://openai.com/gptbot)"
74.7.227.180 - - [12/Sep/2026:09:37:50 -0300] "GET /public/files/banners/9ec474cfaca90c93faef7764f6885284.php?dir=asc&p=%2Flib64%2Fcmake&sort=size HTTP/1.1" 429 0 "http://mail.siccoimper.com.br/public/files/banners/9ec474cfaca90c93faef7764f6885284.php?p=%2Flib64%2Fcmake" "Mozilla/5.0 AppleWebKit/537.36 (KHTML, like Gecko; compatible; GPTBot/1.4; +https://openai.com/gptbot)"
74.7.241.63 - - [12/Sep/2026:09:38:01 -0300] "GET /public/files/banners/9ec474cfaca90c93faef7764f6885284.php?a=edit&p=%2Flib64%2Fpython2.7%2Fbisect.py HTTP/1.1" 429 0 "http://www.siccoimper.com.br/public/files/banners/9ec474cfaca90c93faef7764f6885284.php?p=%2Flib64%2Fpython2.7" "Mozilla/5.0 AppleWebKit/537.36 (KHTML, like Gecko; compatible; GPTBot/1.4; +https://openai.com/gptbot)"
74.7.241.63 - - [12/Sep/2026:09:38:21 -0300] "GET /public/files/banners/9ec474cfaca90c93faef7764f6885284.php?a=edit&p=%2Flib64%2Fpython3.8%2Fsymbol.py HTTP/1.1" 429 0 "http://www.siccoimper.com.br/public/files/banners/9ec474cfaca90c93faef7764f6885284.php?p=%2Flib64%2Fpython3.8" "Mozilla/5.0 AppleWebKit/537.36 (KHTML, like Gecko; compatible; GPTBot/1.4; +https://openai.com/gptbot)"
74.7.227.144 - - [12/Sep/2026:09:38:25 -0300] "GET /files/banners/9ec474cfaca90c93faef7764f6885284.php?a=view&p=%2Flib64%2Fpython3.6%2Fpathlib.py HTTP/1.1" 429 0 "http://siccoimper.com.br/files/banners/9ec474cfaca90c93faef7764f6885284.php?a=edit&p=%2Flib64%2Fpython3.6%2Fmacurl2path.py" "Mozilla/5.0 AppleWebKit/537.36 (KHTML, like Gecko; compatible; GPTBot/1.4; +https://openai.com/gptbot)"
74.7.227.180 - - [12/Sep/2026:09:38:30 -0300] "GET /public/files/banners/9ec474cfaca90c93faef7764f6885284.php?dir=desc&p=%2Flib64%2Fsse2&sort=name HTTP/1.1" 429 0 "http://mail.siccoimper.com.br/public/files/banners/9ec474cfaca90c93faef7764f6885284.php?p=%2Flib64%2Fsse2" "Mozilla/5.0 AppleWebKit/537.36 (KHTML, like Gecko; compatible; GPTBot/1.4; +https://openai.com/gptbot)"
74.7.241.63 - - [12/Sep/2026:09:38:41 -0300] "GET /public/files/banners/9ec474cfaca90c93faef7764f6885284.php?a=edit&p=%2Flib64%2Fpython2.7%2Fcodecs.py HTTP/1.1" 429 0 "http://www.siccoimper.com.br/public/files/banners/9ec474cfaca90c93faef7764f6885284.php?p=%2Flib64%2Fpython2.7" "Mozilla/5.0 AppleWebKit/537.36 (KHTML, like Gecko; compatible; GPTBot/1.4; +https://openai.com/gptbot)"
74.7.227.144 - - [12/Sep/2026:09:39:05 -0300] "GET /files/banners/9ec474cfaca90c93faef7764f6885284.php?a=view&p=%2Flib64%2Fpython3.6%2Fhashlib.py HTTP/1.1" 200 8799 "http://siccoimper.com.br/files/banners/9ec474cfaca90c93faef7764f6885284.php?p=%2Flib64%2Fpython3.6" "Mozilla/5.0 AppleWebKit/537.36 (KHTML, like Gecko; compatible; GPTBot/1.4; +https://openai.com/gptbot)"
74.7.227.180 - - [12/Sep/2026:09:39:26 -0300] "GET /public/files/banners/9ec474cfaca90c93faef7764f6885284.php?a=view&p=%2Flib64%2Fperl5%2FCORE%2Fuudmap.h HTTP/1.1" 429 0 "http://mail.siccoimper.com.br/public/files/banners/9ec474cfaca90c93faef7764f6885284.php?dir=asc&p=%2Flib64%2Fperl5%2FCORE&sort=mtime" "Mozilla/5.0 AppleWebKit/537.36 (KHTML, like Gecko; compatible; GPTBot/1.4; +https://openai.com/gptbot)"
74.7.241.63 - - [12/Sep/2026:09:39:37 -0300] "GET /public/files/banners/9ec474cfaca90c93faef7764f6885284.php?a=edit&p=%2Flib64%2Fpython2.7%2Ffunctools.py HTTP/1.1" 429 0 "http://www.siccoimper.com.br/public/files/banners/9ec474cfaca90c93faef7764f6885284.php?a=edit&p=%2Flib64%2Fpython2.7%2Fbinhex.py" "Mozilla/5.0 AppleWebKit/537.36 (KHTML, like Gecko; compatible; GPTBot/1.4; +https://openai.com/gptbot)"
74.7.227.144 - - [12/Sep/2026:09:39:41 -0300] "GET /files/banners/9ec474cfaca90c93faef7764f6885284.php?a=view&p=%2Flib64%2Fpython3.6%2Fweakref.py HTTP/1.1" 429 0 "http://siccoimper.com.br/files/banners/9ec474cfaca90c93faef7764f6885284.php?a=edit&p=%2Flib64%2Fpython3.6%2Fmacurl2path.py" "Mozilla/5.0 AppleWebKit/537.36 (KHTML, like Gecko; compatible; GPTBot/1.4; +https://openai.com/gptbot)"
74.7.227.180 - - [12/Sep/2026:09:39:46 -0300] "GET /public/files/banners/9ec474cfaca90c93faef7764f6885284.php?a=view&p=%2Flib64%2Fperl5%2FCORE%2FXSUB.h HTTP/1.1" 429 0 "http://mail.siccoimper.com.br/public/files/banners/9ec474cfaca90c93faef7764f6885284.php?dir=asc&p=%2Flib64%2Fperl5%2FCORE&sort=mtime" "Mozilla/5.0 AppleWebKit/537.36 (KHTML, like Gecko; compatible; GPTBot/1.4; +https://openai.com/gptbot)"
74.7.241.63 - - [12/Sep/2026:09:39:57 -0300] "GET /public/files/banners/9ec474cfaca90c93faef7764f6885284.php?a=view&p=%2Flib64%2Fpython2.7%2FUserString.pyc HTTP/1.1" 429 0 "http://www.siccoimper.com.br/public/files/banners/9ec474cfaca90c93faef7764f6885284.php?a=edit&p=%2Flib64%2Fpython2.7%2Fbinhex.py" "Mozilla/5.0 AppleWebKit/537.36 (KHTML, like Gecko; compatible; GPTBot/1.4; +https://openai.com/gptbot)"
74.7.227.144 - - [12/Sep/2026:09:40:01 -0300] "GET /files/banners/9ec474cfaca90c93faef7764f6885284.php?a=view&p=%2Flib64%2Fpython3.6%2Fdifflib.py HTTP/1.1" 429 0 "http://siccoimper.com.br/files/banners/9ec474cfaca90c93faef7764f6885284.php?p=%2Flib64%2Fpython3.6" "Mozilla/5.0 AppleWebKit/537.36 (KHTML, like Gecko; compatible; GPTBot/1.4; +https://openai.com/gptbot)"
74.7.241.63 - - [12/Sep/2026:09:40:17 -0300] "GET /public/files/banners/9ec474cfaca90c93faef7764f6885284.php?a=view&p=%2Flib64%2Fpython2.7%2FMimeWriter.pyc HTTP/1.1" 429 0 "http://www.siccoimper.com.br/public/files/banners/9ec474cfaca90c93faef7764f6885284.php?a=edit&p=%2Flib64%2Fpython2.7%2Fbinhex.py" "Mozilla/5.0 AppleWebKit/537.36 (KHTML, like Gecko; compatible; GPTBot/1.4; +https://openai.com/gptbot)"
74.7.227.144 - - [12/Sep/2026:09:40:21 -0300] "GET /files/banners/9ec474cfaca90c93faef7764f6885284.php?a=view&p=%2Flib64%2Fpython3.6%2Ftarfile.py HTTP/1.1" 429 0 "http://siccoimper.com.br/files/banners/9ec474cfaca90c93faef7764f6885284.php?p=%2Flib64%2Fpython3.6" "Mozilla/5.0 AppleWebKit/537.36 (KHTML, like Gecko; compatible; GPTBot/1.4; +https://openai.com/gptbot)"
74.7.227.144 - - [12/Sep/2026:09:40:41 -0300] "GET /files/banners/9ec474cfaca90c93faef7764f6885284.php?a=view&p=%2Flib64%2Fpython3.6%2Fmailcap.py HTTP/1.1" 200 9067 "http://siccoimper.com.br/files/banners/9ec474cfaca90c93faef7764f6885284.php?p=%2Flib64%2Fpython3.6" "Mozilla/5.0 AppleWebKit/537.36 (KHTML, like Gecko; compatible; GPTBot/1.4; +https://openai.com/gptbot)"
74.7.227.180 - - [12/Sep/2026:09:40:46 -0300] "GET /public/files/banners/9ec474cfaca90c93faef7764f6885284.php?a=view&p=%2Flib64%2Fperl5%2FCORE%2Fperliol.h HTTP/1.1" 429 0 "http://mail.siccoimper.com.br/public/files/banners/9ec474cfaca90c93faef7764f6885284.php?dir=asc&p=%2Flib64%2Fperl5%2FCORE&sort=mtime" "Mozilla/5.0 AppleWebKit/537.36 (KHTML, like Gecko; compatible; GPTBot/1.4; +https://openai.com/gptbot)"
74.7.241.63 - - [12/Sep/2026:09:40:57 -0300] "GET /public/files/banners/9ec474cfaca90c93faef7764f6885284.php?a=view&p=%2Flib64%2Fpython2.7%2Fcontextlib.pyo HTTP/1.1" 429 0 "http://www.siccoimper.com.br/public/files/banners/9ec474cfaca90c93faef7764f6885284.php?a=edit&p=%2Flib64%2Fpython2.7%2Fbinhex.py" "Mozilla/5.0 AppleWebKit/537.36 (KHTML, like Gecko; compatible; GPTBot/1.4; +https://openai.com/gptbot)"
74.7.227.144 - - [12/Sep/2026:09:41:01 -0300] "GET /files/banners/9ec474cfaca90c93faef7764f6885284.php?a=view&p=%2Flib64%2Fpython3.6%2Fsecrets.py HTTP/1.1" 429 0 "http://siccoimper.com.br/files/banners/9ec474cfaca90c93faef7764f6885284.php?p=%2Flib64%2Fpython3.6" "Mozilla/5.0 AppleWebKit/537.36 (KHTML, like Gecko; compatible; GPTBot/1.4; +https://openai.com/gptbot)"
74.7.241.63 - - [12/Sep/2026:09:41:13 -0300] "GET /public/files/banners/9ec474cfaca90c93faef7764f6885284.php?a=view&p=%2Flib64%2Fpython2.7%2Fmultifile.pyo HTTP/1.1" 429 0 "http://www.siccoimper.com.br/public/files/banners/9ec474cfaca90c93faef7764f6885284.php?a=edit&p=%2Flib64%2Fpython2.7%2Fbinhex.py" "Mozilla/5.0 AppleWebKit/537.36 (KHTML, like Gecko; compatible; GPTBot/1.4; +https://openai.com/gptbot)"
74.7.227.144 - - [12/Sep/2026:09:38:45 -0300] "GET /files/banners/9ec474cfaca90c93faef7764f6885284.php?a=view&p=%2Flib64%2Fpython3.6%2Fprofile.py HTTP/1.1" 429 0 "http://siccoimper.com.br/files/banners/9ec474cfaca90c93faef7764f6885284.php?a=edit&p=%2Flib64%2Fpython3.6%2Fmacurl2path.py" "Mozilla/5.0 AppleWebKit/537.36 (KHTML, like Gecko; compatible; GPTBot/1.4; +https://openai.com/gptbot)"
74.7.227.180 - - [12/Sep/2026:09:38:50 -0300] "GET /public/files/banners/9ec474cfaca90c93faef7764f6885284.php?dir=asc&p=%2Flib64%2Fperl5&sort=size HTTP/1.1" 200 6342 "http://mail.siccoimper.com.br/public/files/banners/9ec474cfaca90c93faef7764f6885284.php?p=%2Flib64%2Fperl5" "Mozilla/5.0 AppleWebKit/537.36 (KHTML, like Gecko; compatible; GPTBot/1.4; +https://openai.com/gptbot)"
74.7.241.63 - - [12/Sep/2026:09:39:01 -0300] "GET /public/files/banners/9ec474cfaca90c93faef7764f6885284.php?a=edit&p=%2Flib64%2Fpython3.6%2Fsignal.py HTTP/1.1" 200 16286 "http://www.siccoimper.com.br/public/files/banners/9ec474cfaca90c93faef7764f6885284.php?p=%2Flib64%2Fpython3.6" "Mozilla/5.0 AppleWebKit/537.36 (KHTML, like Gecko; compatible; GPTBot/1.4; +https://openai.com/gptbot)"
74.7.227.180 - - [12/Sep/2026:09:39:10 -0300] "GET /public/files/banners/9ec474cfaca90c93faef7764f6885284.php?dir=desc&p=%2Flib64%2Fpdns&sort=name HTTP/1.1" 429 0 "http://mail.siccoimper.com.br/public/files/banners/9ec474cfaca90c93faef7764f6885284.php?p=%2Flib64%2Fpdns" "Mozilla/5.0 AppleWebKit/537.36 (KHTML, like Gecko; compatible; GPTBot/1.4; +https://openai.com/gptbot)"
74.7.241.63 - - [12/Sep/2026:09:39:21 -0300] "GET /public/files/banners/9ec474cfaca90c93faef7764f6885284.php?a=edit&p=%2Flib64%2Fpython3.6%2Fshlex.py HTTP/1.1" 429 0 "http://www.siccoimper.com.br/public/files/banners/9ec474cfaca90c93faef7764f6885284.php?p=%2Flib64%2Fpython3.6" "Mozilla/5.0 AppleWebKit/537.36 (KHTML, like Gecko; compatible; GPTBot/1.4; +https://openai.com/gptbot)"
74.7.227.144 - - [12/Sep/2026:09:39:25 -0300] "GET /files/banners/9ec474cfaca90c93faef7764f6885284.php?a=view&p=%2Flib64%2Fpython3.6%2Freprlib.py HTTP/1.1" 429 0 "http://siccoimper.com.br/files/banners/9ec474cfaca90c93faef7764f6885284.php?p=%2Flib64%2Fpython3.6" "Mozilla/5.0 AppleWebKit/537.36 (KHTML, like Gecko; compatible; GPTBot/1.4; +https://openai.com/gptbot)"
74.7.227.180 - - [12/Sep/2026:09:40:06 -0300] "GET /public/files/banners/9ec474cfaca90c93faef7764f6885284.php?a=view&p=%2Flib64%2Fperl5%2FCORE%2Fmg_raw.h HTTP/1.1" 429 0 "http://mail.siccoimper.com.br/public/files/banners/9ec474cfaca90c93faef7764f6885284.php?dir=asc&p=%2Flib64%2Fperl5%2FCORE&sort=mtime" "Mozilla/5.0 AppleWebKit/537.36 (KHTML, like Gecko; compatible; GPTBot/1.4; +https://openai.com/gptbot)"
74.7.227.180 - - [12/Sep/2026:09:40:26 -0300] "GET /public/files/banners/9ec474cfaca90c93faef7764f6885284.php?a=view&p=%2Flib64%2Fperl5%2FCORE%2Fperl.h HTTP/1.1" 429 0 "http://mail.siccoimper.com.br/public/files/banners/9ec474cfaca90c93faef7764f6885284.php?dir=asc&p=%2Flib64%2Fperl5%2FCORE&sort=mtime" "Mozilla/5.0 AppleWebKit/537.36 (KHTML, like Gecko; compatible; GPTBot/1.4; +https://openai.com/gptbot)"
74.7.241.63 - - [12/Sep/2026:09:40:37 -0300] "GET /public/files/banners/9ec474cfaca90c93faef7764f6885284.php?a=view&p=%2Flib64%2Fpython2.7%2Fmimetools.pyc HTTP/1.1" 200 8201 "http://www.siccoimper.com.br/public/files/banners/9ec474cfaca90c93faef7764f6885284.php?a=edit&p=%2Flib64%2Fpython2.7%2Fbinhex.py" "Mozilla/5.0 AppleWebKit/537.36 (KHTML, like Gecko; compatible; GPTBot/1.4; +https://openai.com/gptbot)"
74.7.227.180 - - [12/Sep/2026:09:41:06 -0300] "GET /public/files/banners/9ec474cfaca90c93faef7764f6885284.php?dir=asc&p=%2Flib64%2Fperl5%2FCORE&sort=size HTTP/1.1" 429 0 "http://mail.siccoimper.com.br/public/files/banners/9ec474cfaca90c93faef7764f6885284.php?dir=asc&p=%2Flib64%2Fperl5%2FCORE&sort=mtime" "Mozilla/5.0 AppleWebKit/537.36 (KHTML, like Gecko; compatible; GPTBot/1.4; +https://openai.com/gptbot)"
74.7.227.144 - - [12/Sep/2026:09:41:17 -0300] "GET /files/banners/9ec474cfaca90c93faef7764f6885284.php?a=view&p=%2Flib64%2Fpython3.6%2Fsite-packages%2Flibxml2.py HTTP/1.1" 429 0 "http://siccoimper.com.br/files/banners/9ec474cfaca90c93faef7764f6885284.php?p=%2Flib64%2Fpython3.6%2Fsite-packages" "Mozilla/5.0 AppleWebKit/537.36 (KHTML, like Gecko; compatible; GPTBot/1.4; +https://openai.com/gptbot)"
74.7.227.180 - - [12/Sep/2026:09:41:26 -0300] "GET /public/files/banners/9ec474cfaca90c93faef7764f6885284.php?dir=asc&p=%2Flib64%2Fperl5%2FCORE&sort=name HTTP/1.1" 429 0 "http://mail.siccoimper.com.br/public/files/banners/9ec474cfaca90c93faef7764f6885284.php?dir=asc&p=%2Flib64%2Fperl5%2FCORE&sort=mtime" "Mozilla/5.0 AppleWebKit/537.36 (KHTML, like Gecko; compatible; GPTBot/1.4; +https://openai.com/gptbot)"
74.7.227.144 - - [12/Sep/2026:09:41:37 -0300] "GET /files/banners/9ec474cfaca90c93faef7764f6885284.php?a=view&p=%2Flib64%2Fpython3.6%2Fxml%2Fdom%2Fxmlbuilder.py HTTP/1.1" 429 0 "http://siccoimper.com.br/files/banners/9ec474cfaca90c93faef7764f6885284.php?p=%2Flib64%2Fpython3.6%2Fxml%2Fdom" "Mozilla/5.0 AppleWebKit/537.36 (KHTML, like Gecko; compatible; GPTBot/1.4; +https://openai.com/gptbot)"
74.7.227.180 - - [12/Sep/2026:09:42:06 -0300] "GET /public/files/banners/9ec474cfaca90c93faef7764f6885284.php?dir=asc&p=%2Flib64%2Fgconv&sort=name HTTP/1.1" 200 13298 "http://mail.siccoimper.com.br/public/files/banners/9ec474cfaca90c93faef7764f6885284.php?dir=asc&p=%2Flib64%2Fgconv&sort=mtime" "Mozilla/5.0 AppleWebKit/537.36 (KHTML, like Gecko; compatible; GPTBot/1.4; +https://openai.com/gptbot)"
74.7.241.63 - - [12/Sep/2026:09:42:13 -0300] "GET /public/files/banners/9ec474cfaca90c93faef7764f6885284.php?a=view&p=%2Flib64%2Fpython2.7%2FConfigParser.pyo HTTP/1.1" 429 0 "http://www.siccoimper.com.br/public/files/banners/9ec474cfaca90c93faef7764f6885284.php?a=edit&p=%2Flib64%2Fpython2.7%2Fbinhex.py" "Mozilla/5.0 AppleWebKit/537.36 (KHTML, like Gecko; compatible; GPTBot/1.4; +https://openai.com/gptbot)"
74.7.241.63 - - [12/Sep/2026:09:42:33 -0300] "GET /public/files/banners/9ec474cfaca90c93faef7764f6885284.php?a=edit&p=%2Flib64%2Fpython3.6%2Fcompileall.py HTTP/1.1" 429 0 "http://www.siccoimper.com.br/public/files/banners/9ec474cfaca90c93faef7764f6885284.php?a=edit&p=%2Flib64%2Fpython3.6%2Fsignal.py" "Mozilla/5.0 AppleWebKit/537.36 (KHTML, like Gecko; compatible; GPTBot/1.4; +https://openai.com/gptbot)"
74.7.241.63 - - [12/Sep/2026:09:42:53 -0300] "GET /public/files/banners/9ec474cfaca90c93faef7764f6885284.php?a=view&p=%2Flib64%2Fpython3.6%2Fcontextlib.py HTTP/1.1" 429 0 "http://www.siccoimper.com.br/public/files/banners/9ec474cfaca90c93faef7764f6885284.php?a=edit&p=%2Flib64%2Fpython3.6%2Fsignal.py" "Mozilla/5.0 AppleWebKit/537.36 (KHTML, like Gecko; compatible; GPTBot/1.4; +https://openai.com/gptbot)"
74.7.241.63 - - [12/Sep/2026:09:43:13 -0300] "GET /public/files/banners/9ec474cfaca90c93faef7764f6885284.php?a=view&p=%2Flib64%2Fpython2.7%2FConfigParser.pyc HTTP/1.1" 429 0 "http://www.siccoimper.com.br/public/files/banners/9ec474cfaca90c93faef7764f6885284.php?a=edit&p=%2Flib64%2Fpython2.7%2Fbinhex.py" "Mozilla/5.0 AppleWebKit/537.36 (KHTML, like Gecko; compatible; GPTBot/1.4; +https://openai.com/gptbot)"
74.7.227.180 - - [12/Sep/2026:09:43:22 -0300] "GET /public/files/banners/9ec474cfaca90c93faef7764f6885284.php?a=edit&p=%2Flib64%2Fperl5%2Fsyscall.ph HTTP/1.1" 429 0 "http://mail.siccoimper.com.br/public/files/banners/9ec474cfaca90c93faef7764f6885284.php?dir=asc&p=%2Flib64%2Fperl5&sort=size" "Mozilla/5.0 AppleWebKit/537.36 (KHTML, like Gecko; compatible; GPTBot/1.4; +https://openai.com/gptbot)"
74.7.241.63 - - [12/Sep/2026:09:43:33 -0300] "GET /public/files/banners/9ec474cfaca90c93faef7764f6885284.php?a=view&p=%2Flib64%2Fpython2.7%2Fthreading.pyc HTTP/1.1" 200 42726 "http://www.siccoimper.com.br/public/files/banners/9ec474cfaca90c93faef7764f6885284.php?a=edit&p=%2Flib64%2Fpython2.7%2Fbinhex.py" "Mozilla/5.0 AppleWebKit/537.36 (KHTML, like Gecko; compatible; GPTBot/1.4; +https://openai.com/gptbot)"
74.7.241.63 - - [12/Sep/2026:09:41:33 -0300] "GET /public/files/banners/9ec474cfaca90c93faef7764f6885284.php?a=view&p=%2Flib64%2Fpython2.7%2FConfigParser.py HTTP/1.1" 429 0 "http://www.siccoimper.com.br/public/files/banners/9ec474cfaca90c93faef7764f6885284.php?a=edit&p=%2Flib64%2Fpython2.7%2Fbinhex.py" "Mozilla/5.0 AppleWebKit/537.36 (KHTML, like Gecko; compatible; GPTBot/1.4; +https://openai.com/gptbot)"
74.7.227.180 - - [12/Sep/2026:09:41:46 -0300] "GET /public/files/banners/9ec474cfaca90c93faef7764f6885284.php?dir=asc&p=%2Flib64%2Fgawk&sort=mtime HTTP/1.1" 429 0 "http://mail.siccoimper.com.br/public/files/banners/9ec474cfaca90c93faef7764f6885284.php?p=%2Flib64%2Fgawk" "Mozilla/5.0 AppleWebKit/537.36 (KHTML, like Gecko; compatible; GPTBot/1.4; +https://openai.com/gptbot)"
74.7.241.63 - - [12/Sep/2026:09:41:53 -0300] "GET /public/files/banners/9ec474cfaca90c93faef7764f6885284.php?a=view&p=%2Flib64%2Fpython2.7%2FSocketServer.pyo HTTP/1.1" 429 0 "http://www.siccoimper.com.br/public/files/banners/9ec474cfaca90c93faef7764f6885284.php?a=edit&p=%2Flib64%2Fpython2.7%2Fbinhex.py" "Mozilla/5.0 AppleWebKit/537.36 (KHTML, like Gecko; compatible; GPTBot/1.4; +https://openai.com/gptbot)"
74.7.227.144 - - [12/Sep/2026:09:41:57 -0300] "GET /files/banners/9ec474cfaca90c93faef7764f6885284.php?a=edit&p=%2Flib64%2Fpython3.6%2Fxml%2Fsax%2Fsaxutils.py HTTP/1.1" 429 0 "http://siccoimper.com.br/files/banners/9ec474cfaca90c93faef7764f6885284.php?p=%2Flib64%2Fpython3.6%2Fxml%2Fsax" "Mozilla/5.0 AppleWebKit/537.36 (KHTML, like Gecko; compatible; GPTBot/1.4; +https://openai.com/gptbot)"
74.7.227.144 - - [12/Sep/2026:09:42:17 -0300] "GET /files/banners/9ec474cfaca90c93faef7764f6885284.php?a=download&p=%2Flib64%2Fpython3.6%2Fsite-packages%2Fpygtkcompat%2Fgenerictreemodel.py HTTP/1.1" 429 0 "http://siccoimper.com.br/files/banners/9ec474cfaca90c93faef7764f6885284.php?p=%2Flib64%2Fpython3.6%2Fsite-packages%2Fpygtkcompat" "Mozilla/5.0 AppleWebKit/537.36 (KHTML, like Gecko; compatible; GPTBot/1.4; +https://openai.com/gptbot)"
74.7.227.180 - - [12/Sep/2026:09:42:26 -0300] "GET /public/files/banners/9ec474cfaca90c93faef7764f6885284.php?a=view&p=%2Flib64%2Fperl5%2Fendian.ph HTTP/1.1" 429 0 "http://mail.siccoimper.com.br/public/files/banners/9ec474cfaca90c93faef7764f6885284.php?dir=asc&p=%2Flib64%2Fperl5&sort=size" "Mozilla/5.0 AppleWebKit/537.36 (KHTML, like Gecko; compatible; GPTBot/1.4; +https://openai.com/gptbot)"
74.7.227.144 - - [12/Sep/2026:09:42:37 -0300] "GET /files/banners/9ec474cfaca90c93faef7764f6885284.php?a=edit&p=%2Flib64%2Fpython3.6%2Fsite-packages%2Fsystemd_python-234-py3.6.egg-info HTTP/1.1" 429 0 "http://siccoimper.com.br/files/banners/9ec474cfaca90c93faef7764f6885284.php?p=%2Flib64%2Fpython3.6%2Fsite-packages" "Mozilla/5.0 AppleWebKit/537.36 (KHTML, like Gecko; compatible; GPTBot/1.4; +https://openai.com/gptbot)"
74.7.227.180 - - [12/Sep/2026:09:42:42 -0300] "GET /public/files/banners/9ec474cfaca90c93faef7764f6885284.php?a=view&p=%2Flib64%2Fperl5%2FFcntl.pm HTTP/1.1" 429 0 "http://mail.siccoimper.com.br/public/files/banners/9ec474cfaca90c93faef7764f6885284.php?dir=asc&p=%2Flib64%2Fperl5&sort=size" "Mozilla/5.0 AppleWebKit/537.36 (KHTML, like Gecko; compatible; GPTBot/1.4; +https://openai.com/gptbot)"
74.7.227.180 - - [12/Sep/2026:09:43:02 -0300] "GET /public/files/banners/9ec474cfaca90c93faef7764f6885284.php?a=view&p=%2Flib64%2Fperl5%2FIO.pm HTTP/1.1" 429 0 "http://mail.siccoimper.com.br/public/files/banners/9ec474cfaca90c93faef7764f6885284.php?dir=asc&p=%2Flib64%2Fperl5&sort=size" "Mozilla/5.0 AppleWebKit/537.36 (KHTML, like Gecko; compatible; GPTBot/1.4; +https://openai.com/gptbot)"
74.7.241.63 - - [12/Sep/2026:09:43:53 -0300] "GET /public/files/banners/9ec474cfaca90c93faef7764f6885284.php?a=view&p=%2Flib64%2Fpython2.7%2FMimeWriter.pyo HTTP/1.1" 429 0 "http://www.siccoimper.com.br/public/files/banners/9ec474cfaca90c93faef7764f6885284.php?a=edit&p=%2Flib64%2Fpython2.7%2Fbinhex.py" "Mozilla/5.0 AppleWebKit/537.36 (KHTML, like Gecko; compatible; GPTBot/1.4; +https://openai.com/gptbot)"
74.7.227.180 - - [12/Sep/2026:09:43:42 -0300] "GET /public/files/banners/9ec474cfaca90c93faef7764f6885284.php?a=edit&p=%2Flib64%2Fperl5%2FOpcode.pm HTTP/1.1" 429 0 "http://mail.siccoimper.com.br/public/files/banners/9ec474cfaca90c93faef7764f6885284.php?dir=asc&p=%2Flib64%2Fperl5&sort=size" "Mozilla/5.0 AppleWebKit/537.36 (KHTML, like Gecko; compatible; GPTBot/1.4; +https://openai.com/gptbot)"
74.7.241.63 - - [12/Sep/2026:09:44:09 -0300] "GET /public/files/banners/9ec474cfaca90c93faef7764f6885284.php?a=view&p=%2Flib64%2Fpython2.7%2Fformatter.pyc HTTP/1.1" 429 0 "http://www.siccoimper.com.br/public/files/banners/9ec474cfaca90c93faef7764f6885284.php?a=edit&p=%2Flib64%2Fpython2.7%2Fbinhex.py" "Mozilla/5.0 AppleWebKit/537.36 (KHTML, like Gecko; compatible; GPTBot/1.4; +https://openai.com/gptbot)"
74.7.241.63 - - [12/Sep/2026:09:44:29 -0300] "GET /public/files/banners/9ec474cfaca90c93faef7764f6885284.php?a=view&p=%2Flib64%2Fpython2.7%2FSocketServer.py HTTP/1.1" 429 0 "http://www.siccoimper.com.br/public/files/banners/9ec474cfaca90c93faef7764f6885284.php?a=edit&p=%2Flib64%2Fpython2.7%2Fbinhex.py" "Mozilla/5.0 AppleWebKit/537.36 (KHTML, like Gecko; compatible; GPTBot/1.4; +https://openai.com/gptbot)"
74.7.227.180 - - [12/Sep/2026:09:44:42 -0300] "GET /public/files/banners/9ec474cfaca90c93faef7764f6885284.php?a=view&p=%2Flib64%2Fperl5%2Fsyslimits.ph HTTP/1.1" 429 0 "http://mail.siccoimper.com.br/public/files/banners/9ec474cfaca90c93faef7764f6885284.php?dir=asc&p=%2Flib64%2Fperl5&sort=size" "Mozilla/5.0 AppleWebKit/537.36 (KHTML, like Gecko; compatible; GPTBot/1.4; +https://openai.com/gptbot)"
74.7.241.63 - - [12/Sep/2026:09:44:49 -0300] "GET /public/files/banners/9ec474cfaca90c93faef7764f6885284.php?a=view&p=%2Flib64%2Fpython2.7%2Fcontextlib.py HTTP/1.1" 429 0 "http://www.siccoimper.com.br/public/files/banners/9ec474cfaca90c93faef7764f6885284.php?a=edit&p=%2Flib64%2Fpython2.7%2Fbinhex.py" "Mozilla/5.0 AppleWebKit/537.36 (KHTML, like Gecko; compatible; GPTBot/1.4; +https://openai.com/gptbot)"
74.7.227.180 - - [12/Sep/2026:09:45:02 -0300] "GET /public/files/banners/9ec474cfaca90c93faef7764f6885284.php?dir=desc&p=%2Flib64%2Fperl5&sort=size HTTP/1.1" 429 0 "http://mail.siccoimper.com.br/public/files/banners/9ec474cfaca90c93faef7764f6885284.php?dir=asc&p=%2Flib64%2Fperl5&sort=size" "Mozilla/5.0 AppleWebKit/537.36 (KHTML, like Gecko; compatible; GPTBot/1.4; +https://openai.com/gptbot)"
74.7.227.180 - - [12/Sep/2026:09:44:02 -0300] "GET /public/files/banners/9ec474cfaca90c93faef7764f6885284.php?a=edit&p=%2Flib64%2Fperl5%2FErrno.pm HTTP/1.1" 429 0 "http://mail.siccoimper.com.br/public/files/banners/9ec474cfaca90c93faef7764f6885284.php?dir=asc&p=%2Flib64%2Fperl5&sort=size" "Mozilla/5.0 AppleWebKit/537.36 (KHTML, like Gecko; compatible; GPTBot/1.4; +https://openai.com/gptbot)"
74.7.227.180 - - [12/Sep/2026:09:44:22 -0300] "GET /public/files/banners/9ec474cfaca90c93faef7764f6885284.php?a=edit&p=%2Flib64%2Fperl5%2F_h2ph_pre.ph HTTP/1.1" 429 0 "http://mail.siccoimper.com.br/public/files/banners/9ec474cfaca90c93faef7764f6885284.php?dir=asc&p=%2Flib64%2Fperl5&sort=size" "Mozilla/5.0 AppleWebKit/537.36 (KHTML, like Gecko; compatible; GPTBot/1.4; +https://openai.com/gptbot)"
74.7.241.63 - - [12/Sep/2026:09:45:09 -0300] "GET /public/files/banners/9ec474cfaca90c93faef7764f6885284.php?a=view&p=%2Flib64%2Fpython2.7%2FMimeWriter.py HTTP/1.1" 429 0 "http://www.siccoimper.com.br/public/files/banners/9ec474cfaca90c93faef7764f6885284.php?a=edit&p=%2Flib64%2Fpython2.7%2Fbinhex.py" "Mozilla/5.0 AppleWebKit/537.36 (KHTML, like Gecko; compatible; GPTBot/1.4; +https://openai.com/gptbot)"
74.7.227.144 - - [12/Sep/2026:09:45:17 -0300] "GET /files/banners/9ec474cfaca90c93faef7764f6885284.php?a=download&p=%2Flib64%2Flibnftables.so.1.1.0 HTTP/1.1" 429 0 "http://siccoimper.com.br/files/banners/9ec474cfaca90c93faef7764f6885284.php?a=edit&p=%2Flib64%2F.libcrypto.so.1.1.1k.hmac" "Mozilla/5.0 AppleWebKit/537.36 (KHTML, like Gecko; compatible; GPTBot/1.4; +https://openai.com/gptbot)"
74.7.241.63 - - [12/Sep/2026:09:45:49 -0300] "GET /public/files/banners/9ec474cfaca90c93faef7764f6885284.php?a=view&p=%2Flib64%2Fpython2.7%2Fmimetypes.pyo HTTP/1.1" 200 18489 "http://www.siccoimper.com.br/public/files/banners/9ec474cfaca90c93faef7764f6885284.php?a=edit&p=%2Flib64%2Fpython2.7%2Fbinhex.py" "Mozilla/5.0 AppleWebKit/537.36 (KHTML, like Gecko; compatible; GPTBot/1.4; +https://openai.com/gptbot)"
74.7.241.63 - - [12/Sep/2026:09:46:05 -0300] "GET /public/files/banners/9ec474cfaca90c93faef7764f6885284.php?a=view&p=%2Flib64%2Fpython2.7%2Fxmlrpclib.py HTTP/1.1" 200 52136 "http://www.siccoimper.com.br/public/files/banners/9ec474cfaca90c93faef7764f6885284.php?a=edit&p=%2Flib64%2Fpython2.7%2Fbinhex.py" "Mozilla/5.0 AppleWebKit/537.36 (KHTML, like Gecko; compatible; GPTBot/1.4; +https://openai.com/gptbot)"
74.7.227.180 - - [12/Sep/2026:09:46:11 -0300] "GET /public/files/banners/9ec474cfaca90c93faef7764f6885284.php?dir=asc&p=%2Flib64%2Fkrb5&sort=mtime HTTP/1.1" 200 3125 "http://mail.siccoimper.com.br/public/files/banners/9ec474cfaca90c93faef7764f6885284.php?p=%2Flib64%2Fkrb5" "Mozilla/5.0 AppleWebKit/537.36 (KHTML, like Gecko; compatible; GPTBot/1.4; +https://openai.com/gptbot)"
74.7.227.180 - - [12/Sep/2026:09:46:21 -0300] "GET /public/files/banners/9ec474cfaca90c93faef7764f6885284.php?dir=asc&p=%2Flib64%2Fsse2&sort=mtime HTTP/1.1" 200 2891 "http://mail.siccoimper.com.br/public/files/banners/9ec474cfaca90c93faef7764f6885284.php?p=%2Flib64%2Fsse2" "Mozilla/5.0 AppleWebKit/537.36 (KHTML, like Gecko; compatible; GPTBot/1.4; +https://openai.com/gptbot)"
74.7.227.144 - - [12/Sep/2026:09:46:22 -0300] "GET /files/banners/9ec474cfaca90c93faef7764f6885284.php?a=view&p=%2Flib64%2Fpython3.6%2Fsite-packages%2Fdmidecodemod.cpython-36m-x86_64-linux-gnu.so HTTP/1.1" 200 223480 "http://siccoimper.com.br/files/banners/9ec474cfaca90c93faef7764f6885284.php?p=%2Flib64%2Fpython3.6%2Fsite-packages" "Mozilla/5.0 AppleWebKit/537.36 (KHTML, like Gecko; compatible; GPTBot/1.4; +https://openai.com/gptbot)"
74.7.227.180 - - [12/Sep/2026:09:46:29 -0300] "GET /public/files/banners/9ec474cfaca90c93faef7764f6885284.php?dir=asc&p=%2Flib64%2Faudit&sort=size HTTP/1.1" 200 3216 "http://mail.siccoimper.com.br/public/files/banners/9ec474cfaca90c93faef7764f6885284.php?p=%2Flib64%2Faudit" "Mozilla/5.0 AppleWebKit/537.36 (KHTML, like Gecko; compatible; GPTBot/1.4; +https://openai.com/gptbot)"
74.7.227.144 - - [12/Sep/2026:09:46:32 -0300] "GET /files/banners/9ec474cfaca90c93faef7764f6885284.php?a=view&p=%2Flib64%2Flibaspell.so.15.1.5 HTTP/1.1" 200 729088 "http://siccoimper.com.br/files/banners/9ec474cfaca90c93faef7764f6885284.php?a=edit&p=%2Flib64%2F.libcrypto.so.1.1.1k.hmac" "Mozilla/5.0 AppleWebKit/537.36 (KHTML, like Gecko; compatible; GPTBot/1.4; +https://openai.com/gptbot)"
74.7.227.180 - - [12/Sep/2026:09:46:35 -0300] "GET /public/files/banners/9ec474cfaca90c93faef7764f6885284.php?dir=asc&p=%2Flib64%2Fbind&sort=mtime HTTP/1.1" 200 2890 "http://mail.siccoimper.com.br/public/files/banners/9ec474cfaca90c93faef7764f6885284.php?p=%2Flib64%2Fbind" "Mozilla/5.0 AppleWebKit/537.36 (KHTML, like Gecko; compatible; GPTBot/1.4; +https://openai.com/gptbot)"
74.7.227.144 - - [12/Sep/2026:09:46:40 -0300] "GET /files/banners/9ec474cfaca90c93faef7764f6885284.php?a=download&p=%2Flib64%2Fpython3.6%2Fsite-packages%2Fllfuse.cpython-36m-x86_64-linux-gnu.so HTTP/1.1" 200 693624 "http://siccoimper.com.br/files/banners/9ec474cfaca90c93faef7764f6885284.php?p=%2Flib64%2Fpython3.6%2Fsite-packages" "Mozilla/5.0 AppleWebKit/537.36 (KHTML, like Gecko; compatible; GPTBot/1.4; +https://openai.com/gptbot)"
74.7.227.180 - - [12/Sep/2026:09:46:41 -0300] "GET /public/files/banners/9ec474cfaca90c93faef7764f6885284.php?a=view&p=%2Flib64%2Flibnl-idiag-3.so.200.26.0 HTTP/1.1" 200 42520 "http://mail.siccoimper.com.br/public/files/banners/9ec474cfaca90c93faef7764f6885284.php?p=%2Flib64" "Mozilla/5.0 AppleWebKit/537.36 (KHTML, like Gecko; compatible; GPTBot/1.4; +https://openai.com/gptbot)"
74.7.227.180 - - [12/Sep/2026:09:45:22 -0300] "GET /public/files/banners/9ec474cfaca90c93faef7764f6885284.php?dir=asc&p=%2Flib64%2Fperl5&sort=mtime HTTP/1.1" 200 6385 "http://mail.siccoimper.com.br/public/files/banners/9ec474cfaca90c93faef7764f6885284.php?dir=asc&p=%2Flib64%2Fperl5&sort=size" "Mozilla/5.0 AppleWebKit/537.36 (KHTML, like Gecko; compatible; GPTBot/1.4; +https://openai.com/gptbot)"
74.7.241.63 - - [12/Sep/2026:09:45:29 -0300] "GET /public/files/banners/9ec474cfaca90c93faef7764f6885284.php?a=view&p=%2Flib64%2Fpython2.7%2Fstringold.pyc HTTP/1.1" 200 12549 "http://www.siccoimper.com.br/public/files/banners/9ec474cfaca90c93faef7764f6885284.php?a=edit&p=%2Flib64%2Fpython2.7%2Fbinhex.py" "Mozilla/5.0 AppleWebKit/537.36 (KHTML, like Gecko; compatible; GPTBot/1.4; +https://openai.com/gptbot)"
74.7.227.180 - - [12/Sep/2026:09:45:42 -0300] "GET /public/files/banners/9ec474cfaca90c93faef7764f6885284.php?dir=asc&p=%2Flib64%2Fgroff&sort=size HTTP/1.1" 200 2893 "http://mail.siccoimper.com.br/public/files/banners/9ec474cfaca90c93faef7764f6885284.php?p=%2Flib64%2Fgroff" "Mozilla/5.0 AppleWebKit/537.36 (KHTML, like Gecko; compatible; GPTBot/1.4; +https://openai.com/gptbot)"
74.7.227.180 - - [12/Sep/2026:09:45:58 -0300] "GET /public/files/banners/9ec474cfaca90c93faef7764f6885284.php?dir=asc&p=%2Flib64%2Fperl5&sort=name HTTP/1.1" 200 6428 "http://mail.siccoimper.com.br/public/files/banners/9ec474cfaca90c93faef7764f6885284.php?dir=asc&p=%2Flib64%2Fperl5&sort=size" "Mozilla/5.0 AppleWebKit/537.36 (KHTML, like Gecko; compatible; GPTBot/1.4; +https://openai.com/gptbot)"
74.7.241.63 - - [12/Sep/2026:09:46:17 -0300] "GET /public/files/banners/9ec474cfaca90c93faef7764f6885284.php?a=view&p=%2Flib64%2Fpython2.7%2Ftextwrap.pyc HTTP/1.1" 200 12097 "http://www.siccoimper.com.br/public/files/banners/9ec474cfaca90c93faef7764f6885284.php?a=edit&p=%2Flib64%2Fpython2.7%2Fbinhex.py" "Mozilla/5.0 AppleWebKit/537.36 (KHTML, like Gecko; compatible; GPTBot/1.4; +https://openai.com/gptbot)"
74.7.241.63 - - [12/Sep/2026:09:46:27 -0300] "GET /public/files/banners/9ec474cfaca90c93faef7764f6885284.php?a=view&p=%2Flib64%2Fpython2.7%2Ftokenize.pyc HTTP/1.1" 200 14505 "http://www.siccoimper.com.br/public/files/banners/9ec474cfaca90c93faef7764f6885284.php?a=edit&p=%2Flib64%2Fpython2.7%2Fbinhex.py" "Mozilla/5.0 AppleWebKit/537.36 (KHTML, like Gecko; compatible; GPTBot/1.4; +https://openai.com/gptbot)"
74.7.241.63 - - [12/Sep/2026:09:46:36 -0300] "GET /public/files/banners/9ec474cfaca90c93faef7764f6885284.php?a=view&p=%2Flib64%2Fpython2.7%2Fplatform.pyo HTTP/1.1" 200 37971 "http://www.siccoimper.com.br/public/files/banners/9ec474cfaca90c93faef7764f6885284.php?a=edit&p=%2Flib64%2Fpython2.7%2Fbinhex.py" "Mozilla/5.0 AppleWebKit/537.36 (KHTML, like Gecko; compatible; GPTBot/1.4; +https://openai.com/gptbot)"
74.7.241.63 - - [12/Sep/2026:09:46:42 -0300] "GET /public/files/banners/9ec474cfaca90c93faef7764f6885284.php?a=view&p=%2Flib64%2Fpython2.7%2Fstringold.py HTTP/1.1" 200 12449 "http://www.siccoimper.com.br/public/files/banners/9ec474cfaca90c93faef7764f6885284.php?a=edit&p=%2Flib64%2Fpython2.7%2Fbinhex.py" "Mozilla/5.0 AppleWebKit/537.36 (KHTML, like Gecko; compatible; GPTBot/1.4; +https://openai.com/gptbot)"
74.7.241.63 - - [12/Sep/2026:09:46:47 -0300] "GET /public/files/banners/9ec474cfaca90c93faef7764f6885284.php?a=view&p=%2Flib64%2Fpython2.7%2Fsunaudio.pyc HTTP/1.1" 200 1987 "http://www.siccoimper.com.br/public/files/banners/9ec474cfaca90c93faef7764f6885284.php?a=edit&p=%2Flib64%2Fpython2.7%2Fbinhex.py" "Mozilla/5.0 AppleWebKit/537.36 (KHTML, like Gecko; compatible; GPTBot/1.4; +https://openai.com/gptbot)"
74.7.241.63 - - [12/Sep/2026:09:46:52 -0300] "GET /public/files/banners/9ec474cfaca90c93faef7764f6885284.php?a=edit&p=%2Flib64%2Fpython2.7%2F__phello__.foo.py HTTP/1.1" 200 35237 "http://www.siccoimper.com.br/public/files/banners/9ec474cfaca90c93faef7764f6885284.php?a=edit&p=%2Flib64%2Fpython2.7%2Fbinhex.py" "Mozilla/5.0 AppleWebKit/537.36 (KHTML, like Gecko; compatible; GPTBot/1.4; +https://openai.com/gptbot)"
74.7.227.180 - - [12/Sep/2026:09:46:45 -0300] "GET /public/files/banners/9ec474cfaca90c93faef7764f6885284.php?a=view&p=%2Flib64%2Flibefa.so.1.2.48.0 HTTP/1.1" 200 46176 "http://mail.siccoimper.com.br/public/files/banners/9ec474cfaca90c93faef7764f6885284.php?p=%2Flib64" "Mozilla/5.0 AppleWebKit/537.36 (KHTML, like Gecko; compatible; GPTBot/1.4; +https://openai.com/gptbot)"
74.7.227.144 - - [12/Sep/2026:09:46:47 -0300] "GET /files/banners/9ec474cfaca90c93faef7764f6885284.php?a=download&p=%2Flib64%2Fpython3.6%2Fxml%2Fetree%2FcElementTree.py HTTP/1.1" 200 82 "http://siccoimper.com.br/files/banners/9ec474cfaca90c93faef7764f6885284.php?p=%2Flib64%2Fpython3.6%2Fxml%2Fetree" "Mozilla/5.0 AppleWebKit/537.36 (KHTML, like Gecko; compatible; GPTBot/1.4; +https://openai.com/gptbot)"
74.7.227.180 - - [12/Sep/2026:09:46:48 -0300] "GET /public/files/banners/9ec474cfaca90c93faef7764f6885284.php?p=%2Flib64%2Fperl5%2Fvendor_perl%2FNet HTTP/1.1" 200 3470 "http://mail.siccoimper.com.br/public/files/banners/9ec474cfaca90c93faef7764f6885284.php?p=%2Flib64%2Fperl5%2Fvendor_perl" "Mozilla/5.0 AppleWebKit/537.36 (KHTML, like Gecko; compatible; GPTBot/1.4; +https://openai.com/gptbot)"
74.7.227.180 - - [12/Sep/2026:09:46:51 -0300] "GET /public/files/banners/9ec474cfaca90c93faef7764f6885284.php?p=%2Flib64%2Fperl5%2Fvendor_perl%2FDBD HTTP/1.1" 200 3956 "http://mail.siccoimper.com.br/public/files/banners/9ec474cfaca90c93faef7764f6885284.php?p=%2Flib64%2Fperl5%2Fvendor_perl" "Mozilla/5.0 AppleWebKit/537.36 (KHTML, like Gecko; compatible; GPTBot/1.4; +https://openai.com/gptbot)"
74.7.227.144 - - [12/Sep/2026:09:46:52 -0300] "GET /files/banners/9ec474cfaca90c93faef7764f6885284.php?a=download&p=%2Flib64%2Fpython3.6%2Femail%2Fmime%2Fnonmultipart.py HTTP/1.1" 200 691 "http://siccoimper.com.br/files/banners/9ec474cfaca90c93faef7764f6885284.php?p=%2Flib64%2Fpython3.6%2Femail%2Fmime" "Mozilla/5.0 AppleWebKit/537.36 (KHTML, like Gecko; compatible; GPTBot/1.4; +https://openai.com/gptbot)"
